000
CXUS53 KFGF 011029
CLMGFK

BISCLMGFK 000
TTAA00 KFGF 010957


CLIMATE REPORT
NATIONAL WEATHER SERVICE EASTERN NORTH DAKOTA/GRAND FORKS
429 AM CST WED MAR 1 2017

...................................

...THE GRAND FORKS CLIMATE SUMMARY FOR THE MONTH OF FEBRUARY 2017...

CLIMATE NORMAL PERIOD 1981 TO 2010
CLIMATE RECORD PERIOD 1941 TO 2017

WEATHER         OBSERVED          NORMAL  DEPART  LAST YEAR`S
                 VALUE   DATE(S)  VALUE   FROM    VALUE  DATE(S)
                                          NORMAL
................................................................
TEMPERATURE (F)
RECORD
 HIGH              67   02/22/2000
 LOW              -40   02/01/1996
HIGHEST            46   02/21        22      24       45  02/27
                        02/19
LOWEST            -12   02/08         4     -16       -9  02/13
AVG. MAXIMUM     28.2              21.9     6.3     28.9
AVG. MINIMUM     11.5               2.1     9.4     14.1
MEAN             19.9              12.0     7.9     21.5
DAYS MAX >= 90      0               0.0     0.0        0
DAYS MAX <= 32     15              20.7    -5.7       16
DAYS MIN <= 32     26              27.7    -1.7       28
DAYS MIN <= 0       6              13.1    -7.1        3

PRECIPITATION (INCHES)
RECORD
 MAXIMUM         0.91   2009
 MINIMUM         0.03   2002
TOTALS           0.40              0.52   -0.12     0.26
DAILY AVG.       0.01              0.02   -0.01     0.01
DAYS >= .01         9               6.6     2.4        7
DAYS >= .10         1               1.5    -0.5        1
DAYS >= .50         0               0.1    -0.1        0
DAYS >= 1.00        0               0.0     0.0        0
GREATEST
 24 HR. TOTAL    0.18   02/20 TO 02/20

SNOWFALL (INCHES)
RECORDS
 TOTAL           19.1   1987
TOTALS            4.7               6.6    -1.9      2.6
SINCE 7/1        38.3              37.2     1.1     25.9
SNOWDEPTH AVG.      3                 6      -3        1
DAYS >= 1.0         3               2.1     0.9        1
GREATEST
 SNOW DEPTH         6   02/07                          2  02/17
                                                          02/16
                                                          02/15
 24 HR TOTAL      1.7   MM

DEGREE_DAYS
HEATING TOTAL    1256              1484    -228     1257
 SINCE 7/1       5969              7150   -1181     5979
COOLING TOTAL       0                 0       0        0
 SINCE 1/1          0                 0       0        0
.................................................................

WIND (MPH)
AVERAGE WIND SPEED              11.5
HIGHEST WIND SPEED/DIRECTION    36/350    DATE  02/14
HIGHEST GUST SPEED/DIRECTION    41/360    DATE  02/14

SKY COVER
POSSIBLE SUNSHINE (PERCENT)   MM
AVERAGE SKY COVER           0.50
NUMBER OF DAYS FAIR           10
NUMBER OF DAYS PC             14
NUMBER OF DAYS CLOUDY          4

AVERAGE RH (PERCENT)     71

WEATHER CONDITIONS. NUMBER OF DAYS WITH
THUNDERSTORM              0     MIXED PRECIP               0
HEAVY RAIN                0     RAIN                       1
LIGHT RAIN                3     FREEZING RAIN              0
LT FREEZING RAIN          1     HAIL                       0
HEAVY SNOW                1     SNOW                       3
LIGHT SNOW                9     SLEET                      0
FOG                       5     FOG W/VIS <= 1/4 MILE      2
HAZE                     10

-  INDICATES NEGATIVE NUMBERS.
R  INDICATES RECORD WAS SET OR TIED.
MM INDICATES DATA IS MISSING.
T  INDICATES TRACE AMOUNT.

&&

FEBRUARY 2017 AT GRAND FORKS INTERNATIONAL AIRPORT WAS THE 12TH
WARMEST ON RECORD DATING BACK TO 1941. THE AVERAGE TEMPERATURE WAS
19.9 DEGREES WHICH IS 7.9F DEGREES ABOVE THE NORMAL 12.0F. MOST OF
THE WARMTH OCCURRED DURING AN EXTREMELY WARM PERIOD DURING THE
MIDDLE OF THE MONTH WHICH CAUSED A DAILY RECORD HIGH OF 46F ON THE
19TH.

WITH RESPECT TO PRECIPITATION THE 0.40 INCHES OF FEB 2017 WAS JUST
0.12 INCHES BELOW THE NORMAL 0.52 INCHES. AS FOR SNOWFALL, THE
4.7 INCHES MEASURED WAS 1.9 INCHES BELOW THE NORMAL 6.6 INCHES.

REMEMBER...THIS DATA IS PROVISIONAL AND SUBJECT TO CHANGE. THE FINAL
AND OFFICIAL RECORDS WILL BE AVAILABLE FROM THE FROM THE NATIONAL
CENTERS FOR ENVIRONMENTAL INFORMATION (FORMERLY THE NATIONAL CLIMATE
DATA CENTER).

$$
