000
CXUS54 KHGX 071920
CLMGLS

CLIMATE REPORT
NATIONAL WEATHER SERVICE HOUSTON/GALVESTON TX
1049 AM CDT SAT AUG 1 2015

...................................

...THE COLLEGE STATION CLIMATE SUMMARY FOR THE MONTH OF JULY 2015...

CLIMATE NORMAL PERIOD 1981 TO 2010
CLIMATE RECORD PERIOD 1902 TO 2015

WEATHER         OBSERVED          NORMAL  DEPART  LAST YEAR`S
                 VALUE   DATE(S)  VALUE   FROM    VALUE  DATE(S)
                                          NORMAL
................................................................
TEMPERATURE (F)
RECORD
 HIGH             110   07/11/1917
 LOW               58   07/16/1967
HIGHEST           101   07/30                         97  07/28
                                                          07/27
                                                          07/14
LOWEST             71   07/02                         69  07/20
AVG. MAXIMUM     94.7              94.8    -0.1     92.8
AVG. MINIMUM     75.5              74.6     0.9     73.6
MEAN             85.1              84.7     0.4     83.2
DAYS MAX >= 90     30              27.7     2.3       26
DAYS MAX <= 32      0               0.0     0.0        0
DAYS MIN <= 32      0               0.0     0.0        0
DAYS MIN <= 0       0               0.0     0.0        0

PRECIPITATION (INCHES)
RECORD
 MAXIMUM         9.30   1902
 MINIMUM            T   2000
                        1993
TOTALS           0.31              2.14   -1.83     6.72
DAILY AVG.       0.01              0.07   -0.06     0.22
DAYS >= .01         3               5.7    -2.7        7
DAYS >= .10         2               3.6    -1.6        4
DAYS >= .50         0               1.5    -1.5        3
DAYS >= 1.00        0               0.7    -0.7        2
GREATEST
 24 HR. TOTAL    0.32   06/30 TO 07/01

DEGREE_DAYS
HEATING TOTAL       0                 0       0        0
 SINCE 7/1          0                 0       0        0
COOLING TOTAL     630               611      19      573
 SINCE 1/1       1706              1715      -9     1587
.................................................................

WIND (MPH)
AVERAGE WIND SPEED              8.3
HIGHEST WIND SPEED/DIRECTION    38/180    DATE  07/01
HIGHEST GUST SPEED/DIRECTION    50/210    DATE  07/01

SKY COVER
AVERAGE SKY COVER           0.20

AVERAGE RH (PERCENT)     69

WEATHER CONDITIONS. NUMBER OF DAYS WITH
THUNDERSTORM              3     MIXED PRECIP               0
HEAVY RAIN                3     RAIN                       1
LIGHT RAIN                4     FREEZING RAIN              0
LT FREEZING RAIN          0     HAIL                       0
HEAVY SNOW                0     SNOW                       0
LIGHT SNOW                0     SLEET                      0
FOG                      16     FOG W/VIS <= 1/4 MILE      0
HAZE                      4

-  INDICATES NEGATIVE NUMBERS.
R  INDICATES RECORD WAS SET OR TIED.
MM INDICATES DATA IS MISSING.
T  INDICATES TRACE AMOUNT.

$$
