000
CXUS54 KHGX 011809
CLMGLS

CLIMATE REPORT
NATIONAL WEATHER SERVICE HOUSTON/GALVESTON TX
1208 AM CST SUN MAR 1 2015

...................................

...THE GALVESTON CLIMATE SUMMARY FOR THE MONTH OF FEBRUARY 2015...

CLIMATE NORMAL PERIOD 1981 TO 2010
CLIMATE RECORD PERIOD 1875 TO 2015

WEATHER         OBSERVED          NORMAL  DEPART  LAST YEAR`S
                 VALUE   DATE(S)  VALUE   FROM    VALUE  DATE(S)
                                          NORMAL
................................................................
TEMPERATURE (F)
RECORD
 HIGH              83   02/28/1932
 LOW                8   02/12/1899

HIGHEST            79   02/09        MM      MM       77  02/23
LOWEST             38   02/24        MM      MM       36  02/13
                        02/23                             02/12
                        02/17
AVG. MAXIMUM     60.9              64.3    -3.4     60.7
AVG. MINIMUM     48.1              50.9    -2.8     48.1
MEAN             54.5              57.6    -3.1     54.4

DAYS MAX >= 90      0               0.0     0.0        0
DAYS MAX <= 32      0               0.0     0.0        0
DAYS MIN <= 32      0               0.0     0.0        0
DAYS MIN <= 0       0               0.0     0.0        0

PRECIPITATION (INCHES)
RECORD
 MAXIMUM         8.34   1992
 MINIMUM         0.03   2007

TOTALS           0.70              2.57   -1.87     1.69
DAILY AVG.       0.03              0.09   -0.06     0.06

DAYS >= .01         9                MM      MM        5
DAYS >= .10         3                MM      MM        5
DAYS >= .50         0                MM      MM        0
DAYS >= 1.00        0                MM      MM        0

SNOWFALL (INCHES)
RECORDS
 TOTAL           15.4   1895
                  2.2   1960

TOTALS            0.0                MM      MM      0.0
SINCE 7/1         0.0                MM      MM        T

SNOWDEPTH AVG.      0                MM      MM        0
DAYS >= 1.0         0                MM      MM        0
GREATEST
 SNOW DEPTH         0   MM                             0  MM
 24 HR TOTAL      0.0   02/28 TO 02/28

DEGREE_DAYS
HEATING TOTAL     293               219      74      295
 SINCE 7/1       1062               888     174     1239
COOLING TOTAL       6                12      -6        7
 SINCE 1/1          6                17     -11        7
.................................................................

WIND (MPH)
AVERAGE WIND SPEED              12.3
HIGHEST WIND SPEED/DIRECTION    37/350    DATE  02/02
HIGHEST GUST SPEED/DIRECTION    44/360    DATE  02/02

SKY COVER
AVERAGE SKY COVER           0.50

AVERAGE RH (PERCENT)     80

WEATHER CONDITIONS. NUMBER OF DAYS WITH
THUNDERSTORM              0     MIXED PRECIP               0
HEAVY RAIN                0     RAIN                       1
LIGHT RAIN               14     FREEZING RAIN              0
LT FREEZING RAIN          0     HAIL                       0
HEAVY SNOW                0     SNOW                       0
LIGHT SNOW                0     SLEET                      0
FOG                      15     FOG W/VIS <= 1/4 MILE      3
HAZE                      2

-  INDICATES NEGATIVE NUMBERS.
R  INDICATES RECORD WAS SET OR TIED.
MM INDICATES DATA IS MISSING.
T  INDICATES TRACE AMOUNT.

$$
