000
CXUS54 KHGX 011755 RRA
CLMGLS

CLIMATE REPORT
NATIONAL WEATHER SERVICE HOUSTON/GALVESTON TX
1238 PM CDT TUE JUL 1 2014

...................................

...THE GALVESTON CLIMATE SUMMARY FOR THE MONTH OF JUNE 2014...

CLIMATE NORMAL PERIOD 1981 TO 2010
CLIMATE RECORD PERIOD 1875 TO 2014

WEATHER         OBSERVED          NORMAL  DEPART  LAST YEAR`S
                 VALUE   DATE(S)  VALUE   FROM    VALUE  DATE(S)
                                          NORMAL
................................................................
TEMPERATURE (F)

RECORD
 HIGH             100   06/25/2012
 LOW               57   06/14/1903
                        06/13/1903

HIGHEST            93   06/10        MM      MM       98  06/30
LOWEST             73   06/25        MM      MM       70  06/06
                                                          06/02
AVG. MAXIMUM     87.7              88.2    -0.5     89.8
AVG. MINIMUM     78.9              77.5     1.4     79.3
MEAN             83.3              82.9     0.4     84.5

DAYS MAX >= 90      4               6.6    -2.6       19
DAYS MAX <= 32      0               0.0     0.0        0
DAYS MIN <= 32      0               0.0     0.0        0
DAYS MIN <= 0       0               0.0     0.0        0

PRECIPITATION (INCHES)

RECORD
 MAXIMUM        15.49   1919
 MINIMUM            T   1907

TOTALS           1.53              5.69   -4.16     3.26
DAILY AVG.       0.05              0.19   -0.14     0.11

DAYS >= .01         7                MM      MM        6
DAYS >= .10         3                MM      MM        5
DAYS >= .50         1                MM      MM        2
DAYS >= 1.00        1                MM      MM        1

DEGREE_DAYS
HEATING TOTAL       0                 0       0        0
 SINCE 7/1       1425              1009     416      751
COOLING TOTAL     558               535      23      594
 SINCE 1/1       1066              1170    -104     1145
.................................................................

WIND (MPH)
AVERAGE WIND SPEED              13.1
HIGHEST WIND SPEED/DIRECTION    29/140    DATE  06/27
HIGHEST GUST SPEED/DIRECTION    34/150    DATE  06/27

SKY COVER
AVERAGE SKY COVER           0.40

AVERAGE RH (PERCENT)     78

WEATHER CONDITIONS. NUMBER OF DAYS WITH

THUNDERSTORM              0     MIXED PRECIP               0
HEAVY RAIN                3     RAIN                       1
LIGHT RAIN               12     FREEZING RAIN              0
LT FREEZING RAIN          0     HAIL                       0
HEAVY SNOW                0     SNOW                       0
LIGHT SNOW                0     SLEET                      0
FOG                       5     FOG W/VIS <= 1/4 MILE      0
HAZE                      5

-  INDICATES NEGATIVE NUMBERS.
R  INDICATES RECORD WAS SET OR TIED.
MM INDICATES DATA IS MISSING.
T  INDICATES TRACE AMOUNT.

$$
