000
CXUS55 KMSO 011730
CLMGPI


CLIMATE REPORT
NATIONAL WEATHER SERVICE MISSOULA, MT
1029 AM MST MON FEB 1 2016

...................................

...THE KALISPELL MT CLIMATE SUMMARY FOR THE MONTH OF JANUARY 2016...

CLIMATE NORMAL PERIOD 1981 TO 2010
CLIMATE RECORD PERIOD 1894 TO 2016

WEATHER         OBSERVED          NORMAL  DEPART  LAST YEAR`S
                 VALUE   DATE(S)  VALUE   FROM    VALUE
                                          NORMAL
.............................................................
TEMPERATURE (F)
RECORD
 HIGH              56   01/27/1934
 LOW              -38   01/31/1950
                        01/30/1950
HIGHEST            40   01/29        MM      MM       48
                        01/28
LOWEST            -12   01/02        MM      MM       -5
AVG. MAXIMUM     32.2              31.2     1.0     31.2
AVG. MINIMUM     20.8              16.4     4.4     14.4
MEAN             26.5              23.8     2.7
DAYS MAX >= 90      0               0.0     0.0        0
DAYS MAX <= 32     13              14.0    -1.0       19
DAYS MIN <= 32     30              28.9     1.1       31
DAYS MIN <= 0       2               3.8    -1.8        2

PRECIPITATION (INCHES)
RECORD
 MAXIMUM         3.40   1943
 MINIMUM         0.20   1985
TOTALS           1.48              1.33    0.15
DAILY AVG.       0.05              0.04    0.01     0.08
DAYS >= .01        18              13.7     4.3       12
DAYS >= .10         6               4.7     1.3        7
DAYS >= .50         0               0.2    -0.2        2
DAYS >= 1.00        0               0.0     0.0        0
GREATEST
 24 HR. TOTAL    0.27   01/19 TO 01/20              1.28

SNOWFALL (INCHES)
TOTALS           11.6              12.7    -1.1     30.4
SINCE 7/1        38.4              39.4    -1.0     56.9
DAYS >= TRACE      22              10.5    11.5       12
DAYS >= 1.0         5               4.5     0.5        6
GREATEST
 SNOW DEPTH        10   01/01
 24 HR TOTAL      3.0   01/14 TO 01/14              12.3

DEGREE_DAYS
HEATING TOTAL    1187              1277     -90
 SINCE 7/1       4398              4791    -393
COOLING TOTAL       0                 0       0
 SINCE 1/1          0                 0       0
..............................................................

WIND (MPH)
AVERAGE WIND SPEED              3.0
HIGHEST WIND SPEED/DIRECTION    24/240    DATE  01/29
HIGHEST GUST SPEED/DIRECTION    33/240    DATE  01/29

SKY COVER
POSSIBLE SUNSHINE (PERCENT)   MM
AVERAGE SKY COVER           0.90
NUMBER OF DAYS FAIR            0
NUMBER OF DAYS PC              5
NUMBER OF DAYS CLOUDY         26

AVERAGE RH (PERCENT)     88

WEATHER CONDITIONS. NUMBER OF DAYS WITH
THUNDERSTORM              0     MIXED PRECIP               0
HEAVY RAIN                0     RAIN                       0
LIGHT RAIN               11     FREEZING RAIN              0
LT FREEZING RAIN          2     HAIL                       0
HEAVY SNOW                2     SNOW                       6
LIGHT SNOW               22     SLEET                      0
FOG                      27     FOG W/VIS <= 1/4 MILE     11
HAZE                      4

-  INDICATES NEGATIVE NUMBERS.
R  INDICATES RECORD WAS SET OR TIED.
MM INDICATES DATA IS MISSING.
T  INDICATES TRACE AMOUNT.

$$
