000
CXGM50 PGUM 041520
CLMGUM


CLIMATE REPORT
NATIONAL WEATHER SERVICE TIYAN, GUAM
120 AM CHST TUE MAY 5 2015

...................................

...THE GUAM INTERNATIONAL AIRPORT GU CLIMATE SUMMARY FOR THE MONTH OF APRIL 2015...

CLIMATE NORMAL PERIOD 1981 TO 2010
CLIMATE RECORD PERIOD 1945 TO 2015

WEATHER         OBSERVED          NORMAL  DEPART  LAST YEAR`S
                 VALUE   DATE(S)  VALUE   FROM    VALUE  DATE(S)
                                          NORMAL
................................................................
TEMPERATURE (F)
RECORD
 HIGH              96   MM
 LOW               72   04/01/2008
                        04/05/2007
                        01/01/2000
HIGHEST            89   04/28        MM      MM       91  04/26
                                                          04/17
                                                          04/16
LOWEST             74   04/06        MM      MM       75  04/14
                                                          04/07
AVG. MAXIMUM     86.8              87.3    -0.5     88.8
AVG. MINIMUM     76.6              76.5     0.1     78.0
MEAN             81.7              81.9    -0.2     83.4
DAYS MAX >= 90      0               0.9    -0.9        9
DAYS MAX <= 32      0               0.0     0.0        0
DAYS MIN <= 32      0               0.0     0.0        0
DAYS MIN <= 0       0               0.0     0.0        0

PRECIPITATION (INCHES)
RECORD
 MAXIMUM           MM   MM
 MINIMUM           MM   MM
TOTALS           6.65              3.58    3.07     2.74
DAILY AVG.       0.22              0.12    0.10     0.09
DAYS >= .01        28              18.8     9.2       18
DAYS >= .10        19               7.9    11.1        6
DAYS >= .50         5               1.1     3.9        2
DAYS >= 1.00        0               0.6    -0.6        0
GREATEST
 24 HR. TOTAL    0.98   04/14 TO 04/15           04/15 TO 04/15
                                                          04/14 TO 04/15
                                                          04/15 TO 04/15
 STORM TOTAL       MM                                 MM
 (MM/DD(HH))            MM                    04/15(00) TO 04/15(00)
                                                 04/15(00) TO 04/15(00)5
                                                 04/15(00) TO 04/15(00)5

DEGREE_DAYS
COOLING TOTAL     508               507       1      561
 SINCE 1/1       1965              1884      81     2035

FREEZE DATES
RECORD
 EARLIEST     MM
 LATEST       MM
EARLIEST                        MM
LATEST                          MM
......................................................

WIND (MPH)
AVERAGE WIND SPEED              12.6
RESULTANT WIND SPEED/DIRECTION  12/073
HIGHEST WIND SPEED/DIRECTION    26/070    DATE  04/23
HIGHEST GUST SPEED/DIRECTION    36/070    DATE  04/23

SKY COVER
POSSIBLE SUNSHINE (PERCENT)   MM
AVERAGE SKY COVER           0.50
NUMBER OF DAYS FAIR           10
NUMBER OF DAYS PC             17
NUMBER OF DAYS CLOUDY          3

AVERAGE RH (PERCENT)     80

WEATHER CONDITIONS. NUMBER OF DAYS WITH
THUNDERSTORM              0     MIXED PRECIP               0
HEAVY RAIN                9     RAIN                      10
LIGHT RAIN               26     FREEZING RAIN              0
LT FREEZING RAIN          0     HAIL                       0
HEAVY SNOW                0     SNOW                       0
LIGHT SNOW                0     SLEET                      0
FOG                      23     FOG W/VIS <= 1/4 MILE      0
HAZE                      5

-  INDICATES NEGATIVE NUMBERS.
R  INDICATES RECORD WAS SET OR TIED.
MM INDICATES DATA IS MISSING.
T  INDICATES TRACE AMOUNT.

$$
