000
CXUS54 KAMA 011322
CLMGUY


CLIMATE REPORT
NATIONAL WEATHER SERVICE AMARILLO TX
822 AM CDT WED JUL 1 2015

...................................

...THE GUYMON CLIMATE SUMMARY FOR THE MONTH OF JUNE 2015...

CLIMATE NORMAL PERIOD 1981 TO 2010
CLIMATE RECORD PERIOD 1998 TO 2015

WEATHER         OBSERVED          NORMAL  DEPART  LAST YEAR`S
                 VALUE   DATE(S)  VALUE   FROM    VALUE  DATE(S)
                                          NORMAL
................................................................
TEMPERATURE (F)
HIGHEST            99   06/22                        103  06/30
LOWEST             59   06/30                         50  06/10
                        06/08
AVG. MAXIMUM     90.6              87.6     3.0     89.6
AVG. MINIMUM     64.2              60.5     3.7     62.8
MEAN             77.4              74.1     3.3     76.2
DAYS MAX >= 90     20              13.0     7.0       15
DAYS MAX <= 32      0               0.0     0.0        0
DAYS MIN <= 32      0               0.0     0.0        0
DAYS MIN <= 0       0               0.0     0.0        0

PRECIPITATION (INCHES)
TOTALS           1.69              2.94   -1.25     2.34
DAILY AVG.       0.06              0.10   -0.04     0.08
DAYS >= .01         5                MM      MM        8
DAYS >= .10         3                MM      MM        6
DAYS >= .50         1                MM      MM        1
DAYS >= 1.00        0                MM      MM        0
GREATEST
 24 HR. TOTAL    1.32   06/11 TO 06/12

SNOWFALL (INCHES)
TOTALS            0.0                MM      MM      0.0
SINCE 7/1        23.3                MM      MM     16.2
DAYS >= TRACE       0                MM      MM
DAYS >= 1.0         0                MM      MM        0
GREATEST
 SNOW DEPTH         0   MM
 24 HR TOTAL      0.0   06/30 TO 06/30

DEGREE_DAYS
HEATING TOTAL       0                 8      -8        5
 SINCE 7/1       3998              4457    -459     4537
COOLING TOTAL     381               280     101      349
 SINCE 1/1        445               388      57      527
.................................................................

WIND (MPH)
AVERAGE WIND SPEED              11.1
HIGHEST WIND SPEED/DIRECTION    44/320    DATE  06/07
HIGHEST GUST SPEED/DIRECTION    52/330    DATE  06/07

SKY COVER
POSSIBLE SUNSHINE (PERCENT)   MM
NUMBER OF DAYS FAIR           27
NUMBER OF DAYS PC              2
NUMBER OF DAYS CLOUDY          1

AVERAGE RH (PERCENT)     61

WEATHER CONDITIONS. NUMBER OF DAYS WITH
THUNDERSTORM              0     MIXED PRECIP               0
HEAVY RAIN                3     RAIN                       3
LIGHT RAIN                9     FREEZING RAIN              0
LT FREEZING RAIN          0     HEAVY SNOW                 0
SNOW                      0     LIGHT SNOW                 0
SLEET                     0     FOG                        5
FOG W/VIS <= 1/4 MILE     0     HAZE                       1

-  INDICATES NEGATIVE NUMBERS.
R  INDICATES RECORD WAS SET OR TIED.
MM INDICATES DATA IS MISSING.
T  INDICATES TRACE AMOUNT.

$$
