000
CXUS54 KAMA 021921
CLMGUY


CLIMATE REPORT...CORRECTED
NATIONAL WEATHER SERVICE AMARILLO TX
116 PM CST MON FEB 2 2015

CORRECTED FOR SNOWFALL

...................................

...THE GUYMON CLIMATE SUMMARY FOR THE MONTH OF JANUARY 2015...

CLIMATE NORMAL PERIOD 1981 TO 2010
CLIMATE RECORD PERIOD 1998 TO 2015

WEATHER         OBSERVED          NORMAL  DEPART  LAST YEAR`S
                 VALUE   DATE(S)  VALUE   FROM    VALUE  DATE(S)
                                          NORMAL
................................................................
TEMPERATURE (F)
HIGHEST            79   01/27                         72  01/19
LOWEST              4   01/05                          0  01/24
                                                          01/23
AVG. MAXIMUM     49.3              49.6    -0.3     51.0
AVG. MINIMUM     25.0              21.6     3.4     20.4
MEAN             37.1              35.6     1.5     35.7
DAYS MAX >= 90      0               0.0     0.0        0
DAYS MAX <= 32      2               3.7    -1.7        5
DAYS MIN <= 32     22              28.0    -6.0       29
DAYS MIN <= 0       0               0.2    -0.2        2

PRECIPITATION (INCHES)
TOTALS           1.21              0.40    0.81     0.18
DAILY AVG.       0.04              0.01    0.03     0.01
DAYS >= .01         5                MM      MM        4
DAYS >= .10         4                MM      MM        0
DAYS >= .50         0                MM      MM        0
DAYS >= 1.00        0                MM      MM        0
GREATEST
 24 HR. TOTAL    0.42   01/30 TO 01/31
                        01/03

SNOWFALL (INCHES)
TOTALS            7.0                MM      MM      3.0
SINCE 7/1        11.8                MM      MM     10.2
DAYS >= TRACE       7                MM      MM
DAYS >= 1.0         2                MM      MM        3
GREATEST
 SNOW DEPTH         5   01/04
 24 HR TOTAL      5.0   01/03

DEGREE_DAYS
HEATING TOTAL     859               911     -52      870
 SINCE 7/1       2484              2728    -244     2716
COOLING TOTAL       0                 0       0        0
 SINCE 1/1          0                 0       0        0
.................................................................

WIND (MPH)
AVERAGE WIND SPEED              9.7
HIGHEST WIND SPEED/DIRECTION    39/350    DATE  01/03
HIGHEST GUST SPEED/DIRECTION    48/010    DATE  01/17

SKY COVER
POSSIBLE SUNSHINE (PERCENT)   MM
NUMBER OF DAYS FAIR           20
NUMBER OF DAYS PC              1
NUMBER OF DAYS CLOUDY         10

AVERAGE RH (PERCENT)     61

WEATHER CONDITIONS. NUMBER OF DAYS WITH
THUNDERSTORM              0     MIXED PRECIP               0
HEAVY RAIN                0     RAIN                       1
LIGHT RAIN                2     FREEZING RAIN              0
LT FREEZING RAIN          0     HEAVY SNOW                 1
SNOW                      2     LIGHT SNOW                 5
SLEET                     3     FOG                        8
FOG W/VIS <= 1/4 MILE     1     HAZE                       2

-  INDICATES NEGATIVE NUMBERS.
R  INDICATES RECORD WAS SET OR TIED.
MM INDICATES DATA IS MISSING.
T  INDICATES TRACE AMOUNT.

$$

NF
