000
CXUS56 KPQR 011620
CLMHIO


CLIMATE REPORT
NATIONAL WEATHER SERVICE PORTLAND OREGON
920 AM PDT SUN OCT 1 2017

...................................

...THE HILLSBORO OR CLIMATE SUMMARY FOR THE MONTH OF SEPTEMBER 2017...

CLIMATE NORMAL PERIOD 1981 TO 2010
CLIMATE RECORD PERIOD 1929 TO 2017

WEATHER         OBSERVED          NORMAL  DEPART  LAST YEAR`S
                 VALUE   DATE(S)  VALUE   FROM    VALUE  DATE(S)
                                          NORMAL
................................................................
TEMPERATURE (F)
HIGHEST           100                                 90  09/26
LOWEST             42                                 36  09/30
AVG. MAXIMUM     78.3              74.7     3.6     74.2
AVG. MINIMUM     51.0              46.3     4.7     46.1
MEAN             64.7              60.5     4.2     60.2
DAYS MAX >= 90      6               1.3     4.7        1
DAYS MAX <= 32      0               0.0     0.0        0
DAYS MIN <= 32      0               0.1    -0.1        0
DAYS MIN <= 0       0               0.0     0.0        0

PRECIPITATION (INCHES)
RECORD
 MAXIMUM         6.27   2013
 MINIMUM         0.00   1975
TOTALS           1.39              1.44   -0.05     0.93
DAYS >= .01         7                MM      MM        6
DAYS >= .10         4                MM      MM        2
DAYS >= .50         0                MM      MM        0
DAYS >= 1.00        0                MM      MM        0
GREATEST
 24 HR. TOTAL    0.45   09/19 TO 09/19

DEGREE_DAYS
HEATING TOTAL     104               155     -51      146
 SINCE 7/1        120               262    -142      190
COOLING TOTAL     102                19      83       10
 SINCE 1/1        496               197     299      336
.................................................................

WIND (MPH)
AVERAGE WIND SPEED              3.6
RESULTANT WIND SPEED/DIRECTION   1/336
HIGHEST WIND SPEED/DIRECTION    23/230    DATE  09/19
HIGHEST GUST SPEED/DIRECTION    28/240    DATE  09/19

SKY COVER
POSSIBLE SUNSHINE (PERCENT)   MM
AVERAGE SKY COVER           0.40

AVERAGE RH (PERCENT)     66

WEATHER CONDITIONS. NUMBER OF DAYS WITH
THUNDERSTORM              0     MIXED PRECIP               0
HEAVY RAIN                1     RAIN                       3
LIGHT RAIN                7     FREEZING RAIN              0
LT FREEZING RAIN          0     HAIL                       0
HEAVY SNOW                0     SNOW                       0
LIGHT SNOW                0     SLEET                      0
FOG                      11     FOG W/VIS <= 1/4 MILE      2
HAZE                      9

-  INDICATES NEGATIVE NUMBERS.
R  INDICATES RECORD WAS SET OR TIED.
MM INDICATES DATA IS MISSING.
T  INDICATES TRACE AMOUNT.

$$
