000
CXUS56 KHNX 011732
CLMHJO


CLIMATE REPORT
NATIONAL WEATHER SERVICE SAN JOAQUIN VALLEY, CA
921 AM PST FRI DEC 1 2017

...................................

...THE HANFORD CA AIRPORT CLIMATE SUMMARY FOR THE MONTH OF NOVEMBER 2017...

CLIMATE NORMAL PERIOD 1981 TO 2010
CLIMATE RECORD PERIOD 1998 TO 2017

WEATHER         OBSERVED          NORMAL  DEPART  LAST YEAR`S
                 VALUE   DATE(S)  VALUE   FROM    VALUE  DATE(S)
                                          NORMAL
................................................................
TEMPERATURE (F)
RECORD
 HIGH              89   11/05/2010
 LOW               26   11/29/2015
                        11/26/2010
                        11/23/1931
HIGHEST            84   11/26        MM      MM       84  11/11
LOWEST             35   11/30        MM      MM       31  11/25
                        11/28
                        11/07
AVG. MAXIMUM     70.4              64.8     5.6     69.6
AVG. MINIMUM     44.6              39.1     5.5     42.3
MEAN             57.5              52.0     5.5     56.0
DAYS MAX >= 90      0               0.0     0.0        0
DAYS MIN <= 32      0               4.4    -4.4        2

PRECIPITATION (INCHES)
RECORD
 MAXIMUM         1.91   2001
TOTALS           0.31              1.00   -0.69     0.36
DAYS >= .01         2                MM      MM        5
DAYS >= .10         2                MM      MM        3
DAYS >= .50         0                MM      MM        0
DAYS >= 1.00        0                MM      MM        0
GREATEST
 24 HR. TOTAL    0.20   11/27 TO 11/27

SNOWFALL (INCHES)
RECORDS
 TOTAL            0.0
TOTALS            0.0                MM

DEGREE_DAYS
HEATING TOTAL     223               392    -169      269
 SINCE 7/1        305               497    -192      306
COOLING TOTAL       6                 1       5        4
 SINCE 1/1       2184              1643     541     1966
.................................................................

WIND (MPH)
AVERAGE WIND SPEED              3.2
HIGHEST WIND SPEED/DIRECTION    23/330    DATE  11/27
HIGHEST GUST SPEED/DIRECTION    28/350    DATE  11/27

AVERAGE RH (PERCENT)     70

WEATHER CONDITIONS. NUMBER OF DAYS WITH
THUNDERSTORM              0     RAIN                       2
HAIL                      0     FOG                       25
FOG W/VIS <= 1/4 MILE    10     HAZE                      22

-  INDICATES NEGATIVE NUMBERS.
R  INDICATES RECORD WAS SET OR TIED.
MM INDICATES DATA IS MISSING.
T  INDICATES TRACE AMOUNT.

$$
