000
CXUS53 KGLD 020949 RRA
CLMHLC

CLIMATE REPORT
NATIONAL WEATHER SERVICE GOODLAND
346 AM MDT TUE AUG 2 2016

...................................

...THE HILL CITY CLIMATE SUMMARY FOR THE MONTH OF JULY 2016...

CLIMATE NORMAL PERIOD 1981 TO 2010
CLIMATE RECORD PERIOD 1896 TO 2016

WEATHER         OBSERVED          NORMAL  DEPART  LAST YEAR`S
                 VALUE   DATE(S)  VALUE   FROM    VALUE  DATE(S)
                                          NORMAL
................................................................
TEMPERATURE (F)
RECORD
 HIGH             117   07/24/1936
 LOW               44   07/14/1990
                        07/08/1952
HIGHEST           103   07/05       105      -2      105  07/24
                                                          07/12
                                                          07/05
LOWEST             61   07/16        54       7       51  07/08
AVG. MAXIMUM     92.8              92.7     0.1     93.5
AVG. MINIMUM     68.1              65.6     2.5     65.6
MEAN             80.4              79.1     1.3     79.5
DAYS MAX >= 90     22              20.4     1.6       20
DAYS MAX <= 32      0               0.0     0.0        0
DAYS MIN <= 32      0               0.0     0.0        0
DAYS MIN <= 0       0               0.0     0.0        0

PRECIPITATION (INCHES)
RECORD
 MAXIMUM        12.17   1993
 MINIMUM         0.02   2003
TOTALS           2.30              3.71   -1.41     6.46
DAILY AVG.       0.07              0.12   -0.05     0.21
DAYS >= .01        11                MM      MM       11
DAYS >= .10         5                MM      MM        5
DAYS >= .50         1                MM      MM        3
DAYS >= 1.00        1                MM      MM        2
GREATEST
 24 HR. TOTAL    1.53   07/13 TO 07/14              3.99


.................................................................



-  INDICATES NEGATIVE NUMBERS.
R  INDICATES RECORD WAS SET OR TIED.
MM INDICATES DATA IS MISSING.
T  INDICATES TRACE AMOUNT.

$$
