000
CXUS56 KSEW 011034
CLMHQM


CLIMATE REPORT
NATIONAL WEATHER SERVICE SEATTLE WA
333 AM PDT THU SEP 1 2016

...................................

...THE HOQUIAM WA AIRPORT CLIMATE SUMMARY FOR THE MONTH OF AUGUST 2016...

CLIMATE NORMAL PERIOD 1981 TO 2010
CLIMATE RECORD PERIOD 1953 TO 2016

WEATHER         OBSERVED          NORMAL  DEPART  LAST YEAR`S
                 VALUE   DATE(S)  VALUE   FROM    VALUE  DATE(S)
                                          NORMAL
................................................................
TEMPERATURE (F)
RECORD
 HIGH              98   08/09/1981
 LOW               40   08/29/1969
                        08/29/1965
HIGHEST            95   08/19        MM      MM       82  08/18
LOWEST             49   08/29        MM      MM       47  08/25
                        08/24                             08/22
AVG. MAXIMUM     70.5              67.6     2.9     71.7
AVG. MINIMUM     54.1              53.6     0.5     54.8
MEAN             62.3              60.6     1.7     63.3
DAYS MAX >= 90      1               0.3     0.7        0
DAYS MAX <= 32      0               0.0     0.0        0
DAYS MIN <= 32      0               0.0     0.0        0
DAYS MIN <= 0       0               0.0     0.0        0

PRECIPITATION (INCHES)
RECORD
 MAXIMUM         5.96   1991
 MINIMUM         0.01   1998
TOTALS           0.60              1.31   -0.71     1.77
DAILY AVG.       0.02              0.04   -0.02     0.06
DAYS >= .01         3               7.2    -4.2        7
DAYS >= .10         2               2.5    -0.5        4
DAYS >= .50         0               0.9    -0.9        1
DAYS >= 1.00        0               0.4    -0.4        1
GREATEST
 24 HR. TOTAL    0.41   08/31 TO 08/31

DEGREE_DAYS
HEATING TOTAL     105               143     -38       57
COOLING TOTAL      31                 7      24       12
 SINCE 1/1         49                16      33       31
.................................................................

WIND (MPH)
AVERAGE WIND SPEED              7.7
HIGHEST WIND SPEED/DIRECTION    24/270    DATE  08/05
HIGHEST GUST SPEED/DIRECTION    29/270    DATE  08/05

SKY COVER
POSSIBLE SUNSHINE (PERCENT)   MM
AVERAGE SKY COVER           0.50
NUMBER OF DAYS FAIR            9
NUMBER OF DAYS PC             12
NUMBER OF DAYS CLOUDY         10

AVERAGE RH (PERCENT)     83

WEATHER CONDITIONS. NUMBER OF DAYS WITH
THUNDERSTORM              0     MIXED PRECIP               0
HEAVY RAIN                0     RAIN                       3
LIGHT RAIN                5     FREEZING RAIN              0
LT FREEZING RAIN          0     HAIL                       0
HEAVY SNOW                0     SNOW                       0
LIGHT SNOW                0     SLEET                      0
FOG                      30     FOG W/VIS <= 1/4 MILE      4
HAZE                      0

-  INDICATES NEGATIVE NUMBERS.
R  INDICATES RECORD WAS SET OR TIED.
MM INDICATES DATA IS MISSING.
T  INDICATES TRACE AMOUNT.

$$
