000
CXUS52 KMHX 041441
CLMHSE


CLIMATE REPORT
NATIONAL WEATHER SERVICE NEWPORT/MOREHEAD CITY NC
1040 AM EDT TUE AUG 4 2015

...................................

...THE CAPE HATTERAS NC CLIMATE SUMMARY FOR THE MONTH OF JULY 2015...

CLIMATE NORMAL PERIOD 1981 TO 2010
CLIMATE RECORD PERIOD 1874 TO 2015

WEATHER         OBSERVED          NORMAL  DEPART  LAST YEAR`S
                 VALUE   DATE(S)  VALUE   FROM    VALUE  DATE(S)
                                          NORMAL
................................................................
TEMPERATURE (F)
RECORD
 HIGH              96   07/10/1992
 LOW               54   07/09/1972
HIGHEST            92   07/11                         93
LOWEST             69   07/18                         61
AVG. MAXIMUM     86.1              84.6     1.5     85.7
AVG. MINIMUM     74.8              73.6     1.2     73.8
MEAN             80.5              79.1     1.4     79.8
DAYS MAX >= 90      4               1.3     2.7        1
DAYS MAX <= 32      0               0.0     0.0        0
DAYS MIN <= 32      0               0.0     0.0        0
DAYS MIN <= 0       0               0.0     0.0        0

PRECIPITATION (INCHES)
RECORD
 MAXIMUM        10.85   1998
 MINIMUM           MM   MM
TOTALS           5.67              4.99    0.68     6.50
DAYS >= .01         9              11.6    -2.6       10
DAYS >= .10         7               7.9    -0.9       10
DAYS >= .50         4               3.1     0.9        5
DAYS >= 1.00        1               1.4    -0.4        3

DEGREE_DAYS
COOLING TOTAL     488               437      51      436
 SINCE 1/1       1083               888     195      947
.................................................................

WIND (MPH)
AVERAGE WIND SPEED              9.0
HIGHEST WIND SPEED/DIRECTION    23/270    DATE  07/21
HIGHEST GUST SPEED/DIRECTION    36/270    DATE  07/21

SKY COVER
POSSIBLE SUNSHINE (PERCENT)   MM
AVERAGE SKY COVER           0.20
NUMBER OF DAYS FAIR           26
NUMBER OF DAYS PC              5
NUMBER OF DAYS CLOUDY          0

AVERAGE RH (PERCENT)     79

WEATHER CONDITIONS. NUMBER OF DAYS WITH
THUNDERSTORM              0     MIXED PRECIP               0
HEAVY RAIN                4     RAIN                       3
LIGHT RAIN               10     FREEZING RAIN              0
LT FREEZING RAIN          0     HAIL                       0
HEAVY SNOW                0     SNOW                       0
LIGHT SNOW                0     SLEET                      0
FOG                       0     FOG W/VIS <= 1/4 MILE      0
HAZE                      0

-  INDICATES NEGATIVE NUMBERS.
R  INDICATES RECORD WAS SET OR TIED.
MM INDICATES DATA IS MISSING.
T  INDICATES TRACE AMOUNT.

$$
