000
CXUS53 KAPX 010546
CLMHTL


CLIMATE REPORT
NATIONAL WEATHER SERVICE GAYLORD MI
144 AM EDT MON MAY 1 2017

...................................

...THE HOUGHTON LAKE MI CLIMATE SUMMARY FOR THE MONTH OF APRIL 2017...

CLIMATE NORMAL PERIOD 1981 TO 2010
CLIMATE RECORD PERIOD 1913 TO 2017

WEATHER         OBSERVED          NORMAL  DEPART  LAST YEAR`S
                 VALUE   DATE(S)  VALUE   FROM    VALUE  DATE(S)
                                          NORMAL
................................................................
TEMPERATURE (F)
RECORD
 HIGH              89   04/23/1925
 LOW              -15   04/01/1923
HIGHEST            76   04/26        MM      MM       80  04/18
LOWEST             25   04/08        MM      MM        7  04/05
                        04/01
AVG. MAXIMUM     58.2              54.1     4.1     50.1
AVG. MINIMUM     36.7              31.0     5.7     29.1
MEAN             47.4              42.6     4.8     39.6
DAYS MAX >= 90      0               0.0     0.0        0
DAYS MAX <= 32      0               0.9    -0.9        4
DAYS MIN <= 32      8              17.3    -9.3       19
DAYS MIN <= 0       0               0.0     0.0        0

PRECIPITATION (INCHES)
RECORD
 MAXIMUM           MM   MM
 MINIMUM           MM   MM
TOTALS           5.22              2.48    2.74     2.14
DAILY AVG.       0.17              0.08    0.09     0.07
DAYS >= .01        13              11.6     1.4        9
DAYS >= .10         9               6.1     2.9        6
DAYS >= .50         6               1.4     4.6        3
DAYS >= 1.00        0               0.3    -0.3        0
GREATEST
 24 HR. TOTAL    0.87   04/03 TO 04/03
 STORM TOTAL       MM
 (MM/DD(HH))            MM

SNOWFALL (INCHES)
RECORDS
 TOTAL             MM   MM
 24 HR TOTAL       MM
 SNOW DEPTH        MM   MM
TOTALS              T               3.7    -3.7     11.9
SINCE 7/1        76.1              66.5     9.6     58.4
SNOWDEPTH AVG.      0                MM      MM        1
DAYS >= TRACE       1               3.3    -2.3       10
DAYS >= 1.0         0               1.3    -1.3        3
GREATEST
 SNOW DEPTH         T   04/06                          6  04/08
                                                          04/07
 24 HR TOTAL        T   04/06 TO 04/06               4.5

DEGREE_DAYS
HEATING TOTAL     522               676    -154      755
 SINCE 7/1       6469              7661   -1192     6596
COOLING TOTAL       1                 2      -1        0
 SINCE 1/1          1                 2      -1        0
.................................................................

WIND (MPH)
AVERAGE WIND SPEED              9.8
HIGHEST WIND SPEED/DIRECTION    30/010    DATE  04/06
HIGHEST GUST SPEED/DIRECTION    44/350    DATE  04/06

SKY COVER
POSSIBLE SUNSHINE (PERCENT)   MM
AVERAGE SKY COVER           0.50
NUMBER OF DAYS FAIR            8
NUMBER OF DAYS PC             14
NUMBER OF DAYS CLOUDY          8

AVERAGE RH (PERCENT)     67

WEATHER CONDITIONS. NUMBER OF DAYS WITH
THUNDERSTORM              0     MIXED PRECIP               0
HEAVY RAIN                3     RAIN                       8
LIGHT RAIN               16     FREEZING RAIN              0
LT FREEZING RAIN          0     HAIL                       0
HEAVY SNOW                0     SNOW                       0
LIGHT SNOW                1     SLEET                      0
FOG                      15     FOG W/VIS <= 1/4 MILE      2
HAZE                      2

-  INDICATES NEGATIVE NUMBERS.
R  INDICATES RECORD WAS SET OR TIED.
MM INDICATES DATA IS MISSING.
T  INDICATES TRACE AMOUNT.

$$
