000
CXUS51 KRLX 101255
CLMHTS


CLIMATE REPORT
NATIONAL WEATHER SERVICE CHARLESTON WV
852 AM EDT SUN MAY 10 2015

...................................

...THE HUNTINGTON CLIMATE SUMMARY FOR THE MONTH OF APRIL 2015...

CLIMATE NORMAL PERIOD 1981 TO 2010
CLIMATE RECORD PERIOD 1897 TO 2015

WEATHER         OBSERVED          NORMAL  DEPART  LAST YEAR`S
                 VALUE   DATE(S)  VALUE   FROM    VALUE  DATE(S)
                                          NORMAL
................................................................
TEMPERATURE (F)
RECORD
 HIGH              92   04/21/1985
                        04/26/1957
                        04/30/1942
 LOW               15   04/05/1898
HIGHEST            84   04/09        MM      MM       85  04/13
LOWEST             31   04/24        MM      MM       25  04/16
AVG. MAXIMUM     66.8              67.9    -1.1     70.5
AVG. MINIMUM     45.1              44.5     0.6     45.9
MEAN             56.0              56.2    -0.2     58.2
DAYS MAX >= 90      0               0.2    -0.2        0
DAYS MAX <= 32      0               0.0     0.0        0
DAYS MIN <= 32      3               2.7     0.3        2
DAYS MIN <= 0       0               0.0     0.0        0

PRECIPITATION (INCHES)
RECORD
 MAXIMUM         9.98   2011
 MINIMUM         0.74   1976
TOTALS           7.57              3.44    4.13     6.51
DAILY AVG.       0.25              0.11    0.14     0.22
DAYS >= .01        15              12.8     2.2       10
DAYS >= .10        11               8.1     2.9        7
DAYS >= .50         4               2.0     2.0        5
DAYS >= 1.00        2               0.5     1.5        2
GREATEST
 24 HR. TOTAL    2.43   04/02 TO 04/03              2.61

SNOWFALL (INCHES)
RECORDS
 TOTAL           14.4   1987
TOTALS            0.0               0.9    -0.9        T
SINCE 7/1        36.6              23.6    13.0     36.8
DAYS >= 1.0         0               0.2    -0.2        0
GREATEST
 SNOW DEPTH         0   MM                             0  MM
 24 HR TOTAL      0.0   04/30 TO 04/30           04/15 TO 04/15
                                                          04/15 TO 04/15
                                                          04/15 TO 04/15

DEGREE_DAYS
HEATING TOTAL     273               291     -18      210
 SINCE 7/1       4918              4388     530     4711
COOLING TOTAL       9                27     -18       14
 SINCE 1/1          9                32     -23       14
......................................................

WIND (MPH)
AVERAGE WIND SPEED              6.3
HIGHEST WIND SPEED/DIRECTION    29/330    DATE  04/03
HIGHEST GUST SPEED/DIRECTION    38/280    DATE  04/21

SKY COVER
POSSIBLE SUNSHINE (PERCENT)   MM
AVERAGE SKY COVER           0.40
NUMBER OF DAYS FAIR           12
NUMBER OF DAYS PC             11
NUMBER OF DAYS CLOUDY          7

AVERAGE RH (PERCENT)     65

WEATHER CONDITIONS. NUMBER OF DAYS WITH
THUNDERSTORM              0     MIXED PRECIP               0
HEAVY RAIN                9     RAIN                      10
LIGHT RAIN               15     FREEZING RAIN              0
LT FREEZING RAIN          0     HAIL                       0
HEAVY SNOW                0     SNOW                       0
LIGHT SNOW                0     SLEET                      0
FOG                      19     FOG W/VIS <= 1/4 MILE      0
HAZE                      3

-  INDICATES NEGATIVE NUMBERS.
R  INDICATES RECORD WAS SET OR TIED.
MM INDICATES DATA IS MISSING.
T  INDICATES TRACE AMOUNT.

$$
