000
CXUS51 KRLX 030649
CLMHTS


CLIMATE REPORT
NATIONAL WEATHER SERVICE CHARLESTON WV
148 AM EST FRI MAR 3 2017

...................................

...THE HUNTINGTON CLIMATE SUMMARY FOR THE MONTH OF FEBRUARY 2017...

CLIMATE NORMAL PERIOD 1981 TO 2010
CLIMATE RECORD PERIOD 1897 TO 2017

WEATHER         OBSERVED          NORMAL  DEPART  LAST YEAR`S
                 VALUE   DATE(S)  VALUE   FROM    VALUE  DATE(S)
                                          NORMAL
................................................................
TEMPERATURE (F)
RECORD
 HIGH              80   02/24/2017
                        02/25/1930
                        08/06/1918
 LOW              -24   02/09/1899
HIGHEST            80R  02/24        MM      MM       71  02/20
LOWEST             12   02/04        MM      MM        9  02/14
AVG. MAXIMUM     57.0              46.5    10.5     47.4
AVG. MINIMUM     35.1              28.0     7.1     30.0
MEAN             46.1              37.2     8.9     38.7
DAYS MAX >= 90      0               0.0     0.0        0
DAYS MAX <= 32      0               3.6    -3.6        6
DAYS MIN <= 32     12              19.0    -7.0       19
DAYS MIN <= 0       0               0.1    -0.1        0

PRECIPITATION (INCHES)
RECORD
 MAXIMUM         8.67   1989
 MINIMUM         0.43   1941
TOTALS           2.82              3.07   -0.25     5.47
DAILY AVG.       0.10              0.11   -0.01     0.19
DAYS >= .01        10              11.9    -1.9       13
DAYS >= .10         6               6.5    -0.5        7
DAYS >= .50         3               1.7     1.3        4
DAYS >= 1.00        0               0.5    -0.5        3
GREATEST
 24 HR. TOTAL    0.86   02/25 TO 02/25              1.92

SNOWFALL (INCHES)
RECORDS
 TOTAL           23.9   1986
TOTALS              T               7.4    -7.4      7.0
SINCE 7/1         5.9              18.9   -13.0     20.8
DAYS >= 1.0         0               2.2    -2.2        1
GREATEST
 SNOW DEPTH         T   02/09                          6  02/15
 24 HR TOTAL        T   02/09 TO 02/09           02/14 TO 02/14
                                                          02/14 TO 02/14
                                                          02/14 TO 02/14

DEGREE_DAYS
HEATING TOTAL     524               777    -253      756
 SINCE 7/1       2649              3501    -852     3035
COOLING TOTAL       1                 0       1        0
 SINCE 1/1          1                 0       1        0
.....................................................

WIND (MPH)
AVERAGE WIND SPEED              6.3
HIGHEST WIND SPEED/DIRECTION    26/320    DATE  02/12
HIGHEST GUST SPEED/DIRECTION    38/280    DATE  02/12

SKY COVER
POSSIBLE SUNSHINE (PERCENT)   MM
AVERAGE SKY COVER           0.50
NUMBER OF DAYS FAIR           10
NUMBER OF DAYS PC             13
NUMBER OF DAYS CLOUDY          5

AVERAGE RH (PERCENT)     61

WEATHER CONDITIONS. NUMBER OF DAYS WITH
THUNDERSTORM              0     MIXED PRECIP               0
HEAVY RAIN                3     RAIN                       2
LIGHT RAIN               10     FREEZING RAIN              0
LT FREEZING RAIN          0     HAIL                       0
HEAVY SNOW                0     SNOW                       0
LIGHT SNOW                1     SLEET                      0
FOG                      12     FOG W/VIS <= 1/4 MILE      1
HAZE                     12

-  INDICATES NEGATIVE NUMBERS.
R  INDICATES RECORD WAS SET OR TIED.
MM INDICATES DATA IS MISSING.
T  INDICATES TRACE AMOUNT.

$$
