000
CXUS53 KIND 011610
CLMHUF


CLIMATE REPORT
NATIONAL WEATHER SERVICE INDIANAPOLIS IN
1110 AM EST THU FEB 1 2018

...................................

...THE TERRE HAUTE IN CLIMATE SUMMARY FOR THE MONTH OF JANUARY 2018...

CLIMATE NORMAL PERIOD 1981 TO 2010
CLIMATE RECORD PERIOD 9999 TO 9999

WEATHER         OBSERVED          NORMAL  DEPART  LAST YEAR`S
                 VALUE   DATE(S)  VALUE   FROM    VALUE  DATE(S)
                                          NORMAL
................................................................
TEMPERATURE (F)
HIGHEST            60   01/11                         65  01/21
LOWEST             -9   01/16                         -1  01/07
                        01/06
                        01/02
AVG. MAXIMUM     33.6              36.3    -2.7     42.7
AVG. MINIMUM     15.5              20.2    -4.7     27.5
MEAN             24.6              28.2    -3.6     35.1
DAYS MAX >= 90      0               0.0     0.0        0
DAYS MAX <= 32     15              10.6     4.4        5
DAYS MIN <= 32     27              25.8     1.2       18
DAYS MIN <= 0       7               1.9     5.1        1

PRECIPITATION (INCHES)
TOTALS           1.21              2.36   -1.15     3.48
DAILY AVG.       0.04              0.08   -0.04     0.11
DAYS >= .01         7                MM      MM       11
DAYS >= .10         4                MM      MM        9
DAYS >= .50         0                MM      MM        2
DAYS >= 1.00        0                MM      MM        0
GREATEST
 24 HR. TOTAL    0.42   01/11 TO 01/11

DEGREE_DAYS
HEATING TOTAL    1249              1139     110      920
 SINCE 7/1       3235              3250     -15     2716
COOLING TOTAL       0                 0       0        0
 SINCE 1/1          0                 0       0        0
.................................................................

WIND (MPH)
AVERAGE WIND SPEED              8.9
HIGHEST WIND SPEED/DIRECTION    30/010    DATE  01/12
HIGHEST GUST SPEED/DIRECTION    38/250    DATE  01/22

SKY COVER
POSSIBLE SUNSHINE (PERCENT)   MM
AVERAGE SKY COVER           0.50
NUMBER OF DAYS FAIR           12
NUMBER OF DAYS PC              8
NUMBER OF DAYS CLOUDY         10

AVERAGE RH (PERCENT)     72

WEATHER CONDITIONS. NUMBER OF DAYS WITH
THUNDERSTORM              1     MIXED PRECIP               0
HEAVY RAIN                2     RAIN                       2
LIGHT RAIN                7     FREEZING RAIN              0
LT FREEZING RAIN          3     HAIL                       0
HEAVY SNOW                0     SNOW                       1
LIGHT SNOW                8     SLEET                      0
FOG                      14     FOG W/VIS <= 1/4 MILE      5
HAZE                      2

-  INDICATES NEGATIVE NUMBERS.
R  INDICATES RECORD WAS SET OR TIED.
MM INDICATES DATA IS MISSING.
T  INDICATES TRACE AMOUNT.

$$
