000
CXUS53 KIND 011512
CLMHUF


CLIMATE REPORT
NATIONAL WEATHER SERVICE INDIANAPOLIS IN
1109 AM EDT SAT AUG 1 2015

...................................

...THE TERRE HAUTE IN CLIMATE SUMMARY FOR THE MONTH OF JULY 2015...

CLIMATE NORMAL PERIOD 1981 TO 2010
CLIMATE RECORD PERIOD 9999 TO 9999

WEATHER         OBSERVED          NORMAL  DEPART  LAST YEAR`S
                 VALUE   DATE(S)  VALUE   FROM    VALUE  DATE(S)
                                          NORMAL
................................................................
TEMPERATURE (F)
HIGHEST            93   07/28                         88  07/22
LOWEST             56   07/22                         50  07/25
AVG. MAXIMUM     84.4              85.7    -1.3     80.8
AVG. MINIMUM     65.2              64.3     0.9     58.9
MEAN             74.8              75.0    -0.2     69.8
DAYS MAX >= 90      6               6.8    -0.8        0
DAYS MAX <= 32      0               0.0     0.0        0
DAYS MIN <= 32      0               0.0     0.0        0
DAYS MIN <= 0       0               0.0     0.0        0

PRECIPITATION (INCHES)
TOTALS           2.46              4.79   -2.33     2.41
DAILY AVG.       0.08              0.15   -0.07     0.08
DAYS >= .01        11                MM      MM       10
DAYS >= .10         5                MM      MM        6
DAYS >= .50         2                MM      MM        1
DAYS >= 1.00        1                MM      MM        0
GREATEST
 24 HR. TOTAL    1.17   07/06 TO 07/07

DEGREE_DAYS
HEATING TOTAL       0                 1      -1        8
 SINCE 7/1          0                 1      -1        8
COOLING TOTAL     312               311       1      167
 SINCE 1/1        712               632      80      581
.................................................................

WIND (MPH)
AVERAGE WIND SPEED              5.0
HIGHEST WIND SPEED/DIRECTION    23/260    DATE  07/14
HIGHEST GUST SPEED/DIRECTION    31/190    DATE  07/09

SKY COVER
POSSIBLE SUNSHINE (PERCENT)   MM
AVERAGE SKY COVER           0.30
NUMBER OF DAYS FAIR           17
NUMBER OF DAYS PC             11
NUMBER OF DAYS CLOUDY          3

AVERAGE RH (PERCENT)     77

WEATHER CONDITIONS. NUMBER OF DAYS WITH
THUNDERSTORM              7     MIXED PRECIP               0
HEAVY RAIN                5     RAIN                       5
LIGHT RAIN               13     FREEZING RAIN              0
LT FREEZING RAIN          0     HAIL                       0
HEAVY SNOW                0     SNOW                       0
LIGHT SNOW                0     SLEET                      0
FOG                      22     FOG W/VIS <= 1/4 MILE      5
HAZE                      4

-  INDICATES NEGATIVE NUMBERS.
R  INDICATES RECORD WAS SET OR TIED.
MM INDICATES DATA IS MISSING.
T  INDICATES TRACE AMOUNT.

$$
