626
CXUS51 KCAR 151219
CLMHUL


CLIMATE REPORT
NATIONAL WEATHER SERVICE CARIBOU, ME
719 AM EST THU FEB 15 2018

...................................

...THE HOULTON ME CLIMATE SUMMARY FOR THE MONTH OF JANUARY 2018...

CLIMATE NORMAL PERIOD 1981 TO 2010
CLIMATE RECORD PERIOD 1948 TO 2018

WEATHER         OBSERVED          NORMAL  DEPART  LAST YEAR`S
                 VALUE   DATE(S)  VALUE   FROM    VALUE  DATE(S)
                                          NORMAL
................................................................
TEMPERATURE (F)
RECORD
 HIGH              58   01/14/2005
 LOW              -41   01/04/1981
HIGHEST            54   01/12        MM      MM       46  01/12
                                                          01/11
LOWEST            -20   01/03        MM      MM      -18  01/09
                                                          01/07
AVG. MAXIMUM     24.3              22.3     2.0     28.2
AVG. MINIMUM      4.2               0.9     3.3      8.6
MEAN             14.2              11.6     2.6     18.4
DAYS MAX >= 90      0               0.0     0.0        0
DAYS MAX <= 32     22              24.6    -2.6       21
DAYS MIN <= 32     30              30.5    -0.5       30
DAYS MIN <= 0      13              15.5    -2.5       13

PRECIPITATION (INCHES)
RECORD
 MAXIMUM           MM   MM
 MINIMUM           MM   MM
TOTALS           3.30                      0.44
DAILY AVG.       0.11              0.09    0.02     0.09
DAYS >= .01         9              11.9    -2.9       12
DAYS >= .10         4               6.6    -2.6        5
DAYS >= .50         3               1.6     1.4        2
DAYS >= 1.00        2               0.4     1.6        0
GREATEST
 24 HR. TOTAL    1.16   01/23 TO 01/23           01/24 TO 01/25
                                                          01/25 TO 01/25EATHER         OBSERVED          NORMAL  DEPART  LAST YEAR`S
                                                          01/25 TO 01/25EATHER         OBSERVED          NORMAL  DEPART  LAST YEAR`S

SNOWFALL (INCHES)
RECORDS
 TOTAL             MM   MM
TOTALS             MM              23.3      MM       MM
SINCE 7/1          MM              47.8      MM       MM
SNOWDEPTH AVG.     MM                11      MM       MM
DAYS >= 1.0         0               6.1    -6.1        0
GREATEST
 SNOW DEPTH        MM                                 MM  MM
 24 HR TOTAL       MM                                 MM

DEGREE_DAYS
HEATING TOTAL    1565              1655     -90
.................................................................

WIND (MPH)
AVERAGE WIND SPEED              8.2
HIGHEST WIND SPEED/DIRECTION    35/030    DATE  01/04
HIGHEST GUST SPEED/DIRECTION    45/060    DATE  01/04

SKY COVER
POSSIBLE SUNSHINE (PERCENT)   MM
AVERAGE SKY COVER           0.60
NUMBER OF DAYS FAIR            9
NUMBER OF DAYS PC              9
NUMBER OF DAYS CLOUDY         13

AVERAGE RH (PERCENT)     74

WEATHER CONDITIONS. NUMBER OF DAYS WITH
  0
  3
  2
  0
  5
  0
  2
HAZE                     10

-  INDICATES NEGATIVE NUMBERS.
R  INDICATES RECORD WAS SET OR TIED.
MM INDICATES DATA IS MISSING.
T  INDICATES TRACE AMOUNT.

$$
