000
CXUS51 KCAR 111314
CLMHUL


CLIMATE REPORT
NATIONAL WEATHER SERVICE CARIBOU, ME
809 AM EST SUN DEC 11 2016

...................................

...THE HOULTON ME CLIMATE SUMMARY FOR THE SEASON, FROM
9/1/2016 TO 11/30/2016...

CLIMATE NORMAL PERIOD 1981 TO 2010
CLIMATE RECORD PERIOD 1948 TO 2016

WEATHER         OBSERVED          NORMAL  DEPART  LAST YEAR`S
                 VALUE   DATE(S)  VALUE   FROM    VALUE  DATE(S)
                                          NORMAL
................................................................
TEMPERATURE (F)
RECORD
 HIGH              93   09/01/2010
                        09/07/1945
 LOW              -14   11/24/1989
HIGHEST            85   09/09        MM      MM       89  09/07
LOWEST             17   11/29        MM      MM        5  11/30
AVG. MAXIMUM     57.0              53.9     3.1     56.4
AVG. MINIMUM     36.8              33.5     3.3     35.4
MEAN             46.9              43.7     3.2     45.9
DAYS MAX >= 90      0               0.2    -0.2        0
DAYS MAX <= 32      2               5.2    -3.2        4
DAYS MIN <= 32     39              43.7    -4.7       39
DAYS MIN <= 0       0               0.4    -0.4        0

PRECIPITATION (INCHES)
RECORD
 MAXIMUM        14.84   2015
 MINIMUM         8.39   2011
TOTALS           5.96R                    -5.11
DAILY AVG.       0.06              0.12   -0.06     0.17
DAYS >= .01        33              35.2    -2.2       31
DAYS >= .10        14              21.3    -7.3       18
DAYS >= .50         3               7.8    -4.8        6
DAYS >= 1.00        1               2.3    -1.3        4
GREATEST
 24 HR. TOTAL    1.49   MM                       11/30 TO 11/30
                                                          11/30 TO 11/30
                                                          11/30 TO 11/30

SNOWFALL (INCHES)
RECORDS
 TOTAL             MM   MM
TOTALS             MM               8.1      MM       MM
SINCE 7/1          MM               8.1      MM      0.0
SNOWDEPTH AVG.     MM                MM      MM        0
DAYS >= 1.0         0               2.1    -2.1        0
GREATEST
 SNOW DEPTH        MM                                  0  MM
 24 HR TOTAL       MM                                 MM

DEGREE_DAYS
HEATING TOTAL    1649              1952    -303     1708
 SINCE 7/1       1743              2108    -365     1795
COOLING TOTAL      23                13      10       46
 SINCE 1/1        229               191      38      236
.................................................

WIND (MPH)
AVERAGE WIND SPEED              6.0
HIGHEST WIND SPEED/DIRECTION    26/250    DATE  09/11
HIGHEST GUST SPEED/DIRECTION    36/310    DATE  09/11

SKY COVER
POSSIBLE SUNSHINE (PERCENT)   MM
AVERAGE SKY COVER           0.50
NUMBER OF DAYS FAIR           29
NUMBER OF DAYS PC             30
NUMBER OF DAYS CLOUDY         32

AVERAGE RH (PERCENT)     80

WEATHER CONDITIONS. NUMBER OF DAYS WITH
THUNDERSTORM              0     MIXED PRECIP               0
HEAVY RAIN                4     RAIN                      10
LIGHT RAIN               37     FREEZING RAIN              0
LT FREEZING RAIN          0     HAIL                       0
HEAVY SNOW                1     SNOW                       2
LIGHT SNOW                7     SLEET                      0
FOG                      52     FOG W/VIS <= 1/4 MILE      7
HAZE                      3

-  INDICATES NEGATIVE NUMBERS.
R  INDICATES RECORD WAS SET OR TIED.
MM INDICATES DATA IS MISSING.
T  INDICATES TRACE AMOUNT.

$$
