000
CXUS51 KLWX 012122 RRB
CLMIAD

CLIMATE REPORT
NATIONAL WEATHER SERVICE BALTIMORE MD/WASHINGTON DC
522 PM EDT FRI SEP 1 2017

...................................

...THE WASHINGTON DULLES DC CLIMATE SUMMARY FOR THE MONTH OF AUGUST 2017...

CLIMATE NORMAL PERIOD 1981 TO 2010
CLIMATE RECORD PERIOD 1960 TO 2017

WEATHER         OBSERVED          NORMAL  DEPART  LAST YEAR`S
                 VALUE   DATE(S)  VALUE   FROM    VALUE
                                          NORMAL
.............................................................
TEMPERATURE (F)
RECORD
 HIGH             104   08/20/1983
 LOW               38   08/29/1982
HIGHEST            93   08/18        95      -2
LOWEST             54   08/28        50       4
AVG. MAXIMUM     82.9              86.6    -3.7     90.3
AVG. MINIMUM     63.8              64.2    -0.4     68.6
MEAN             73.3              75.4    -2.1
DAYS MAX >= 90      2               8.9    -6.9
DAYS MAX <= 32      0               0.0     0.0
DAYS MIN <= 32      0               0.0     0.0
DAYS MIN <= 0       0               0.0     0.0

PRECIPITATION (INCHES)
RECORD
 MAXIMUM        10.71   1984
 MINIMUM         0.44   1998
TOTALS           3.83              3.53    0.30     0.96
DAILY AVG.       0.12              0.11    0.01
DAYS >= .01         8               9.4    -1.4
DAYS >= .10         5               5.6    -0.6
DAYS >= .50         4               2.1     1.9
DAYS >= 1.00        1               1.0     0.0
GREATEST
 24 HR. TOTAL    1.09   08/11 TO 08/11

DEGREE_DAYS
HEATING TOTAL       1                 2      -1        0
 SINCE 7/1          1                 2      -1        0
COOLING TOTAL     265               324     -59      453
 SINCE 1/1       1061              1016      45     1263
..............................................................

WIND (MPH)
AVERAGE WIND SPEED              5.2
HIGHEST WIND SPEED/DIRECTION    26/310    DATE  08/05
HIGHEST GUST SPEED/DIRECTION    35/320    DATE  08/05

SKY COVER
POSSIBLE SUNSHINE (PERCENT)   MM
AVERAGE SKY COVER           0.60
NUMBER OF DAYS FAIR            3
NUMBER OF DAYS PC             21
NUMBER OF DAYS CLOUDY          7

AVERAGE RH (PERCENT)     76

WEATHER CONDITIONS. NUMBER OF DAYS WITH
THUNDERSTORM              8     MIXED PRECIP               0
HEAVY RAIN                4     RAIN                       5
LIGHT RAIN               14     FREEZING RAIN              0
LT FREEZING RAIN          0     HAIL                       0
HEAVY SNOW                0     SNOW                       0
LIGHT SNOW                0     SLEET                      0
FOG                      10     FOG W/VIS <= 1/4 MILE      1
HAZE                      1

-  INDICATES NEGATIVE NUMBERS.
R  INDICATES RECORD WAS SET OR TIED.
MM INDICATES DATA IS MISSING.
T  INDICATES TRACE AMOUNT.

&&

WASHINGTON DULLES INTERNATIONAL AIRPORT...

THE MONTHLY AVERAGE TEMPERATURE WAS BELOW NORMAL. MONTHLY
PRECIPITATION WAS NEAR NORMAL.

IT WAS THE COOLEST AUGUST SINCE 2014.

TWO DAYS BROKE THE RECORD FOR COOLEST DAILY HIGH TEMPERATURE:
A HIGH OF 74 ON THE 7TH BROKE THE RECORD OF 76 SET IN 1995.
A HIGH OF 67 ON THE 29TH BROKE THE RECORD OF 68 SET IN 1986.

DESPITE THE COOL MONTH OVERALL, A RECORD DAILY WARM LOW TEMPERATURE
OF 75 WAS SET ON THE 18TH. THIS BROKE THE PREVIOUS RECORD OF 74 SET
IN 2002.

TEMPERATURE AND PRECIPITATION RECORDS AT WASHINGTON DULLES
INTERNATIONAL AIRPORT BEGAN IN 1960. SNOWFALL RECORDS BEGAN IN 1962.

ALL CLIMATE DATA ARE CONSIDERED PRELIMINARY UNTIL REVIEWED BY THE
NATIONAL CENTERS FOR ENVIRONMENTAL INFORMATION (NCEI).

$$

DH/CAS/WOODY!
