000
CXUS51 KLWX 022141
CLMIAD

CLIMATE REPORT
NATIONAL WEATHER SERVICE BALTIMORE MD/WASHINGTON DC
441 PM EST MON FEB 2 2015

...................................

...THE WASHINGTON DULLES DC CLIMATE SUMMARY FOR THE MONTH OF JANUARY 2015...

CLIMATE NORMAL PERIOD 1981 TO 2010
CLIMATE RECORD PERIOD 1962 TO 2015

WEATHER         OBSERVED          NORMAL  DEPART  LAST YEAR`S
                 VALUE   DATE(S)  VALUE   FROM    VALUE
                                          NORMAL
.............................................................
TEMPERATURE (F)
RECORD
 HIGH              75   01/29/1975
 LOW              -18   01/22/1984
HIGHEST            60   01/04        63      -3
LOWEST              3   01/08         2       1
AVG. MAXIMUM     38.1              42.5    -4.4     36.9
AVG. MINIMUM     21.3              23.9    -2.6     17.5
MEAN             29.7              33.2    -3.5
DAYS MAX >= 90      0               0.0     0.0
DAYS MAX <= 32      6               5.2     0.8
DAYS MIN <= 32     29              24.3     4.7
DAYS MIN <= 0       0               0.6    -0.6

PRECIPITATION (INCHES)
RECORD
 MAXIMUM         6.61   1979
 MINIMUM         0.40   1981
TOTALS           3.26              2.68    0.58     2.69
DAILY AVG.       0.11              0.09    0.02
DAYS >= .01        11               9.9     1.1
DAYS >= .10         8               5.7     2.3
DAYS >= .50         3               1.8     1.2
DAYS >= 1.00        0               0.5    -0.5
GREATEST
 24 HR. TOTAL    1.05   01/23 TO 01/24

SNOWFALL (INCHES)
RECORDS
 TOTAL           30.9   1996
TOTALS            8.7               7.3     1.4
SINCE 7/1        10.3              11.3    -1.0
SNOWDEPTH AVG.      1
DAYS >= TRACE      13               3.5     9.5
DAYS >= 1.0         3               1.9     1.1
GREATEST
 SNOW DEPTH         3   01/07
 24 HR TOTAL      4.2

DEGREE_DAYS
HEATING TOTAL    1088               986     102     1162
 SINCE 7/1       2899              2784     115     2919
COOLING TOTAL       0                 0       0        0
 SINCE 1/1          0                 0       0        0
..............................................................

WIND (MPH)
AVERAGE WIND SPEED              7.6
HIGHEST WIND SPEED/DIRECTION    37/300    DATE  01/30
HIGHEST GUST SPEED/DIRECTION    47/300    DATE  01/30

SKY COVER
POSSIBLE SUNSHINE (PERCENT)   MM
AVERAGE SKY COVER           0.60
NUMBER OF DAYS FAIR            6
NUMBER OF DAYS PC             12
NUMBER OF DAYS CLOUDY         13

AVERAGE RH (PERCENT)     66

WEATHER CONDITIONS. NUMBER OF DAYS WITH
THUNDERSTORM              0     MIXED PRECIP               1
HEAVY RAIN                0     RAIN                       4
LIGHT RAIN               10     FREEZING RAIN              0
LT FREEZING RAIN          1     HAIL                       0
HEAVY SNOW                0     SNOW                       5
LIGHT SNOW                9     SLEET                      3
FOG                      14     FOG W/VIS <= 1/4 MILE      4
HAZE                      4

-  INDICATES NEGATIVE NUMBERS.
R  INDICATES RECORD WAS SET OR TIED.
MM INDICATES DATA IS MISSING.
T  INDICATES TRACE AMOUNT.

&&

DULLES INTERNATIONAL AIRPORT...

THE MONTHLY AVERAGE TEMPERATURE WAS WELL BELOW NORMAL. MONTHLY
PRECIPITATION WAS ABOVE NORMAL.

A RECORD DAILY MAXIMUM SNOWFALL OF 4.2 INCHES ON THE 6TH BROKE THE
PREVIOUS RECORD OF 3.9 INCHES SET IN 1989.

FOR THE SECOND CONSECUTIVE YEAR...DULLES AIRPORT HAD ABOVE NORMAL
SNOWFALL IN THE MONTH OF JANUARY. THE LAST TIME THIS HAPPENED IN
BACK-TO-BACK YEARS WAS 1987 AND 1988.

$$
