768
CXUS55 KVEF 011638
CLMIGM

CLIMATE REPORT
NATIONAL WEATHER SERVICE LAS VEGAS, NV
822 AM PST WED FEB 1 2017

...................................

...THE KINGMAN AZ CLIMATE SUMMARY FOR THE MONTH OF JANUARY 2017...

CLIMATE NORMAL PERIOD 1981 TO 2010
CLIMATE RECORD PERIOD 1901 TO 2017

WEATHER         OBSERVED          NORMAL  DEPART  LAST YEAR`S
                 VALUE   DATE(S)  VALUE   FROM    VALUE  DATE(S)
                                          NORMAL
................................................................
TEMPERATURE (F)
RECORD
 HIGH              78   01/12/1923
                        01/13/1923
 LOW               10   01/02/2015
                        01/13/2013
                        01/14/2007
HIGHEST            68   01/31        MM      MM       68  01/30
                                                          01/29
LOWEST             24   01/27        MM      MM       21  01/02
AVG. MAXIMUM     53.6              56.4    -2.8     56.5
AVG. MINIMUM     34.1              31.3     2.8     30.8
MEAN             43.9              43.8     0.1     43.7
DAYS MAX >= 90      0               0.0     0.0        0
DAYS MAX <= 32      0               0.0     0.0        0
DAYS MIN <= 32     13              17.8    -4.8       21
DAYS MIN <= 0       0               0.0     0.0        0

PRECIPITATION (INCHES)
RECORD
 MAXIMUM         5.87   1993
 MINIMUM         0.00   1972
                        1971
                        1948
TOTALS           1.78              1.02    0.76     1.18
DAILY AVG.       0.06              0.03    0.03     0.04
DAYS >= .01        11                MM      MM        7
DAYS >= .10         7                MM      MM        3
DAYS >= .50         1                MM      MM        1
DAYS >= 1.00        0                MM      MM        0
GREATEST
 24 HR. TOTAL    0.64   01/19 TO 01/19

SNOWFALL (INCHES)
RECORDS
 TOTAL           12.0   1905
 24 HR TOTAL      7.0
TOTALS             MM                MM      MM      0.0
SINCE 7/1         0.0
SNOWDEPTH AVG.     MM
DAYS >= TRACE      MM
DAYS >= 1.0        MM
GREATEST
 SNOW DEPTH        MM
 24 HR TOTAL       MM
 STORM TOTAL       MM
 (MM/DD(HH))

DEGREE_DAYS
HEATING TOTAL     646               656     -10      652
 SINCE 7/1       1609              1905    -296     1958
COOLING TOTAL       0                 0       0        0
 SINCE 1/1          0                 0       0        0

FREEZE DATES
RECORD
 EARLIEST     10/22/1996
 LATEST       05/21/1975
EARLIEST                        11/14
LATEST                          04/04
.................................................................

WIND (MPH)
AVERAGE WIND SPEED              9.3
HIGHEST WIND SPEED/DIRECTION    43/220    DATE  01/05
HIGHEST GUST SPEED/DIRECTION    53/230    DATE  01/05

SKY COVER
POSSIBLE SUNSHINE (PERCENT)   MM
AVERAGE SKY COVER           0.40
NUMBER OF DAYS FAIR           16
NUMBER OF DAYS PC             10
NUMBER OF DAYS CLOUDY          5

AVERAGE RH (PERCENT)     56

WEATHER CONDITIONS. NUMBER OF DAYS WITH
THUNDERSTORM              2     MIXED PRECIP               0
HEAVY RAIN                2     RAIN                       4
LIGHT RAIN               12     FREEZING RAIN              0
LT FREEZING RAIN          0     HAIL                       0
HEAVY SNOW                0     SNOW                       0
LIGHT SNOW                2     SLEET                      0
FOG                       6     FOG W/VIS <= 1/4 MILE      0
HAZE                      0

-  INDICATES NEGATIVE NUMBERS.
R  INDICATES RECORD WAS SET OR TIED.
MM INDICATES DATA IS MISSING.
T  INDICATES TRACE AMOUNT.

$$
