445
CXUS52 KILM 012107
CLMILM


CLIMATE REPORT
NATIONAL WEATHER SERVICE WILMINGTON NC
406 PM EST SUN JAN 1 2017

...................................

...THE WILMINGTON NC CLIMATE SUMMARY FOR THE MONTH OF DECEMBER 2016...

CLIMATE NORMAL PERIOD 1981 TO 2010
CLIMATE RECORD PERIOD 1871 TO 2016

WEATHER         OBSERVED          NORMAL  DEPART  LAST YEAR`S
                 VALUE   DATE(S)  VALUE   FROM    VALUE  DATE(S)
                                          NORMAL
................................................................
TEMPERATURE (F)
RECORD
 HIGH              82   12/08/1998
                        12/07/1998
 LOW                0   12/25/1989
HIGHEST            78   12/18                         81  12/30
LOWEST             23   12/16                         28  12/20
                        12/11
AVG. MAXIMUM     60.3              59.3     1.0     70.9
AVG. MINIMUM     39.1              37.8     1.3     52.1
MEAN             49.7              48.6     1.1     61.5
DAYS MAX >= 90      0               0.0     0.0        0
DAYS MAX <= 32      0               0.2    -0.2        0
DAYS MIN <= 32      9               9.6    -0.6        2
DAYS MIN <= 0       0               0.0     0.0        0

PRECIPITATION (INCHES)
RECORD
 MAXIMUM         8.86   2009
 MINIMUM         0.15   1899
TOTALS           5.36              3.62    1.74     5.50
DAILY AVG.       0.17              0.12    0.05     0.18
DAYS >= .01        13               9.4     3.6       15
DAYS >= .10        10               6.0     4.0       11
DAYS >= .50         4               2.5     1.5        3
DAYS >= 1.00        3               0.9     2.1        2
GREATEST
 24 HR. TOTAL    1.28   12/05 TO 12/06

SNOWFALL (INCHES)
RECORDS
 TOTAL           15.3   1989
 24 HR TOTAL      9.6   12/23/1989 TO 12/23/1989
TOTALS            0.0               0.8    -0.8      0.0
SINCE 7/1         0.0               0.8    -0.8      0.0
DAYS >= TRACE       0               0.3    -0.3        0
DAYS >= 1.0         0               0.1    -0.1        0
GREATEST
 SNOW DEPTH         0   MM                             0  MM
 24 HR TOTAL      0.0

DEGREE_DAYS
HEATING TOTAL     470               515     -45      176
COOLING TOTAL       3                 5      -2       76
..................................................

WIND (MPH)
AVERAGE WIND SPEED              7.4
RESULTANT WIND SPEED/DIRECTION   3/332
HIGHEST WIND SPEED/DIRECTION    30/320    DATE  12/29
HIGHEST GUST SPEED/DIRECTION    36/320    DATE  12/29

SKY COVER
POSSIBLE SUNSHINE (PERCENT)   MM
AVERAGE SKY COVER           0.40
NUMBER OF DAYS FAIR           16
NUMBER OF DAYS PC              9
NUMBER OF DAYS CLOUDY          6

AVERAGE RH (PERCENT)     77

WEATHER CONDITIONS. NUMBER OF DAYS WITH
THUNDERSTORM              2     MIXED PRECIP               0
HEAVY RAIN                9     RAIN                      12
LIGHT RAIN               13     FREEZING RAIN              0
LT FREEZING RAIN          0     HAIL                       0
HEAVY SNOW                0     SNOW                       0
LIGHT SNOW                0     SLEET                      0
FOG                      21     FOG W/VIS <= 1/4 MILE      2
HAZE                      0

-  INDICATES NEGATIVE NUMBERS.
R  INDICATES RECORD WAS SET OR TIED.
MM INDICATES DATA IS MISSING.
T  INDICATES TRACE AMOUNT.

$$
