000
CXUS52 KILM 012004
CLMILM


CLIMATE REPORT
NATIONAL WEATHER SERVICE WILMINGTON NC
357 PM EDT SAT AUG 1 2015

...................................

...THE WILMINGTON NC CLIMATE SUMMARY FOR THE MONTH OF JULY 2015...

CLIMATE NORMAL PERIOD 1981 TO 2010
CLIMATE RECORD PERIOD 1871 TO 2015

WEATHER         OBSERVED          NORMAL  DEPART  LAST YEAR`S
                 VALUE   DATE(S)  VALUE   FROM    VALUE  DATE(S)
                                          NORMAL
................................................................
TEMPERATURE (F)
RECORD
 HIGH             103   07/12/1879
 LOW               54   07/01/1919
HIGHEST            99   07/21                         94  07/27
                        07/10                             07/24
                                                          07/09
LOWEST             65   07/25                         65  07/06
AVG. MAXIMUM     91.4              89.7     1.7     87.6
AVG. MINIMUM     73.7              72.6     1.1     71.9
MEAN             82.5              81.1     1.4     79.8
DAYS MAX >= 90     20              14.9     5.1       12
DAYS MAX <= 32      0               0.0     0.0        0
DAYS MIN <= 32      0               0.0     0.0        0
DAYS MIN <= 0       0               0.0     0.0        0

PRECIPITATION (INCHES)
RECORD
 MAXIMUM        21.12   1886
 MINIMUM         1.08   1900
TOTALS           3.31              7.48   -4.17    12.00
DAILY AVG.       0.11              0.24   -0.13     0.39
DAYS >= .01         8              16.4    -8.4       14
DAYS >= .10         4               9.5    -5.5        9
DAYS >= .50         2               4.5    -2.5        7
DAYS >= 1.00        2               2.2    -0.2        4
GREATEST
 24 HR. TOTAL    1.58   07/22 TO 07/23

SNOWFALL (INCHES)
RECORDS
 TOTAL             MM   MM
 24 HR TOTAL       MM
TOTALS            0.0               0.0     0.0      0.0
SINCE 7/1         0.0               0.0     0.0      0.0
DAYS >= TRACE       0               0.0     0.0        0
DAYS >= 1.0         0               0.0     0.0        0
GREATEST
 SNOW DEPTH         0   MM                             0  MM
 24 HR TOTAL      0.0   MM

DEGREE_DAYS
HEATING TOTAL       0                 0       0        0
COOLING TOTAL     551               501      50      468
....................................................

WIND (MPH)
AVERAGE WIND SPEED              7.8
RESULTANT WIND SPEED/DIRECTION   3/214
HIGHEST WIND SPEED/DIRECTION    33/320    DATE  07/23
HIGHEST GUST SPEED/DIRECTION    42/320    DATE  07/23

SKY COVER
POSSIBLE SUNSHINE (PERCENT)   MM
AVERAGE SKY COVER           0.20
NUMBER OF DAYS FAIR           24
NUMBER OF DAYS PC              7
NUMBER OF DAYS CLOUDY          0

AVERAGE RH (PERCENT)     73

WEATHER CONDITIONS. NUMBER OF DAYS WITH
THUNDERSTORM              8     MIXED PRECIP               0
HEAVY RAIN                3     RAIN                       3
LIGHT RAIN               11     FREEZING RAIN              0
LT FREEZING RAIN          0     HAIL                       0
HEAVY SNOW                0     SNOW                       0
LIGHT SNOW                0     SLEET                      0
FOG                       8     FOG W/VIS <= 1/4 MILE      1
HAZE                      2

-  INDICATES NEGATIVE NUMBERS.
R  INDICATES RECORD WAS SET OR TIED.
MM INDICATES DATA IS MISSING.
T  INDICATES TRACE AMOUNT.

$$
