000
CXUS53 KLBF 011258
CLMIML


CLIMATE REPORT
NATIONAL WEATHER SERVICE NORTH PLATTE
757 AM CDT SAT APR 1 2017

...................................

...THE IMPERIAL NE CLIMATE SUMMARY FOR THE MONTH OF MARCH 2017...

CLIMATE NORMAL PERIOD 1981 TO 2010
CLIMATE RECORD PERIOD 1893 TO 2017

WEATHER         OBSERVED          NORMAL  DEPART  LAST YEAR`S
                 VALUE   DATE(S)  VALUE   FROM    VALUE  DATE(S)
                                          NORMAL
................................................................
TEMPERATURE (F)
RECORD
 HIGH              89   03/16/2015
                        03/29/1967
                        03/31/1946
 LOW              -24   03/03/1960
HIGHEST            87   03/19        78       9       81  03/21
LOWEST             18   03/08         7      11        5  03/20
AVG. MAXIMUM     61.1              54.1     7.0     60.0
AVG. MINIMUM     29.5              25.6     3.9     27.4
MEAN             45.5              39.8     5.7     43.7
DAYS MAX >= 90      0               0.0     0.0        0
DAYS MAX <= 32      0               1.5    -1.5        0
DAYS MIN <= 32     19              25.5    -6.5       25
DAYS MIN <= 0       0               0.2    -0.2        0

PRECIPITATION (INCHES)
RECORD
 MAXIMUM         6.15   1981
 MINIMUM         0.10   1968
TOTALS           1.47              1.07    0.40     0.48
DAILY AVG.       0.05              0.03    0.02     0.02
DAYS >= .01         6                MM      MM        5
DAYS >= .10         2                MM      MM        1
DAYS >= .50         2                MM      MM        0
DAYS >= 1.00        0                MM      MM        0
GREATEST
 24 HR. TOTAL    0.70   03/28 TO 03/28

SNOWFALL (INCHES)
TOTALS             MM

DEGREE_DAYS
HEATING TOTAL     577               780    -203      653
 SINCE 7/1       4657              5369    -712     4667
COOLING TOTAL       0                 0       0        0
 SINCE 1/1          0                 0       0        0
....................................................

WIND (MPH)
HIGHEST WIND SPEED/DIRECTION    43/010    DATE  03/24
HIGHEST GUST SPEED/DIRECTION    61/290    DATE  03/07

AVERAGE RH (PERCENT)     55

WEATHER CONDITIONS. NUMBER OF DAYS WITH
THUNDERSTORM              0     MIXED PRECIP               0
HEAVY RAIN                1     RAIN                       3
LIGHT RAIN                7     FREEZING RAIN              0
LT FREEZING RAIN          1     HAIL                       0
HEAVY SNOW                0     SNOW                       0
LIGHT SNOW                1     SLEET                      0
FOG                      11     FOG W/VIS <= 1/4 MILE      2
HAZE                      6

-  INDICATES NEGATIVE NUMBERS.
R  INDICATES RECORD WAS SET OR TIED.
MM INDICATES DATA IS MISSING.
T  INDICATES TRACE AMOUNT.

$$
