000
CXUS53 KLBF 012029
CLMIML


CLIMATE REPORT
NATIONAL WEATHER SERVICE NORTH PLATTE
329 PM CDT FRI AUG 1 2014

...................................

...THE IMPERIAL NE CLIMATE SUMMARY FOR THE MONTH OF JULY 2014...

CLIMATE NORMAL PERIOD 1981 TO 2010
CLIMATE RECORD PERIOD 1893 TO 2014

WEATHER         OBSERVED          NORMAL  DEPART  LAST YEAR`S
                 VALUE   DATE(S)  VALUE   FROM    VALUE  DATE(S)
                                          NORMAL
................................................................
TEMPERATURE (F)
RECORD
 HIGH             116   07/20/1934
 LOW               37   07/01/1918
HIGHEST           105   07/24       101       4      104  07/12
                        07/20
LOWEST             50   07/15        52      -2       49  07/02
AVG. MAXIMUM     88.3              91.0    -2.7     88.8
AVG. MINIMUM     60.6              61.8    -1.2     60.9
MEAN             74.4              76.4    -2.0     74.8
DAYS MAX >= 90     14              17.6    -3.6       17
DAYS MAX <= 32      0               0.0     0.0        0
DAYS MIN <= 32      0               0.0     0.0        0
DAYS MIN <= 0       0               0.0     0.0        0

PRECIPITATION (INCHES)
RECORD
 MAXIMUM         6.97   1993
 MINIMUM         0.36   1934
TOTALS           1.33              2.89   -1.56     1.73
DAILY AVG.       0.04              0.09   -0.05     0.06
DAYS >= .01         7                MM      MM       10
DAYS >= .10         4                MM      MM        4
DAYS >= .50         0                MM      MM        1
DAYS >= 1.00        0                MM      MM        0
GREATEST
 24 HR. TOTAL    0.64   07/29 TO 07/30           07/13 TO 07/14
                                                          07/14 TO 07/14
                                                          07/14 TO 07/14

SNOWFALL (INCHES)
TOTALS             MM

DEGREE_DAYS
HEATING TOTAL      11                 2       9        8
 SINCE 7/1         11                 2       9        8
COOLING TOTAL     309               356     -47      322
 SINCE 1/1        537               584     -47      621
.....................................................

WIND (MPH)
HIGHEST WIND SPEED/DIRECTION    38/200    DATE  07/04
HIGHEST GUST SPEED/DIRECTION    49/200    DATE  07/04

AVERAGE RH (PERCENT)     61

WEATHER CONDITIONS. NUMBER OF DAYS WITH
THUNDERSTORM              0     MIXED PRECIP               0
HEAVY RAIN                4     RAIN                       4
LIGHT RAIN                9     FREEZING RAIN              0
LT FREEZING RAIN          0     HAIL                       0
HEAVY SNOW                0     SNOW                       0
LIGHT SNOW                0     SLEET                      0
FOG                      12     FOG W/VIS <= 1/4 MILE      2
HAZE                      6

-  INDICATES NEGATIVE NUMBERS.
R  INDICATES RECORD WAS SET OR TIED.
MM INDICATES DATA IS MISSING.
T  INDICATES TRACE AMOUNT.

$$
