000
CXUS53 KIND 011515
CLMIND


CLIMATE REPORT
NATIONAL WEATHER SERVICE INDIANAPOLIS IN
1110 AM EDT THU JUN 1 2017

...................................

...THE INDIANAPOLIS IN CLIMATE SUMMARY FOR THE MONTH OF MAY 2017...

CLIMATE NORMAL PERIOD 1981 TO 2010
CLIMATE RECORD PERIOD 1871 TO 2017

WEATHER         OBSERVED          NORMAL  DEPART  LAST YEAR`S
                 VALUE   DATE(S)  VALUE   FROM    VALUE  DATE(S)
                                          NORMAL
................................................................
TEMPERATURE (F)
RECORD
 HIGH              96   05/28/1911
                        05/31/1895
 LOW               28   05/10/1966
HIGHEST            85   05/18                         87  05/31
LOWEST             35   05/08                         36  05/16
AVG. MAXIMUM     72.0              72.8    -0.8     71.8
AVG. MINIMUM     52.7              52.6     0.1     52.8
MEAN             62.3              62.7    -0.4     62.3
DAYS MAX >= 90      0               0.1    -0.1        0
DAYS MAX <= 32      0               0.0     0.0        0
DAYS MIN <= 32      0               0.2    -0.2        0
DAYS MIN <= 0       0               0.0     0.0        0

PRECIPITATION (INCHES)
RECORD
 MAXIMUM        10.10   1943
 MINIMUM         0.60   1934
                        1932
TOTALS           8.51              5.05    3.46     3.74
DAILY AVG.       0.27              0.16    0.11     0.12
DAYS >= .01        16              13.1     2.9       17
DAYS >= .10        13               8.8     4.2       11
DAYS >= .50         7               3.7     3.3        1
DAYS >= 1.00        1               1.3    -0.3        1
GREATEST
 24 HR. TOTAL    2.17   05/04 TO 05/04

SNOWFALL (INCHES)
RECORDS
 TOTAL            2.4   1897
 SNOW DEPTH         1   05/02/1929
TOTALS            0.0                 T     0.0        T
SINCE 7/1         9.7              25.9   -16.2     13.3
SNOWDEPTH AVG.      0
DAYS >= 1.0         0               0.0     0.0        0
DAYS >= 0.1         0                                  0
GREATEST
 SNOW DEPTH         0   MM                             0  MM
 24 HR TOTAL      0.0   MM                             T  05/01 TO 05/01

DEGREE_DAYS
HEATING TOTAL     147               140       7      159
 SINCE 7/1       4272              5362   -1090     4444
COOLING TOTAL      74                69       5       83
 SINCE 1/1        106                84      22      101
..................................................

WIND (MPH)
AVERAGE WIND SPEED              10.8
HIGHEST WIND SPEED/DIRECTION    37/240    DATE  05/01
HIGHEST GUST SPEED/DIRECTION    47/200    DATE  05/17

SKY COVER
POSSIBLE SUNSHINE (PERCENT)   MM
AVERAGE SKY COVER           0.60
NUMBER OF DAYS FAIR            5
NUMBER OF DAYS PC             17
NUMBER OF DAYS CLOUDY          9

AVERAGE RH (PERCENT)     69

WEATHER CONDITIONS. NUMBER OF DAYS WITH
THUNDERSTORM              8     MIXED PRECIP               0
HEAVY RAIN                5     RAIN                      11
LIGHT RAIN               19     FREEZING RAIN              0
LT FREEZING RAIN          0     HAIL                       0
HEAVY SNOW                0     SNOW                       0
LIGHT SNOW                0     SLEET                      0
FOG                      16     FOG W/VIS <= 1/4 MILE      1
HAZE                      3

-  INDICATES NEGATIVE NUMBERS.
R  INDICATES RECORD WAS SET OR TIED.
MM INDICATES DATA IS MISSING.
T  INDICATES TRACE AMOUNT.

$$
