000
CXUS53 KDLH 040137
CLMINL

CLIMATE REPORT
NATIONAL WEATHER SERVICE DULUTH MN
837 PM CDT THU JUL 3 2014

...................................

...THE INTERNATIONAL FALLS MN CLIMATE SUMMARY FOR THE MONTH OF JUNE 2014...

CLIMATE NORMAL PERIOD 1981 TO 2010
CLIMATE RECORD PERIOD 1895 TO 2014

WEATHER         OBSERVED          NORMAL  DEPART  LAST YEAR`S
                 VALUE   DATE(S)  VALUE   FROM    VALUE  DATE(S)
                                          NORMAL
................................................................
TEMPERATURE (F)
RECORD
 HIGH             101   06/27/1912
 LOW               23   06/01/1964
HIGHEST            83   06/28        MM      MM       87  06/25
LOWEST             34   06/08        MM      MM       30  06/03
                                                          06/02
AVG. MAXIMUM     71.2              73.2    -2.0     73.3
AVG. MINIMUM     51.6              48.4     3.2     47.2
MEAN             61.4              60.8     0.6     60.2
DAYS MAX >= 90      0               0.9    -0.9        0
DAYS MAX <= 32      0               0.0     0.0        0
DAYS MIN <= 32      0               0.3    -0.3        2
DAYS MIN <= 0       0               0.0     0.0        0

PRECIPITATION (INCHES)
RECORD
 MAXIMUM         8.30   2002
 MINIMUM         0.70   1961
TOTALS          10.24R             3.92    6.32     1.60
DAILY AVG.       0.34              0.13    0.21     0.05
DAYS >= .01        17              13.7     3.3       13
DAYS >= .10        11               7.8     3.2        7
DAYS >= .50         7               2.5     4.5        0
DAYS >= 1.00        4               0.7     3.3        0
GREATEST
 24 HR. TOTAL    3.59   06/11 TO 06/12

DEGREE_DAYS
HEATING TOTAL     129               164     -35      169
 SINCE 7/1      11511             10221    1290    10713
COOLING TOTAL      29                38      -9       34
 SINCE 1/1         52                47       5       37
.................................................................

WIND (MPH)
AVERAGE WIND SPEED              7.8
HIGHEST WIND SPEED/DIRECTION    32/330    DATE  06/12
HIGHEST GUST SPEED/DIRECTION    45/330    DATE  06/12

SKY COVER
POSSIBLE SUNSHINE (PERCENT)   MM
AVERAGE SKY COVER           0.60
NUMBER OF DAYS FAIR            7
NUMBER OF DAYS PC             14
NUMBER OF DAYS CLOUDY          9

AVERAGE RH (PERCENT)     75

WEATHER CONDITIONS. NUMBER OF DAYS WITH
THUNDERSTORM              0     MIXED PRECIP               0
HEAVY RAIN               11     RAIN                      10
LIGHT RAIN               17     FREEZING RAIN              0
LT FREEZING RAIN          0     HAIL                       0
HEAVY SNOW                0     SNOW                       0
LIGHT SNOW                0     SLEET                      0
FOG                      15     FOG W/VIS <= 1/4 MILE      0
HAZE                      3

-  INDICATES NEGATIVE NUMBERS.
R  INDICATES RECORD WAS SET OR TIED.
MM INDICATES DATA IS MISSING.
T  INDICATES TRACE AMOUNT.

$$

.JUNE 2014 WAS WARMER AND MUCH WETTER THAN NORMAL AT INTERNATIONAL
FALLS MN...

THE AVERAGE TEMPERATURE FOR JUNE WAS 61.4 DEGREES WHICH WAS 0.6
DEGREES WARMER THAN THE NORMAL OF 60.8 DEGREES TYING THIS FOR THE
40TH WARMEST JUNE IN STATION HISTORY. THE HIGHEST TEMPERATURE FOR
THE MONTH WAS 83 DEGREES ON THE 28TH. THE LOWEST TEMPERATURE WAS 34
DEGREES ON THE 8TH. NO DAILY TEMPERATURE WERE SET FOR THE MONTH.

JUNE 2014 HAD ABOVE NORMAL PRECIPITATION WITH A TOTAL OF 10.24
INCHES WHICH WAS 6.32 INCHES ABOVE THE NORMAL OF 3.92 INCHES MAKING
THIS THE WETTEST JUNE IN RECORDED HISTORY. THE GREATEST AMOUNT OF
PRECIPITATION IN A 24 HOUR PERIOD OCCURRED ON THE 11TH THROUGH THE
12TH WHEN 3.59 INCHES WAS RECORDED. AT LEAST A TRACE OF
PRECIPITATION WAS REPORTED ON 19 DAYS. AT LEAST 0.01 INCHES OF
PRECIPITATION FELL ON 17 DAYS. AT LEAST 0.10 INCHES OF PRECIPITATION
FELL ON 11 DAYS. AT LEAST 0.50 INCHES OF PRECIPITATION FELL ON 7
DAYS. AT LEAST 1.00 INCHES OF PRECIPITATION FELL ON 4 DAYS. THREE
DAILY PRECIPITATION RECORD WERE SET FOR THE MONTH. 1.09 INCHES OF
PRECIPITION FELL ON THE 11TH BREAKING THE OLD RECORD OF 0.99 INCHES
SET IN 1994. 2.65 INCHES OF RAIN FELL ON THE 12TH BREAKING THE OLD
RECORD OF 1.50 SET IN 1976. 1.42 INCHES OF PRECIPITATION FELL ON THE
15TH BEAKING THE OLD RECORD OF 1.08 INCHES SET IN 1950.

THE AVERAGE WIND SPEED FOR THE MONTH WAS 7.8 MPH. THE WINDIEST DAY
FOR THE MONTH WAS ON THE 12TH WITH AN AVERAGE WIND SPEED OF 14.9
MPH. THE GREATEST SUSTAINED WINDS OCCURRED ON THE 12TH WITH A WIND
FROM THE NORTHWEST AT 32 MPH. A PEAK GUST OF 45 MPH FROM THE
NORTHWEST WAS RECORDED ON THE 12TH. THERE WERE 129 HEATING DEGREE
DAYS FOR THE MONTH WHICH WAS 35 BELOW THE NORMAL OF 164. THIS
BROUGHT THE SEASONAL TOTAL TO 11511 WHICH WAS 1290 ABOVE THE NORMAL
OF 10221. THERE WERE 29 COOLING DEGREE DAYS FOR THE MONTH WHICH WAS
9 BELOW THE NORMAL OF 38. THE SEASONAL TOTAL COOLING DEGREE DAYS IS
52 WHICH IS 5 ABOVE THE NORMAL OF 47. THE HIGHEST BAROMETRIC
PRESSURE READING FOR THE MONTH WAS 30.16 INCHES REACHED ON THE 25TH.
THE LOWEST BAROMETRIC WAS 29.30 INCHES REACHED ON THE 30TH.

THE OUTLOOK FOR JULY...NORMAL HIGHS START IN THE MID 70S AND WARM TO
THE UPPER 70S AT THE END OF THE MONTH. NORMAL LOWS FOR THE MONTH
START ARE IN THE LOWER 50S. NORMAL PRECIPITATION FOR JULY IS 3.70
INCHES. NEAR NORMAL TEMPERATURES AND NEAR NORMAL PRECIPITATION ARE
FORECASTED FOR JULY.

$$

KK
