000
CXUS51 KCTP 010753
CLMIPT

CLIMATE REPORT
NATIONAL WEATHER SERVICE STATE COLLEGE PA
236 AM EST FRI DEC 1 2017

...................................

...THE WILLIAMSPORT PA CLIMATE SUMMARY FOR THE MONTH OF NOVEMBER 2017...

CLIMATE NORMAL PERIOD 1981 TO 2010
CLIMATE RECORD PERIOD 1895 TO 2017

WEATHER         OBSERVED          NORMAL  DEPART  LAST YEAR`S
                 VALUE   DATE(S)  VALUE   FROM    VALUE  DATE(S)
                                          NORMAL
................................................................
TEMPERATURE (F)
RECORD
 HIGH              83   11/01/1950
 LOW                3   11/27/1938
HIGHEST            64   11/02                         70  11/03
LOWEST             19   11/11                         23  11/23

AVG. MAXIMUM     51.0              49.9     1.1     55.0
AVG. MINIMUM     32.0              33.3    -1.3     34.5
MEAN             41.5              41.6    -0.1     44.8
DAYS MAX >= 90      0               0.0     0.0        0
DAYS MAX <= 32      0               0.5    -0.5        0
DAYS MIN <= 32     19              13.8     5.2       12
DAYS MIN <= 0       0               0.0     0.0        0

PRECIPITATION (INCHES)
RECORD
 MAXIMUM         8.09   1972
 MINIMUM         0.51   1904

TOTALS           1.23              3.74   -2.51     1.20
DAILY AVG.       0.04              0.12   -0.08     0.04
DAYS >= .01        12              11.0     1.0        8
DAYS >= .10         4               6.3    -2.3        3
DAYS >= .50         0               2.4    -2.4        1
DAYS >= 1.00        0               1.0    -1.0        0
GREATEST
 24 HR. TOTAL    0.31   11/18 TO 11/18

SNOWFALL (INCHES)
RECORDS
 TOTAL           13.8   1995
TOTALS            0.1               1.7    -1.6      0.1
SINCE 7/1         0.1               1.8    -1.7      0.1
SNOWDEPTH AVG.      0                MM      MM        0
DAYS >= 1.0         0               0.5    -0.5        0
GREATEST
 SNOW DEPTH         T   11/20                          0  MM
 24 HR TOTAL      0.1   11/19 TO 11/19

DEGREE_DAYS
HEATING TOTAL     698               702      -4      600
 SINCE 7/1        984              1245    -261      934
COOLING TOTAL       0                 0       0        0
 SINCE 1/1        929               702     227     1148
.................................................

WIND (MPH)
AVERAGE WIND SPEED              5.5
HIGHEST WIND SPEED/DIRECTION    38/270    DATE  11/16
HIGHEST GUST SPEED/DIRECTION    50/280    DATE  11/16

SKY COVER
POSSIBLE SUNSHINE (PERCENT)   MM
AVERAGE SKY COVER           0.50
NUMBER OF DAYS FAIR            9
NUMBER OF DAYS PC             11
NUMBER OF DAYS CLOUDY          9

AVERAGE RH (PERCENT)     69

WEATHER CONDITIONS. NUMBER OF DAYS WITH
THUNDERSTORM              0     MIXED PRECIP               0
HEAVY RAIN                2     RAIN                       5
LIGHT RAIN               15     FREEZING RAIN              0
LT FREEZING RAIN          0     HAIL                       0
HEAVY SNOW                0     SNOW                       1
LIGHT SNOW                3     SLEET                      0
FOG                      12     FOG W/VIS <= 1/4 MILE      3
HAZE                      1

-  INDICATES NEGATIVE NUMBERS.
R  INDICATES RECORD WAS SET OR TIED.
MM INDICATES DATA IS MISSING.
T  INDICATES TRACE AMOUNT.

$$

LA CORTE
