000
CXUS53 KEAX 020422
CLMIRK

CLIMATE REPORT
NATIONAL WEATHER SERVICE KANSAS CITY/PLEASANT HILL MO
1117 PM CDT MON MAY 1 2017

...................................

...THE KIRKSVILLE CLIMATE SUMMARY FOR THE MONTH OF APRIL 2017...

CLIMATE NORMAL PERIOD 1981 TO 2010
CLIMATE RECORD PERIOD 9999 TO 9999

WEATHER         OBSERVED          NORMAL  DEPART  LAST YEAR`S
                 VALUE   DATE(S)  VALUE   FROM    VALUE  DATE(S)
                                          NORMAL
................................................................
TEMPERATURE (F)
HIGHEST            84   04/19        82       2       81  04/17
LOWEST             29   04/07        24       5       21  04/09
AVG. MAXIMUM     67.1              62.8     4.3     65.6
AVG. MINIMUM     44.8              40.8     4.0     42.1
MEAN             56.0              51.8     4.2     53.8
DAYS MAX >= 90      0               0.0     0.0        0
DAYS MAX <= 32      0               0.1    -0.1        0
DAYS MIN <= 32      1               5.7    -4.7        6
DAYS MIN <= 0       0               0.0     0.0        0

PRECIPITATION (INCHES)
TOTALS           6.13              3.84    2.29     2.99
DAILY AVG.       0.20              0.13    0.07     0.10
DAYS >= .01        12              10.8     1.2       13
DAYS >= .10         9               7.1     1.9        9
DAYS >= .50         6               2.6     3.4        2
DAYS >= 1.00        2               1.0     1.0        0
GREATEST
 24 HR. TOTAL    1.54   04/29 TO 04/29

DEGREE_DAYS
HEATING TOTAL     286               403    -117      335
 SINCE 7/1       4457              5690   -1233     4568
COOLING TOTAL      24                 7      17        8
 SINCE 1/1         24                 7      17        8
.................................................................

WIND (MPH)
AVERAGE WIND SPEED              10.4
HIGHEST WIND SPEED/DIRECTION    36/100    DATE  04/30
HIGHEST GUST SPEED/DIRECTION    47/100    DATE  04/30

SKY COVER
POSSIBLE SUNSHINE (PERCENT)   MM
AVERAGE SKY COVER           0.40
NUMBER OF DAYS FAIR           19
NUMBER OF DAYS PC              2
NUMBER OF DAYS CLOUDY          9

AVERAGE RH (PERCENT)     65

WEATHER CONDITIONS. NUMBER OF DAYS WITH
THUNDERSTORM              8     MIXED PRECIP               0
HEAVY RAIN                4     RAIN                       8
LIGHT RAIN               12     FREEZING RAIN              0
LT FREEZING RAIN          0     HAIL                       0
HEAVY SNOW                0     SNOW                       0
LIGHT SNOW                0     SLEET                      0
FOG                       9     FOG W/VIS <= 1/4 MILE      0
HAZE                      7

-  INDICATES NEGATIVE NUMBERS.
R  INDICATES RECORD WAS SET OR TIED.
MM INDICATES DATA IS MISSING.
T  INDICATES TRACE AMOUNT.

$$
