000
CXUS53 KEAX 010749 RRA
CLMIRK

CLIMATE REPORT
NATIONAL WEATHER SERVICE KANSAS CITY/PLEASANT HILL MO
244 AM CDT SAT JUL 1 2017

...................................

...THE KIRKSVILLE CLIMATE SUMMARY FOR THE MONTH OF JUNE 2017...

CLIMATE NORMAL PERIOD 1981 TO 2010
CLIMATE RECORD PERIOD 9999 TO 9999

WEATHER         OBSERVED          NORMAL  DEPART  LAST YEAR`S
                 VALUE   DATE(S)  VALUE   FROM    VALUE  DATE(S)
                                          NORMAL
................................................................
TEMPERATURE (F)
HIGHEST            93   06/14        91       2       97  06/15
                        06/13
                        06/12
LOWEST             48   06/26        48       0       51  06/08
                        06/08
AVG. MAXIMUM     85.4              81.0     4.4     87.6
AVG. MINIMUM     60.2              60.7    -0.5     63.6
MEAN             72.8              70.8     2.0     75.6
DAYS MAX >= 90      8               2.1     5.9       14
DAYS MAX <= 32      0               0.0     0.0        0
DAYS MIN <= 32      0               0.0     0.0        0
DAYS MIN <= 0       0               0.0     0.0        0

PRECIPITATION (INCHES)
TOTALS           5.00              4.78    0.22     1.49
DAILY AVG.       0.17              0.16    0.01     0.05
DAYS >= .01         7              12.4    -5.4        3
DAYS >= .10         6               8.5    -2.5        3
DAYS >= .50         5               4.5     0.5        2
DAYS >= 1.00        2               1.5     0.5        0
GREATEST
 24 HR. TOTAL    1.27   06/28 TO 06/28

DEGREE_DAYS
HEATING TOTAL       7                16      -9        0
 SINCE 7/1       4620              5856   -1236     4738
COOLING TOTAL     248               192      56      323
 SINCE 1/1        340               254      86      395
.................................................................

WIND (MPH)
AVERAGE WIND SPEED              8.3
HIGHEST WIND SPEED/DIRECTION    32/030    DATE  06/14
HIGHEST GUST SPEED/DIRECTION    50/280    DATE  06/28

SKY COVER
POSSIBLE SUNSHINE (PERCENT)   MM
AVERAGE SKY COVER           0.10
NUMBER OF DAYS FAIR           26
NUMBER OF DAYS PC              4
NUMBER OF DAYS CLOUDY          0

AVERAGE RH (PERCENT)     67

WEATHER CONDITIONS. NUMBER OF DAYS WITH
THUNDERSTORM              7     MIXED PRECIP               0
HEAVY RAIN                6     RAIN                       3
LIGHT RAIN                6     FREEZING RAIN              0
LT FREEZING RAIN          0     HAIL                       0
HEAVY SNOW                0     SNOW                       0
LIGHT SNOW                0     SLEET                      0
FOG                       9     FOG W/VIS <= 1/4 MILE      0
HAZE                      0

-  INDICATES NEGATIVE NUMBERS.
R  INDICATES RECORD WAS SET OR TIED.
MM INDICATES DATA IS MISSING.
T  INDICATES TRACE AMOUNT.

$$
