630
CXUS53 KGLD 021025
CLMITR

CLIMATE REPORT
NATIONAL WEATHER SERVICE GOODLAND
321 AM MST THU MAR 2 2017

...................................

...THE BURLINGTON CLIMATE SUMMARY FOR THE MONTH OF FEBRUARY 2017...

CLIMATE NORMAL PERIOD 1981 TO 2010
CLIMATE RECORD PERIOD 1896 TO 2017

WEATHER         OBSERVED          NORMAL  DEPART  LAST YEAR`S
                 VALUE   DATE(S)  VALUE   FROM    VALUE  DATE(S)
                                          NORMAL
................................................................
TEMPERATURE (F)
RECORD
 HIGH              86   02/10/2017
 LOW              -23   02/05/1982
                        02/08/1936
                        02/09/1933
HIGHEST            86R  02/10        69      17       80  02/18
LOWEST              6   02/26         0       6        2  02/04
                                                          02/03
AVG. MAXIMUM     56.2              44.7    11.5     50.3
AVG. MINIMUM     23.7              18.4     5.3     22.8
MEAN             39.9              31.6     8.3     36.6
DAYS MAX >= 90      0               0.0     0.0        0
DAYS MAX <= 32      4               4.8    -0.8        4
DAYS MIN <= 32     23              27.2    -4.2       27
DAYS MIN <= 0       0               1.1    -1.1        0

PRECIPITATION (INCHES)
RECORD
 MAXIMUM         2.74   1960
 MINIMUM         0.00   2006
TOTALS              T              0.42   -0.42     0.80
DAILY AVG.          T              0.01   -0.01     0.03
DAYS >= .01         0                MM      MM        3
DAYS >= .10         0                MM      MM        2
DAYS >= .50         0                MM      MM        1
DAYS >= 1.00        0                MM      MM        0
GREATEST
 24 HR. TOTAL       T   02/28                       0.67


.................................................................



-  INDICATES NEGATIVE NUMBERS.
R  INDICATES RECORD WAS SET OR TIED.
MM INDICATES DATA IS MISSING.
T  INDICATES TRACE AMOUNT.

$$
