000
CXUS54 KMEG 020034
CLMJBR


CLIMATE REPORT
NATIONAL WEATHER SERVICE MEMPHIS TN
731 PM CDT SAT AUG 1 2015

...................................

...THE JONESBORO CLIMATE SUMMARY FOR THE MONTH OF JULY 2015...

CLIMATE NORMAL PERIOD 1981 TO 2010
CLIMATE RECORD PERIOD 1897 TO 2015

WEATHER         OBSERVED          NORMAL  DEPART  LAST YEAR`S
                 VALUE   DATE(S)  VALUE   FROM    VALUE  DATE(S)
                                          NORMAL
................................................................
TEMPERATURE (F)
RECORD
 HIGH             116   07/12/1901
 LOW               50   07/06/1915
                        07/25/1911
HIGHEST            96   07/29        91       5       93  07/13
                        07/20
                        07/19
LOWEST             68   07/05        71    -3.0       57  07/17
                        07/04
AVG. MAXIMUM     90.6              90.8    -0.2     84.4
AVG. MINIMUM     73.3              70.9     2.4     66.3
MEAN             82.0              80.8     1.2     75.3
DAYS MAX >= 90     20              18.7     1.3        4
DAYS MAX <= 32      0               0.0     0.0        0
DAYS MIN <= 32      0               0.0     0.0        0
DAYS MIN <= 0       0               0.0     0.0        0

PRECIPITATION (INCHES)
RECORD
 MAXIMUM         7.96   1922
 MINIMUM         0.08   1980
TOTALS           6.60              3.54    3.06     1.99
DAILY AVG.       0.21              0.11    0.10     0.06
DAYS >= .01        13                MM      MM       11
DAYS >= .10        10                MM      MM        5
DAYS >= .50         7                MM      MM        1
DAYS >= 1.00        1                MM      MM        0
GREATEST
 24 HR. TOTAL    2.18   07/21 TO 07/22

SNOWFALL (INCHES)
RECORDS
 TOTAL             MM   MM
TOTALS            0.0               0.0     0.0      0.0
SINCE 7/1         0.0               0.0     0.0      0.0
SNOWDEPTH AVG.      0                MM      MM        0
DAYS >= 1.0         0                MM      MM        0
GREATEST
 SNOW DEPTH         0   MM                             0  MM
 24 HR TOTAL      0.0   07/31 TO 07/31

DEGREE_DAYS
HEATING TOTAL       0                 0       0        0
 SINCE 7/1          0                 0       0        0
COOLING TOTAL     532               491      41      328
 SINCE 1/1       1137              1087      50      968
.................................................................

WIND (MPH)
AVERAGE WIND SPEED              6.8
HIGHEST WIND SPEED/DIRECTION    40/310    DATE  07/14
HIGHEST GUST SPEED/DIRECTION    59/320    DATE  07/14

SKY COVER
POSSIBLE SUNSHINE (PERCENT)   MM
AVERAGE SKY COVER           0.20
NUMBER OF DAYS FAIR           23
NUMBER OF DAYS PC              8
NUMBER OF DAYS CLOUDY          0

AVERAGE RH (PERCENT)     77

WEATHER CONDITIONS. NUMBER OF DAYS WITH
THUNDERSTORM              0     MIXED PRECIP               0
HEAVY RAIN               11     RAIN                       9
LIGHT RAIN               12     FREEZING RAIN              0
LT FREEZING RAIN          0     HAIL                       0
HEAVY SNOW                0     SNOW                       0
LIGHT SNOW                0     SLEET                      0
FOG                      17     FOG W/VIS <= 1/4 MILE      1
HAZE                      3

-  INDICATES NEGATIVE NUMBERS.
R  INDICATES RECORD WAS SET OR TIED.
MM INDICATES DATA IS MISSING.
T  INDICATES TRACE AMOUNT.

$$
