000
CXUS51 KOKX 022308
CLMJFK

CLIMATE REPORT
NATIONAL WEATHER SERVICE NEW YORK NY
608 PM EST FRI FEB 2 2018

...................................

...THE KENNEDY NY CLIMATE SUMMARY FOR THE MONTH OF JANUARY 2018...

CLIMATE NORMAL PERIOD 1981 TO 2010
CLIMATE RECORD PERIOD 1948 TO 2018

WEATHER         OBSERVED          NORMAL  DEPART  LAST YEAR`S
                 VALUE   DATE(S)  VALUE   FROM    VALUE  DATE(S)
                                          NORMAL
................................................................
TEMPERATURE (F)
RECORD
 HIGH              71   01/06/2007
 LOW               -2   01/21/1985
HIGHEST            54   01/23        MM      MM       61  01/12
                        01/20
                        01/12
LOWEST              4   01/07        MM      MM       13  01/09
AVG. MAXIMUM     37.5              39.1    -1.6     43.9
AVG. MINIMUM     22.9              26.3    -3.4     33.3
MEAN             30.2              32.7    -2.5     38.6
DAYS MAX >= 90      0               0.0     0.0        0
DAYS MAX <= 32     11               7.0     4.0        4
DAYS MIN <= 32     26              21.8     4.2       12
DAYS MIN <= 0       0               0.0     0.0        0

PRECIPITATION (INCHES)
RECORD
 MAXIMUM         8.33   1979
 MINIMUM         0.49   1981
TOTALS           1.84              3.16   -1.32     4.64
DAILY AVG.       0.06              0.10   -0.04     0.15
DAYS >= .01         8              10.5    -2.5       15
DAYS >= .10         6               5.9     0.1        9
DAYS >= .50         0               2.1    -2.1        3
DAYS >= 1.00        0               0.7    -0.7        1
GREATEST
 24 HR. TOTAL    0.53   01/12 TO 01/13           01/23 TO 01/24
                                                          01/24 TO 01/24EATHER         OBSERVED          NORMAL  DEPART  LAST YEAR`S
                                                          01/24 TO 01/24EATHER         OBSERVED          NORMAL  DEPART  LAST YEAR`S
 STORM TOTAL       MM                                 MM
 (MM/DD(HH))            MM                    01/24(00) TO 01/24(00)
                                                 01/24(00) TO 01/24(00)4EATHER         OBSERVED          NORMAL  DEPART  LAST YEAR`S
                                                 01/24(00) TO 01/24(00)4EATHER         OBSERVED          NORMAL  DEPART  LAST YEAR`S

SNOWFALL (INCHES)
RECORDS
 TOTAL           31.3   2016
 24 HR TOTAL       MM
TOTALS            9.7               6.3     3.4     11.7
 LIQUID EQUIV    0.97              0.60    0.37     1.17
SINCE 7/1        16.4              11.2     5.2
 LIQUID 7/1      1.64              1.10             1.50
DAYS >= TRACE       5               4.6     0.4        9
DAYS >= 1.0         2               1.5     0.5        3
GREATEST
 SNOW DEPTH         8   01/08                          8  01/08
                        01/07
                        01/06
 24 HR TOTAL      8.0   01/04 TO 01/04           01/24 TO 01/24
                                                          01/24 TO 01/24EATHER         OBSERVED          NORMAL  DEPART  LAST YEAR`S
                                                          01/24 TO 01/24EATHER         OBSERVED          NORMAL  DEPART  LAST YEAR`S
 STORM TOTAL       MM                                 MM
 (MM/DD(HH))            MM                    01/24(00) TO 01/24(00)
                                                 01/24(00) TO 01/24(00)4EATHER         OBSERVED          NORMAL  DEPART  LAST YEAR`S
                                                 01/24(00) TO 01/24(00)4EATHER         OBSERVED          NORMAL  DEPART  LAST YEAR`S

DEGREE_DAYS
HEATING TOTAL    1073              1001      72      812
 SINCE 7/1       2682              2670      12     2234
COOLING TOTAL       0                 0       0        0
 SINCE 1/1          0                 0       0        0
.................................................................

WIND (MPH)
AVERAGE WIND SPEED              13.4
HIGHEST WIND SPEED/DIRECTION    44/340    DATE  01/04
HIGHEST GUST SPEED/DIRECTION    55/330    DATE  01/04

SKY COVER
POSSIBLE SUNSHINE (PERCENT)   MM
AVERAGE SKY COVER           0.60
NUMBER OF DAYS FAIR            9
NUMBER OF DAYS PC             11
NUMBER OF DAYS CLOUDY         11

AVERAGE RH (PERCENT)     66

WEATHER CONDITIONS. NUMBER OF DAYS WITH
  0
  3
  0
  0
  2
  1
  5
HAZE                      0

-  INDICATES NEGATIVE NUMBERS.
R  INDICATES RECORD WAS SET OR TIED.
MM INDICATES DATA IS MISSING.
T  INDICATES TRACE AMOUNT.

$$
