000
CXUS53 KIND 011517
CLMLAF


CLIMATE REPORT
NATIONAL WEATHER SERVICE INDIANAPOLIS IN
1111 AM EDT FRI SEP 1 2017

...................................

...THE LAFAYETTE IN CLIMATE SUMMARY FOR THE MONTH OF AUGUST 2017...

CLIMATE NORMAL PERIOD 1981 TO 2010
CLIMATE RECORD PERIOD 9999 TO 9999

WEATHER         OBSERVED          NORMAL  DEPART  LAST YEAR`S
                 VALUE   DATE(S)  VALUE   FROM    VALUE  DATE(S)
                                          NORMAL
................................................................
TEMPERATURE (F)
HIGHEST            88   08/20                         92  08/11
                                                          08/10
LOWEST             50   08/08                         53  08/22
AVG. MAXIMUM     79.8              83.8    -4.0     84.9
AVG. MINIMUM     58.1              62.7    -4.6     66.0
MEAN             68.9              73.2    -4.3     75.5
DAYS MAX >= 90      0               5.2    -5.2        5
DAYS MAX <= 32      0               0.0     0.0        0
DAYS MIN <= 32      0               0.0     0.0        0
DAYS MIN <= 0       0               0.0     0.0        0

PRECIPITATION (INCHES)
TOTALS           3.35              3.46   -0.11     5.20
DAILY AVG.       0.11              0.11    0.00     0.17
DAYS >= .01         7               9.5    -2.5       11
DAYS >= .10         6               5.3     0.7        9
DAYS >= .50         2               2.4    -0.4        5
DAYS >= 1.00        1               0.9     0.1        1
GREATEST
 24 HR. TOTAL    1.57   08/22 TO 08/22

DEGREE_DAYS
HEATING TOTAL       9                 5       4        0
 SINCE 7/1          9                 6       3       10
COOLING TOTAL     139               261    -122      332
 SINCE 1/1        673               852    -179      912
.................................................................

WIND (MPH)
AVERAGE WIND SPEED              4.5
HIGHEST WIND SPEED/DIRECTION    29/310    DATE  08/03
HIGHEST GUST SPEED/DIRECTION    48/320    DATE  08/03

SKY COVER
POSSIBLE SUNSHINE (PERCENT)   MM
AVERAGE SKY COVER           0.30
NUMBER OF DAYS FAIR           23
NUMBER OF DAYS PC              8
NUMBER OF DAYS CLOUDY          0

AVERAGE RH (PERCENT)     77

WEATHER CONDITIONS. NUMBER OF DAYS WITH
THUNDERSTORM              6     MIXED PRECIP               0
HEAVY RAIN                4     RAIN                       4
LIGHT RAIN                9     FREEZING RAIN              0
LT FREEZING RAIN          0     HAIL                       0
HEAVY SNOW                0     SNOW                       0
LIGHT SNOW                0     SLEET                      0
FOG                      20     FOG W/VIS <= 1/4 MILE      5
HAZE                      1

-  INDICATES NEGATIVE NUMBERS.
R  INDICATES RECORD WAS SET OR TIED.
MM INDICATES DATA IS MISSING.
T  INDICATES TRACE AMOUNT.

$$
