000
CXUS52 KILM 011527
CLMLBT


CLIMATE REPORT
NATIONAL WEATHER SERVICE WILMINGTON NC
1025 AM EST FRI DEC 1 2017

...................................

...THE LUMBERTON NORTH CAROLINA CLIMATE SUMMARY FOR THE SEASON, FROM
9/1/2017 TO 11/30/2017...

CLIMATE NORMAL PERIOD 1981 TO 2010
CLIMATE RECORD PERIOD 9999 TO 9999

WEATHER         OBSERVED          NORMAL  DEPART  LAST YEAR`S
                 VALUE   DATE(S)  VALUE   FROM    VALUE
                                          NORMAL
.............................................................
TEMPERATURE (F)
HIGHEST            94   09/28        MM      MM       MM
LOWEST             25   11/28        MM      MM       MM
AVG. MAXIMUM     76.9              75.5     1.4       MM
AVG. MINIMUM     51.6              51.7    -0.1       MM
MEAN             64.2              63.6     0.6       MM
DAYS MAX >= 90      3               4.3    -1.3       MM
DAYS MAX <= 32      0               0.0     0.0       MM
DAYS MIN <= 32     11               6.5     4.5       MM
DAYS MIN <= 0       0               0.0     0.0       MM

PRECIPITATION (INCHES)
RECORD
 MAXIMUM           MM   MM
 MINIMUM           MM   MM
TOTALS           7.94             10.24   -2.30
DAILY AVG.       0.09              0.11   -0.02       MM
DAYS >= .01        20                MM      MM       MM
DAYS >= .10        14                MM      MM       MM
DAYS >= .50         4                MM      MM       MM
DAYS >= 1.00        2                MM      MM       MM
GREATEST
 24 HR. TOTAL    2.13   MM                            MM

DEGREE_DAYS
HEATING TOTAL     460               466      -6       MM
 SINCE 7/1        460               466      -6       MM
COOLING TOTAL     371               335      36       MM
 SINCE 1/1       2105              1907     198       MM
..............................................................

WIND (MPH)
AVERAGE WIND SPEED              5.0
RESULTANT WIND SPEED/DIRECTION   2/033
HIGHEST WIND SPEED/DIRECTION    30/270    DATE  09/06
HIGHEST GUST SPEED/DIRECTION    41/210    DATE  10/23

SKY COVER
POSSIBLE SUNSHINE (PERCENT)   MM
AVERAGE SKY COVER           0.20
NUMBER OF DAYS FAIR           65
NUMBER OF DAYS PC             20
NUMBER OF DAYS CLOUDY          6

AVERAGE RH (PERCENT)     71

WEATHER CONDITIONS. NUMBER OF DAYS WITH
THUNDERSTORM              6     MIXED PRECIP              MM
HEAVY RAIN               13     RAIN                      14
LIGHT RAIN               29     FREEZING RAIN              0
LT FREEZING RAIN          0     HAIL                      MM
HEAVY SNOW                0     SNOW                       0
LIGHT SNOW                0     SLEET                     MM
FOG                      60     FOG W/VIS <= 1/4 MILE     17
HAZE                      7

-  INDICATES NEGATIVE NUMBERS.
R  INDICATES RECORD WAS SET OR TIED.
MM INDICATES DATA IS MISSING.
T  INDICATES TRACE AMOUNT.

$$
