000
CXUS52 KILM 051528
CLMLBT


CLIMATE REPORT
NATIONAL WEATHER SERVICE WILMINGTON NC
1127 AM EDT FRI SEP 5 2014

...................................

...THE LUMBERTON NC CLIMATE SUMMARY FOR THE MONTH OF AUGUST 2014...

CLIMATE NORMAL PERIOD 1981 TO 2010
CLIMATE RECORD PERIOD 9999 TO 9999

WEATHER         OBSERVED          NORMAL  DEPART  LAST YEAR`S
                 VALUE   DATE(S)  VALUE   FROM    VALUE  DATE(S)
                                          NORMAL
................................................................
TEMPERATURE (F)
HIGHEST            97   08/22                         98
LOWEST             60R  08/28                         61
AVG. MAXIMUM     88.2              88.3    -0.1     87.4
AVG. MINIMUM     69.0              69.7    -0.7     69.4
MEAN             78.6              79.0    -0.4     78.4
DAYS MAX >= 90     14              10.8     3.2       11
DAYS MAX <= 32      0               0.0     0.0        0
DAYS MIN <= 32      0               0.0     0.0        0
DAYS MIN <= 0       0               0.0     0.0        0

PRECIPITATION (INCHES)
RECORD
 MAXIMUM        11.08   1992
 MINIMUM         0.72   2010
TOTALS           2.89              5.50   -2.61     5.16
DAILY AVG.       0.10              0.18   -0.08     0.17
DAYS >= .01        11                                 11
DAYS >= .10         6                                  8
DAYS >= .50         3                                  5
DAYS >= 1.00        0                                  1
GREATEST
 24 HR. TOTAL    0.97   08/10 TO 08/11

DEGREE_DAYS
HEATING TOTAL       0                 0       0        0
COOLING TOTAL     428               434      -6      424
..........................................................

WIND (MPH)
AVERAGE WIND SPEED              4.8
RESULTANT WIND SPEED/DIRECTION   2/045
HIGHEST WIND SPEED/DIRECTION    25/020    DATE  08/20
HIGHEST GUST SPEED/DIRECTION    32/010    DATE  08/20

SKY COVER
POSSIBLE SUNSHINE (PERCENT)   MM
AVERAGE SKY COVER           0.30
NUMBER OF DAYS FAIR           18
NUMBER OF DAYS PC              8
NUMBER OF DAYS CLOUDY          5

AVERAGE RH (PERCENT)     75

WEATHER CONDITIONS. NUMBER OF DAYS WITH
THUNDERSTORM              7     MIXED PRECIP               0
HEAVY RAIN                7     RAIN                       6
LIGHT RAIN               15     FREEZING RAIN              0
LT FREEZING RAIN          0     HAIL                       0
HEAVY SNOW                0     SNOW                       0
LIGHT SNOW                0     SLEET                      0
FOG                      24     FOG W/VIS <= 1/4 MILE      3
HAZE                      7

-  INDICATES NEGATIVE NUMBERS.
R  INDICATES RECORD WAS SET OR TIED.
MM INDICATES DATA IS MISSING.
T  INDICATES TRACE AMOUNT.

$$
