000
CXUS52 KILM 051345
CLMLBT


CLIMATE REPORT
NATIONAL WEATHER SERVICE WILMINGTON NC
944 AM EDT MON JUN 5 2017

...................................

...THE LUMBERTON NC CLIMATE SUMMARY FOR THE MONTH OF MAY 2017...

CLIMATE NORMAL PERIOD 1981 TO 2010
CLIMATE RECORD PERIOD 9999 TO 9999

WEATHER         OBSERVED          NORMAL  DEPART  LAST YEAR`S
                 VALUE   DATE(S)  VALUE   FROM    VALUE  DATE(S)
                                          NORMAL
................................................................
TEMPERATURE (F)
HIGHEST            93   05/20                         91
                        05/16
LOWEST             44   05/08                         47
AVG. MAXIMUM     83.5              82.1     1.4     81.1
AVG. MINIMUM     60.9              57.6     3.3     60.2
MEAN             72.2              69.8     2.4     70.6
DAYS MAX >= 90      9               3.4     5.6        6
DAYS MAX <= 32      0               0.0     0.0        0
DAYS MIN <= 32      0               0.0     0.0        0
DAYS MIN <= 0       0               0.0     0.0        0

PRECIPITATION (INCHES)
RECORD
 MAXIMUM         8.51   1977
 MINIMUM         0.40   1911
TOTALS           3.86              3.05    0.81     6.31
DAILY AVG.       0.12              0.10    0.02     0.20
DAYS >= .01        10                                 16
DAYS >= .10         6                                 11
DAYS >= .50         2                                  6
DAYS >= 1.00        2                                  2
GREATEST
 24 HR. TOTAL    1.34   05/05 TO 05/05

DEGREE_DAYS
HEATING TOTAL      14                32     -18       22
COOLING TOTAL     247               182      65      206
....................................................

WIND (MPH)
AVERAGE WIND SPEED              7.1
RESULTANT WIND SPEED/DIRECTION   4/231
HIGHEST WIND SPEED/DIRECTION    30/330    DATE  05/29
HIGHEST GUST SPEED/DIRECTION    39/170    DATE  05/24

SKY COVER
POSSIBLE SUNSHINE (PERCENT)   MM
AVERAGE SKY COVER           0.30
NUMBER OF DAYS FAIR           20
NUMBER OF DAYS PC              8
NUMBER OF DAYS CLOUDY          3

AVERAGE RH (PERCENT)     70

WEATHER CONDITIONS. NUMBER OF DAYS WITH
THUNDERSTORM              7     MIXED PRECIP              MM
HEAVY RAIN                5     RAIN                       6
LIGHT RAIN               13     FREEZING RAIN              0
LT FREEZING RAIN          0     HAIL                      MM
HEAVY SNOW                0     SNOW                       0
LIGHT SNOW                0     SLEET                     MM
FOG                      14     FOG W/VIS <= 1/4 MILE      1
HAZE                      6

-  INDICATES NEGATIVE NUMBERS.
R  INDICATES RECORD WAS SET OR TIED.
MM INDICATES DATA IS MISSING.
T  INDICATES TRACE AMOUNT.

$$
