000
CXUS53 KLMK 021418
CLMLEX


CLIMATE REPORT
NATIONAL WEATHER SERVICE LOUISVILLE KY
913 AM EST THU MAR 2 2017

...................................

...THE LEXINGTON KY CLIMATE SUMMARY FOR THE MONTH OF FEBRUARY 2017...

CLIMATE NORMAL PERIOD 1981 TO 2010
CLIMATE RECORD PERIOD 1872 TO 2017

WEATHER         OBSERVED          NORMAL  DEPART  LAST YEAR`S
                 VALUE   DATE(S)  VALUE   FROM    VALUE  DATE(S)
                                          NORMAL
................................................................
TEMPERATURE (F)
RECORD
 HIGH              80   02/23/1996
 LOW              -20   02/13/1899
HIGHEST            79   02/24        MM      MM       72  02/20
                                                          02/02
LOWEST             10   02/04        MM      MM       13  02/13
AVG. MAXIMUM     57.4              45.6    11.8     47.0
AVG. MINIMUM     36.3              28.1     8.2     29.4
MEAN             46.8              36.9     9.9     38.2
DAYS MAX >= 90      0               0.0     0.0        0
DAYS MAX <= 32      0               4.0    -4.0        6
DAYS MIN <= 32     11              18.6    -7.6       17
DAYS MIN <= 0       0               0.2    -0.2        0

PRECIPITATION (INCHES)
RECORD
 MAXIMUM        10.12   1989
 MINIMUM         0.52   1895
TOTALS           3.39              3.20    0.19     4.46
DAILY AVG.       0.12              0.11    0.01     0.15
DAYS >= .01        10              11.1    -1.1       13
DAYS >= .10         6               6.3    -0.3       11
DAYS >= .50         2               2.0     0.0        4
DAYS >= 1.00        1               0.6     0.4        0
GREATEST
 24 HR. TOTAL    1.21   02/28 TO 02/28

SNOWFALL (INCHES)
RECORDS
 TOTAL           17.4   5
                        0
TOTALS              T               4.6    -4.6      5.0
SINCE 7/1         3.4              11.3    -7.9     14.6
SNOWDEPTH AVG.      0                MM      MM        0
DAYS >= 1.0         0               1.4    -1.4        2
GREATEST
 SNOW DEPTH         0   MM                             3  02/15
 24 HR TOTAL        T   02/08 TO 02/08

DEGREE_DAYS
HEATING TOTAL     506               788    -282      767
 SINCE 7/1       2710              3571    -861     2971
COOLING TOTAL       4                 0       4        0
 SINCE 1/1          4                 0       4        0
.................................................................

WIND (MPH)
AVERAGE WIND SPEED              9.1
HIGHEST WIND SPEED/DIRECTION    33/210    DATE  02/07
HIGHEST GUST SPEED/DIRECTION    47/210    DATE  02/07

SKY COVER
POSSIBLE SUNSHINE (PERCENT)   MM
AVERAGE SKY COVER           0.40
NUMBER OF DAYS FAIR           11
NUMBER OF DAYS PC             13
NUMBER OF DAYS CLOUDY          4

AVERAGE RH (PERCENT)     60

WEATHER CONDITIONS. NUMBER OF DAYS WITH
THUNDERSTORM              3     MIXED PRECIP               0
HEAVY RAIN                4     RAIN                       4
LIGHT RAIN               11     FREEZING RAIN              0
LT FREEZING RAIN          0     HAIL                       0
HEAVY SNOW                0     SNOW                       0
LIGHT SNOW                1     SLEET                      0
FOG                      12     FOG W/VIS <= 1/4 MILE      2
HAZE                      3

-  INDICATES NEGATIVE NUMBERS.
R  INDICATES RECORD WAS SET OR TIED.
MM INDICATES DATA IS MISSING.
T  INDICATES TRACE AMOUNT.

$$
