000
CXUS51 KOKX 011729
CLMLGA

CLIMATE REPORT
NATIONAL WEATHER SERVICE NEW YORK NY
129 PM EDT MON JUN 1 2015

...................................

...THE LAGUARDIA NY CLIMATE SUMMARY FOR THE MONTH OF MAY 2015...

CLIMATE NORMAL PERIOD 1981 TO 2010
CLIMATE RECORD PERIOD 1945 TO 2015

WEATHER         OBSERVED          NORMAL  DEPART  LAST YEAR`S
                 VALUE   DATE(S)  VALUE   FROM    VALUE  DATE(S)
                                          NORMAL
................................................................
TEMPERATURE (F)
RECORD
 HIGH              97   05/20/1996
 LOW               37   05/09/1947
                        05/08/1947
HIGHEST            87   05/12        MM      MM       87  05/26
LOWEST             48   05/02        MM      MM       49  05/01
                        05/01
AVG. MAXIMUM     76.5              71.2     5.3     71.5
AVG. MINIMUM     57.5              53.9     3.6     55.5
MEAN             67.0              62.5     4.5     63.5
DAYS MAX >= 90      0               0.7    -0.7        0
DAYS MAX <= 32      0               0.0     0.0        0
DAYS MIN <= 32      0               0.0     0.0        0
DAYS MIN <= 0       0               0.0     0.0        0

PRECIPITATION (INCHES)
RECORD
 MAXIMUM         9.27   1984
 MINIMUM         0.43   1964
TOTALS           1.61              3.79   -2.18     4.70
DAILY AVG.       0.05              0.12   -0.07     0.15
DAYS >= .01         6              11.1    -5.1       13
DAYS >= .10         2               6.9    -4.9        7
DAYS >= .50         1               2.8    -1.8        3
DAYS >= 1.00        1               1.0     0.0        2
GREATEST
 24 HR. TOTAL    1.28   05/31 TO 05/31           04/30 TO 05/01
                                                          05/31 TO 05/31
                                                          05/31 TO 05/31
 STORM TOTAL       MM                                 MM
 (MM/DD(HH))            MM                    05/01(00) TO 05/01(00)
                                                 05/31(00) TO 05/31(00)1
                                                 05/31(00) TO 05/31(00)1

SNOWFALL (INCHES)
RECORDS
 TOTAL              T   2013
                        2002
                        2001
 24 HR TOTAL       MM
TOTALS            0.0               0.0     0.0      0.0
 LIQUID EQUIV    0.00              0.00    0.00     0.00
SINCE 7/1        53.8              26.9    26.9     52.4
 LIQUID 7/1      5.38              2.70             5.24
DAYS >= TRACE       0               0.0     0.0        0
DAYS >= 1.0         0               0.0     0.0        0
GREATEST
 SNOW DEPTH         0   MM                             0  MM
 24 HR TOTAL      0.0   05/31 TO 05/31           05/31 TO 05/31
                                                          05/31 TO 05/31
                                                          05/31 TO 05/31
 STORM TOTAL       MM                                 MM
 (MM/DD(HH))            MM                    05/31(00) TO 05/31(00)
                                                 05/31(00) TO 05/31(00)1
                                                 05/31(00) TO 05/31(00)1

DEGREE_DAYS
HEATING TOTAL      50               134     -84       88
 SINCE 7/1       4950              4648     302     5016
COOLING TOTAL     120                58      62       50
 SINCE 1/1        122                66      56       50
..................................................

WIND (MPH)
AVERAGE WIND SPEED              9.4
HIGHEST WIND SPEED/DIRECTION    31/310    DATE  05/12
HIGHEST GUST SPEED/DIRECTION    41/300    DATE  05/12

SKY COVER
POSSIBLE SUNSHINE (PERCENT)   MM
AVERAGE SKY COVER           0.60
NUMBER OF DAYS FAIR            5
NUMBER OF DAYS PC             16
NUMBER OF DAYS CLOUDY         10

AVERAGE RH (PERCENT)     59

WEATHER CONDITIONS. NUMBER OF DAYS WITH
THUNDERSTORM              0     MIXED PRECIP               0
HEAVY RAIN                1     RAIN                       1
LIGHT RAIN               11     FREEZING RAIN              0
LT FREEZING RAIN          0     HAIL                       0
HEAVY SNOW                0     SNOW                       0
LIGHT SNOW                0     SLEET                      0
FOG                      11     FOG W/VIS <= 1/4 MILE      4
HAZE                      7

-  INDICATES NEGATIVE NUMBERS.
R  INDICATES RECORD WAS SET OR TIED.
MM INDICATES DATA IS MISSING.
T  INDICATES TRACE AMOUNT.

$$
