000
CXUS54 KLZK 011557
CLMLIT


CLIMATE REPORT
NATIONAL WEATHER SERVICE LITTLE ROCK AR
1053 AM CDT SAT NOV 1 2014

...................................

...THE LITTLE ROCK ADAMS FIELD CLIMATE SUMMARY FOR THE MONTH OF OCTOBER 2014...

CLIMATE NORMAL PERIOD 1981 TO 2010
CLIMATE RECORD PERIOD 1874 TO 2014

WEATHER         OBSERVED          NORMAL  DEPART  LAST YEAR`S
                 VALUE   DATE(S)  VALUE   FROM    VALUE  DATE(S)
                                          NORMAL
................................................................
TEMPERATURE (F)
RECORD
 HIGH              97   10/11/1963
                        10/10/1963
 LOW               27   10/30/1917
HIGHEST            91   10/02        75      16       87  10/04
                                                          10/02
LOWEST             39   10/31        52     -13       38  10/25
AVG. MAXIMUM     77.8              74.8     3.0     73.6
AVG. MINIMUM     54.5              52.6     1.9     53.8
MEAN             66.1              63.7     2.4     63.7
DAYS MAX >= 90      1               0.5     0.5        0
DAYS MAX <= 32      0               0.0     0.0        0
DAYS MIN <= 32      0               0.1    -0.1        0
DAYS MIN <= 0       0               0.0     0.0        0

PRECIPITATION (INCHES)
RECORD
 MAXIMUM        16.56   2009
 MINIMUM         0.01   1944
TOTALS           3.64              4.91   -1.27     3.31
DAILY AVG.       0.12              0.16   -0.04     0.11
DAYS >= .01         9               8.2     0.8       12
DAYS >= .10         8                                 10
DAYS >= .50         3                                  3
DAYS >= 1.00        1               1.6    -0.6        0
GREATEST
 24 HR. TOTAL    1.14   10/12 TO 10/13

SNOWFALL (INCHES)
RECORDS
 TOTAL              T   1993
                        1925
 24 HR TOTAL        T   10/29/1993 TO 10/30/1993
                        10/30/1925 TO 10/30/1925
                        10/28/1925 TO 10/28/1925
 SNOW DEPTH         T   10/30/1993
TOTALS            0.0               0.0     0.0      0.0
 LIQUID EQUIV    0.00              0.00    0.00     0.00
SINCE 7/1         0.0               0.0     0.0      0.0
 LIQUID 7/1      0.00              0.00    0.00     0.00
SNOWDEPTH AVG.      0
DAYS >= TRACE       0               0.0     0.0        0
DAYS >= 1.0         0                                  0
GREATEST
 SNOW DEPTH         0   MM
 24 HR TOTAL      0.0

DEGREE_DAYS
HEATING TOTAL      64               121     -57      114
 SINCE 7/1         68               132     -64      114
COOLING TOTAL     109                81      28       84
 SINCE 1/1       2049              2194    -145     2194

FREEZE DATES
RECORD
 EARLIEST     10/20/1989
 LATEST       04/19/1983
EARLIEST                        11/13
LATEST                          03/19
..................................................

WIND (MPH)
AVERAGE WIND SPEED              6.4
HIGHEST WIND SPEED/DIRECTION    38/310    DATE  10/06
HIGHEST GUST SPEED/DIRECTION    53/300    DATE  10/06

SKY COVER
POSSIBLE SUNSHINE (PERCENT)   MM
AVERAGE SKY COVER           0.50
NUMBER OF DAYS FAIR           12
NUMBER OF DAYS PC             14
NUMBER OF DAYS CLOUDY          5

AVERAGE RH (PERCENT)     66

WEATHER CONDITIONS. NUMBER OF DAYS WITH
THUNDERSTORM              0     MIXED PRECIP               0
HEAVY RAIN                5     RAIN                       7
LIGHT RAIN                9     FREEZING RAIN              0
LT FREEZING RAIN          0     HAIL                       0
HEAVY SNOW                0     SNOW                       0
LIGHT SNOW                0     SLEET                      0
FOG                      12     FOG W/VIS <= 1/4 MILE      3
HAZE                      3

-  INDICATES NEGATIVE NUMBERS.
R  INDICATES RECORD WAS SET OR TIED.
MM INDICATES DATA IS MISSING.
T  INDICATES TRACE AMOUNT.

&&

...DATA FOR LITTLE ROCK ADAMS FIELD FOR OCTOBER 2014...

.SUMMARY...
OCTOBER TEMPERATURES WERE ABOVE AVERAGE...AND WERE THE WARMEST IN
SEVERAL YEARS. ALTHOUGH THE WARMEST TEMPERATURE WAS ON THE 2ND...
THE WARMEST PERIOD WAS FROM THE 7TH THROUGH 10TH...WITH AVERAGE
TEMPERATURES AROUND 10 DEGREES ABOVE NORMAL. COOL PERIODS THIS MONTH
WERE NOT PROLONGED...BUT WERE INSTEAD SCATTERED OUT DURING THE
MONTH. THE WARMEST TEMPERATURE WAS 91 ON THE 2ND...WHICH MARKED THE
FIRST 90-DEGREE READING IN THE MONTH OF OCTOBER SINCE 2010.

.MONTHLY TEMPERATURES...
THE AVERAGE HIGH TEMPERATURE WAS THE WARMEST SINCE 2010. THE AVERAGE
LOW WAS THE WARMEST SINCE 2007. THE AVERAGE MONTHLY TEMPERATURE WAS
THE WARMEST SINCE 2004.

.DAILY AVERAGE TEMPERATURES...

ABOVE NORMAL ON 18 DAYS...NORMAL ON ONE DAY...AND BELOW NORMAL ON
12 DAYS.

.NUMBER OF DAYS WITH TEMPERATURES...

AT OR ABOVE  90....1...MOST SINCE 2010
AT OR BELOW  40....1...LEAST SINCE 2009

.DAILY TEMPERATURE RECORDS TIED OR BROKEN DURING THE MONTH...

NONE.

.RAINFALL...

EVEN THOUGH RAINFALL WAS BELOW THE 30-YEAR AVERAGE...IT WAS STILL
THE WETTEST OCTOBER SINCE 2009.

.DAILY RAINFALL RECORDS TIED OR BROKEN DURING THE MONTH...

NONE.

.SNOWFALL...

NO SNOW FELL DURING THE MONTH.

.OTHER PHENOMENA...

A 53 MPH WIND GUST WAS RECORDED DURING THE PASSAGE OF A STRONG
THUNDERSTORM DURING THE MORNING OF THE 6TH. THIS WAS THE HIGHEST
WIND GUST AT LITTLE ROCK SINCE AUGUST 7TH 2011...AND THE HIGHEST
OCTOBER WIND GUST SINCE OCTOBER 24TH 2010.

$$

57
