000
CXUS54 KCRP 011627
CLMLRD

CLIMATE REPORT
NATIONAL WEATHER SERVICE CORPUS CHRISTI TX
1111 AM CDT SAT OCT 1 2016

...................................

...THE LAREDO CLIMATE SUMMARY FOR THE MONTH OF SEPTEMBER 2016...

CLIMATE NORMAL PERIOD 1981 TO 2010
CLIMATE RECORD PERIOD 1900 TO 2016

WEATHER         OBSERVED          NORMAL  DEPART  LAST YEAR`S
                 VALUE   DATE(S)  VALUE   FROM    VALUE  DATE(S)
                                          NORMAL
................................................................
TEMPERATURE (F)
RECORD
 HIGH             115   09/05/1985
 LOW               45   09/29/1918
HIGHEST           103   09/19        98       5      104  09/05
LOWEST             64   09/30        68      -4       65  09/27
                                                          09/24
AVG. MAXIMUM     96.3              93.4     2.9     97.8
AVG. MINIMUM     74.6              72.7     1.9     73.8
MEAN             85.4              83.1     2.3     85.8
DAYS MAX >= 90     26              22.4     3.6       30
DAYS MAX <= 32      0               0.0     0.0        0
DAYS MIN <= 32      0               0.0     0.0        0
DAYS MIN <= 0       0               0.0     0.0        0

PRECIPITATION (INCHES)
RECORD
 MAXIMUM        11.54   1971
 MINIMUM         0.00   1908
TOTALS           5.05              2.93    2.12     1.19
DAILY AVG.       0.17              0.10    0.07     0.04
DAYS >= .01         7               6.7     0.3        2
DAYS >= .10         4               4.3    -0.3        1
DAYS >= .50         2               1.8     0.2        1
DAYS >= 1.00        1               0.9     0.1        1
GREATEST
 24 HR. TOTAL    3.47   09/25 TO 09/25           09/11 TO 09/11
                                                          09/30 TO 09/30
                                                          09/30 TO 09/30
 STORM TOTAL       MM                                 MM
 (MM/DD(HH))            MM                    09/11(00) TO 09/11(00)
                                                 09/30(00) TO 09/30(00)0
                                                 09/30(00) TO 09/30(00)0

SNOWFALL (INCHES)
RECORDS
 TOTAL             MM   MM
 24 HR TOTAL       MM
TOTALS            0.0                MM      MM      0.0
SINCE 7/1         0.0               0.0     0.0      0.0
SNOWDEPTH AVG.      0                MM      MM        0
DAYS >= 1.0         0                MM      MM
GREATEST
 SNOW DEPTH         0   MM                             0
 24 HR TOTAL      0.0   MM                           0.0

DEGREE_DAYS
HEATING TOTAL       0                 1      -1        0
 SINCE 7/1          0                 1      -1        0
COOLING TOTAL     621               542      79      631
 SINCE 1/1       4040              3785     255     3720
.................................................

WIND (MPH)
AVERAGE WIND SPEED              8.8
HIGHEST WIND SPEED/DIRECTION    28/050    DATE  09/01
HIGHEST GUST SPEED/DIRECTION    36/040    DATE  09/01

SKY COVER
AVERAGE SKY COVER           0.20

AVERAGE RH (PERCENT)     65

WEATHER CONDITIONS. NUMBER OF DAYS WITH
THUNDERSTORM              6     MIXED PRECIP               0
HEAVY RAIN                4     RAIN                       2
LIGHT RAIN               10     FREEZING RAIN              0
LT FREEZING RAIN          0     HAIL                       0
HEAVY SNOW                0     SNOW                       0
LIGHT SNOW                0     SLEET                      0
FOG                       7     FOG W/VIS <= 1/4 MILE      0
HAZE                      0

-  INDICATES NEGATIVE NUMBERS.
R  INDICATES RECORD WAS SET OR TIED.
MM INDICATES DATA IS MISSING.
T  INDICATES TRACE AMOUNT.

$$

95/TJC
