000
CXUS53 KTOP 011414
CLMLWC


CLIMATE REPORT
NATIONAL WEATHER SERVICE TOPEKA KS
913 AM CDT SAT APR 1 2017

...................................

...THE LAWRENCE KS CLIMATE SUMMARY FOR THE MONTH OF MARCH 2017...

CLIMATE NORMAL PERIOD 1981 TO 2010
CLIMATE RECORD PERIOD 9999 TO 9999

WEATHER         OBSERVED          NORMAL  DEPART  LAST YEAR`S
                 VALUE   DATE(S)  VALUE   FROM    VALUE
                                          NORMAL
.............................................................
TEMPERATURE (F)
HIGHEST            89   03/19                         80
LOWEST             15   03/02                         18
AVG. MAXIMUM     60.3              56.7     3.6     63.9
AVG. MINIMUM     35.7              32.1     3.6     34.6
MEAN             47.7              44.4     3.3     49.3
DAYS MAX >= 90      0               0.0     0.0        0
DAYS MAX <= 32      0               0.8    -0.8        0
DAYS MIN <= 32     14              17.0    -3.0       16
DAYS MIN <= 0       0               0.1    -0.1        0

PRECIPITATION (INCHES)
TOTALS           2.36              2.62   -0.26     1.65
DAILY AVG.       0.08                               0.05
DAYS >= .01         8                                  8
DAYS >= .10         4                                  4
DAYS >= .50         1                                  1
DAYS >= 1.00        1                                  0
GREATEST
 24 HR. TOTAL    1.49   03/29 TO 03/29              1.02

DEGREE_DAYS
HEATING TOTAL     519               641    -122      484
 SINCE 7/1       3800              4656    -856     3986
COOLING TOTAL       7                 3       4        3
 SINCE 1/1          7                 3       4        3
..............................................................

WIND (MPH)
AVERAGE WIND SPEED              11.3
HIGHEST WIND SPEED/DIRECTION    45/280    DATE  03/06
HIGHEST GUST SPEED/DIRECTION    58/290    DATE  03/06

SKY COVER
POSSIBLE SUNSHINE (PERCENT)   MM
AVERAGE SKY COVER           0.50
NUMBER OF DAYS FAIR           14
NUMBER OF DAYS PC              5
NUMBER OF DAYS CLOUDY         12

AVERAGE RH (PERCENT)     65

WEATHER CONDITIONS. NUMBER OF DAYS WITH
THUNDERSTORM              4     MIXED PRECIP               0
HEAVY RAIN                1     RAIN                       3
LIGHT RAIN                8     FREEZING RAIN              0
LT FREEZING RAIN          0     HEAVY SNOW                 0
SNOW                      1     LIGHT SNOW                 2
FOG                      15     FOG W/VIS <= 1/4 MILE      2
HAZE                      8

-  INDICATES NEGATIVE NUMBERS.
R  INDICATES RECORD WAS SET OR TIED.
MM INDICATES DATA IS MISSING.
T  INDICATES TRACE AMOUNT.

$$
