000
CXUS53 KTOP 011415 CCA
CLMLWC

CLIMATE REPORT
NATIONAL WEATHER SERVICE TOPEKA KS...CORRECTION
912 AM CDT SUN OCT 1 2017

...................................

...THE LAWRENCE KS CLIMATE SUMMARY FOR THE MONTH OF SEPTEMBER 2017...

CLIMATE NORMAL PERIOD 1981 TO 2010
CLIMATE RECORD PERIOD 9999 TO 9999

WEATHER         OBSERVED          NORMAL  DEPART  LAST YEAR`S
                 VALUE   DATE(S)  VALUE   FROM    VALUE
                                          NORMAL
.............................................................
TEMPERATURE (F)
HIGHEST            92   09/21                         92
LOWEST             43   09/06                         44
AVG. MAXIMUM     83.6              81.3     2.3     82.5
AVG. MINIMUM     58.3              54.9     3.4     59.9
MEAN             70.9              68.1     2.8     71.2
DAYS MAX >= 90      5               4.7     0.3        8
DAYS MAX <= 32      0               0.0     0.0        0
DAYS MIN <= 32      0               0.0     0.0        0
DAYS MIN <= 0       0               0.0     0.0        0

PRECIPITATION (INCHES)
TOTALS           3.47              4.16   -0.69     6.12
DAILY AVG.       0.12                               0.20
DAYS >= .01         6                                  7
DAYS >= .10         5                                  7
DAYS >= .50         1                                  6
DAYS >= 1.00        1                                  2
GREATEST
 24 HR. TOTAL    2.16   09/17 TO 09/17              1.79

DEGREE_DAYS
HEATING TOTAL      19                60     -41       28
 SINCE 7/1         22                63     -41       28
COOLING TOTAL     203               153      50      221
 SINCE 1/1       1282              1344     -62     1538
..............................................................

WIND (MPH)
AVERAGE WIND SPEED              6.5
HIGHEST WIND SPEED/DIRECTION    31/310    DATE  09/17
HIGHEST GUST SPEED/DIRECTION    39/300    DATE  09/17

SKY COVER
POSSIBLE SUNSHINE (PERCENT)   MM
AVERAGE SKY COVER           0.10
NUMBER OF DAYS FAIR           25
NUMBER OF DAYS PC              4
NUMBER OF DAYS CLOUDY          1

AVERAGE RH (PERCENT)     72

WEATHER CONDITIONS. NUMBER OF DAYS WITH
THUNDERSTORM              5     MIXED PRECIP               0
HEAVY RAIN                4     RAIN                       5
LIGHT RAIN                7     FREEZING RAIN              0
LT FREEZING RAIN          0     HEAVY SNOW                 0
SNOW                      0     LIGHT SNOW                 0
FOG                      18     FOG W/VIS <= 1/4 MILE      2
HAZE                      4

-  INDICATES NEGATIVE NUMBERS.
R  INDICATES RECORD WAS SET OR TIED.
MM INDICATES DATA IS MISSING.
T  INDICATES TRACE AMOUNT.

$$
