000
CXUS53 KTOP 011439
CLMLWC


CLIMATE REPORT
NATIONAL WEATHER SERVICE TOPEKA KS
827 AM CST WED FEB 1 2017

...................................

...THE LAWRENCE KS CLIMATE SUMMARY FOR THE MONTH OF JANUARY 2017...

CLIMATE NORMAL PERIOD 1981 TO 2010
CLIMATE RECORD PERIOD 9999 TO 9999

WEATHER         OBSERVED          NORMAL  DEPART  LAST YEAR`S
                 VALUE   DATE(S)  VALUE   FROM    VALUE
                                          NORMAL
.............................................................
TEMPERATURE (F)
HIGHEST            65   01/30                         68
                        01/11
LOWEST             -8   01/06                         -2
AVG. MAXIMUM     43.4              39.9     3.5     40.0
AVG. MINIMUM     20.8              18.6     2.2     18.5
MEAN             32.1              29.3     2.8     29.3
DAYS MAX >= 90      0               0.0     0.0        0
DAYS MAX <= 32      6               8.6    -2.6        9
DAYS MIN <= 32     26              28.0    -2.0       29
DAYS MIN <= 0       4               1.8     2.2        2

PRECIPITATION (INCHES)
TOTALS           0.98              1.01   -0.03     0.68
DAILY AVG.       0.03                               0.02
DAYS >= .01         9                                  5
DAYS >= .10         3                                  2
DAYS >= .50         1                                  0
DAYS >= 1.00        0                                  0
GREATEST
 24 HR. TOTAL    0.66   01/15 TO 01/16              0.58

DEGREE_DAYS
HEATING TOTAL    1014              1108     -94     1101
 SINCE 7/1       2689              3151    -462     2734
COOLING TOTAL       0                 0       0        0
 SINCE 1/1          0                 0       0        0
..............................................................

WIND (MPH)
AVERAGE WIND SPEED              8.7
HIGHEST WIND SPEED/DIRECTION    32/270    DATE  01/10
HIGHEST GUST SPEED/DIRECTION    38/280    DATE  01/10

SKY COVER
POSSIBLE SUNSHINE (PERCENT)   MM
AVERAGE SKY COVER           0.50
NUMBER OF DAYS FAIR           14
NUMBER OF DAYS PC              9
NUMBER OF DAYS CLOUDY          8

AVERAGE RH (PERCENT)     77

WEATHER CONDITIONS. NUMBER OF DAYS WITH
THUNDERSTORM              1     MIXED PRECIP               0
HEAVY RAIN                0     RAIN                       1
LIGHT RAIN                7     FREEZING RAIN              0
LT FREEZING RAIN          2     HEAVY SNOW                 0
SNOW                      1     LIGHT SNOW                 2
FOG                      19     FOG W/VIS <= 1/4 MILE      6
HAZE                      6

-  INDICATES NEGATIVE NUMBERS.
R  INDICATES RECORD WAS SET OR TIED.
MM INDICATES DATA IS MISSING.
T  INDICATES TRACE AMOUNT.

$$
