000
CXUS53 KTOP 012052 CCA
CLMLWC

CLIMATE REPORT...CORRECTED THUNDERSTORM DAYS
NATIONAL WEATHER SERVICE TOPEKA KS
351 PM CDT TUE AUG 1 2017

...................................

...THE LAWRENCE KS CLIMATE SUMMARY FOR THE MONTH OF JULY 2017...

CLIMATE NORMAL PERIOD 1981 TO 2010
CLIMATE RECORD PERIOD 9999 TO 9999

WEATHER         OBSERVED          NORMAL  DEPART  LAST YEAR`S
                 VALUE   DATE(S)  VALUE   FROM    VALUE
                                          NORMAL
.............................................................
TEMPERATURE (F)
HIGHEST           101   07/22                         97
                        07/21
LOWEST             58   07/01                         61
AVG. MAXIMUM     90.5              89.5     1.0     89.0
AVG. MINIMUM     68.5              67.2     1.3     68.9
MEAN             79.5              78.3     1.2     78.9
DAYS MAX >= 90     17              15.1     1.9       17
DAYS MAX <= 32      0               0.0     0.0        0
DAYS MIN <= 32      0               0.0     0.0        0
DAYS MIN <= 0       0               0.0     0.0        0

PRECIPITATION (INCHES)
TOTALS           3.24              4.18   -0.94     4.86
DAILY AVG.       0.10                               0.16
DAYS >= .01         8                                  9
DAYS >= .10         6                                  7
DAYS >= .50         2                                  4
DAYS >= 1.00        2                                  2
GREATEST
 24 HR. TOTAL    1.06   07/27 TO 07/27              1.56

DEGREE_DAYS
HEATING TOTAL       0                 1      -1        0
 SINCE 7/1          0                 1      -1        0
COOLING TOTAL     459               414      45      442
 SINCE 1/1        851               808      43      934
..............................................................

WIND (MPH)
AVERAGE WIND SPEED              5.8
HIGHEST WIND SPEED/DIRECTION    31/170    DATE  07/22
HIGHEST GUST SPEED/DIRECTION    39/240    DATE  07/22

SKY COVER
POSSIBLE SUNSHINE (PERCENT)   MM
AVERAGE SKY COVER           0.10
NUMBER OF DAYS FAIR           28
NUMBER OF DAYS PC              3
NUMBER OF DAYS CLOUDY          0

AVERAGE RH (PERCENT)     75

WEATHER CONDITIONS. NUMBER OF DAYS WITH
THUNDERSTORM              1     MIXED PRECIP               0
HEAVY RAIN                2     RAIN                       5
LIGHT RAIN                8     FREEZING RAIN              0
LT FREEZING RAIN          0     HEAVY SNOW                 0
SNOW                      0     LIGHT SNOW                 0
FOG                      18     FOG W/VIS <= 1/4 MILE      0
HAZE                      1

-  INDICATES NEGATIVE NUMBERS.
R  INDICATES RECORD WAS SET OR TIED.
MM INDICATES DATA IS MISSING.
T  INDICATES TRACE AMOUNT.

$$
