000
CXUS51 KRNK 011125
CLMLYH


CLIMATE REPORT
NATIONAL WEATHER SERVICE BLACKSBURG VA
623 AM EST SUN FEB 1 2015

...................................

...THE LYNCHBURG VA CLIMATE SUMMARY FOR THE MONTH OF JANUARY 2015...

CLIMATE NORMAL PERIOD 1981 TO 2010
CLIMATE RECORD PERIOD 1893 TO 2015

WEATHER         OBSERVED          NORMAL  DEPART  LAST YEAR`S
                 VALUE   DATE(S)  VALUE   FROM    VALUE
                                          NORMAL
.............................................................
TEMPERATURE (F)
RECORD
 HIGH              80   01/30/2002
 LOW              -10   01/21/1985
HIGHEST            60   01/20                         60
LOWEST              3   01/08                          1
AVG. MAXIMUM     43.7              45.4    -1.7     40.8
AVG. MINIMUM     24.2              24.8    -0.6     18.5
MEAN             33.9              35.1    -1.2     29.7
DAYS MAX >= 90      0               0.0     0.0
DAYS MAX <= 32      3               3.1    -0.1
DAYS MIN <= 32     27              24.0     3.0
DAYS MIN <= 0       0               0.3    -0.3

PRECIPITATION (INCHES)
RECORD
 MAXIMUM         9.46   1936
 MINIMUM         0.49   1981
TOTALS           1.86              3.14   -1.28     3.27
DAILY AVG.       0.06              0.10   -0.04     0.11
DAYS >= .01         7               9.2    -2.2
DAYS >= .10         5               5.8    -0.8
DAYS >= .50         2               2.3    -0.3
DAYS >= 1.00        0               0.6    -0.6
GREATEST
 24 HR. TOTAL    0.77   01/12 TO 01/12

SNOWFALL (INCHES)
TOTALS            0.1                                2.0
SINCE 7/1         0.1
SNOWDEPTH AVG.      0
DAYS >= 1.0         0
GREATEST
 SNOW DEPTH         T

DEGREE_DAYS
HEATING TOTAL     953               927      26
 SINCE 7/1       2683              2672      11
COOLING TOTAL       0                 0       0
 SINCE 1/1          0                 0       0
..............................................................

WIND (MPH)
AVERAGE WIND SPEED              5.4
HIGHEST WIND SPEED/DIRECTION    24/180    DATE  01/04
HIGHEST GUST SPEED/DIRECTION    35/310    DATE  01/30

SKY COVER
POSSIBLE SUNSHINE (PERCENT)   MM
AVERAGE SKY COVER           0.40
NUMBER OF DAYS FAIR           18
NUMBER OF DAYS PC              5
NUMBER OF DAYS CLOUDY          8

AVERAGE RH (PERCENT)     61

WEATHER CONDITIONS. NUMBER OF DAYS WITH
THUNDERSTORM              0     MIXED PRECIP               0
HEAVY RAIN                1     RAIN                       3
LIGHT RAIN                9     FREEZING RAIN              0
LT FREEZING RAIN          3     HAIL                       0
HEAVY SNOW                0     SNOW                       0
LIGHT SNOW                2     SLEET                      4
FOG                      11     FOG W/VIS <= 1/4 MILE      1
HAZE                      0

-  INDICATES NEGATIVE NUMBERS.
R  INDICATES RECORD WAS SET OR TIED.
MM INDICATES DATA IS MISSING.
T  INDICATES TRACE AMOUNT.

$$
