000
CXUS54 KLZK 020251
CLMLZK


CLIMATE REPORT
NATIONAL WEATHER SERVICE LITTLE ROCK AR
848 PM CST MON JAN 1 2018

...................................

...THE NORTH LITTLE ROCK CLIMATE SUMMARY FOR THE MONTH OF DECEMBER 2017...

CLIMATE NORMAL PERIOD 1981 TO 2010
CLIMATE RECORD PERIOD 1975 TO 2017

WEATHER         OBSERVED          NORMAL  DEPART  LAST YEAR`S
                 VALUE   DATE(S)  VALUE   FROM    VALUE  DATE(S)
                                          NORMAL
................................................................
TEMPERATURE (F)
RECORD
 HIGH              78   12/26/2015
                        12/05/1998
                        12/02/1982
 LOW               -2   12/23/1989
HIGHEST            73   12/11        52      21       75  12/17
LOWEST             14   12/28        35     -21       12  12/19
AVG. MAXIMUM     51.8              51.2     0.6     51.6
AVG. MINIMUM     35.5              35.0     0.5     36.2
MEAN             43.7              43.1     0.6     43.9
DAYS MAX >= 90      0               0.0     0.0        0
DAYS MAX <= 32      3               1.5     1.5        1
DAYS MIN <= 32     14              11.0     3.0        9
DAYS MIN <= 0       0               0.0     0.0        0

PRECIPITATION (INCHES)
RECORD
 MAXIMUM        13.74   1987
 MINIMUM         0.74   1981
TOTALS           6.50              5.01    1.49     3.10
DAILY AVG.       0.21              0.16    0.05     0.10
DAYS >= .01         8              10.2    -2.2       14
DAYS >= .10         7                                  6
DAYS >= .50         5                                  2
DAYS >= 1.00        1               1.7    -0.7        1
GREATEST
 24 HR. TOTAL    3.41   12/22 TO 12/23

SNOWFALL (INCHES)
RECORDS
 TOTAL           10.3   2012
 24 HR TOTAL     10.3   12/25/2012 TO 12/26/2012
 SNOW DEPTH         9   12/26/2012
TOTALS            0.0               0.5    -0.5        T
 LIQUID EQUIV    0.00              0.00    0.00       MM
SINCE 7/1           T               0.5    -0.5        T
 LIQUID 7/1        MM              0.00      MM       MM
SNOWDEPTH AVG.      0
DAYS >= TRACE       0               0.5    -0.5        2
DAYS >= 1.0         0                                  0
GREATEST
 SNOW DEPTH         0   MM
 24 HR TOTAL      0.0

DEGREE_DAYS
HEATING TOTAL     654               680     -26      646
 SINCE 7/1       1060              1192    -132      940
COOLING TOTAL       0                 1      -1        1
 SINCE 1/1       2083              2170     -87     2375

FREEZE DATES
RECORD
 EARLIEST     10/20/1989
 LATEST       04/19/1983
EARLIEST                        11/13
LATEST                          03/19
........................................................

WIND (MPH)
AVERAGE WIND SPEED              4.6
HIGHEST WIND SPEED/DIRECTION    14/180    DATE  12/04
HIGHEST GUST SPEED/DIRECTION    27/320    DATE  12/04

SKY COVER
POSSIBLE SUNSHINE (PERCENT)   MM
AVERAGE SKY COVER             MM
NUMBER OF DAYS FAIR          MM
NUMBER OF DAYS PC            MM
NUMBER OF DAYS CLOUDY        MM

AVERAGE RH (PERCENT)     65

WEATHER CONDITIONS. NUMBER OF DAYS WITH
THUNDERSTORM              0     MIXED PRECIP               0
HEAVY RAIN                2     RAIN                       4
LIGHT RAIN                8     FREEZING RAIN              0
LT FREEZING RAIN          0     HAIL                       0
HEAVY SNOW                0     SNOW                       0
LIGHT SNOW                0     SLEET                      0
FOG                       5     FOG W/VIS <= 1/4 MILE      2
HAZE                      0

-  INDICATES NEGATIVE NUMBERS.
R  INDICATES RECORD WAS SET OR TIED.
MM INDICATES DATA IS MISSING.
T  INDICATES TRACE AMOUNT.

&&


..Data for North Little Rock for December 2017...

.Summary...
The month finished half a degree above average. Up until a few
days ago, the month as a whole was well above average in terms
of temperatures. However, very cold weather during the last eight
days of the month brought that down significantly.

Rainfall was above average for the first month since August. Most of
the rain fell between the 16th and 23rd. It was the wettest December
in two years.

For the first time in two years, no snow fell during the month.

.Monthly Temperatures...
The average high temperature was the warmest since 2015. However,
the average low and monthly temperatures were the coolest since
2013.

.Daily Temperatures...
Daily temperatures were above average on 16 days, average on two
days, and below average on 13 days.

.Daily Record Temperatures Tied or Broken During the Month...
Date   Record Type                     New Record    Previous Record
27th   Low Temperature                 19 in 2017      19 in 1983
28th   Low Temperature                 14 in 2017      18 in 1983

.Monthly Rainfall...
Rainfall was above average. It was the wettest December since 2015.

.Daily Rainfall Records Tied or Broken During the Month...
Date    New Record      Previous Record
19th   0.71 in 2017       0.54 in 1984
22nd   3.29 in 2017       0.86 in 1990

On the 22nd, the 3.29 inches of rain that fell marked the wettest
December day at North Little Rock since 2009, and the 5th wettest
calendar day on record for the month of December.

.Monthly Snowfall...
For the first time since 2015, no snow fell during December.

$$

57
