000
CXUS56 KHNX 020616
CLMMAE


CLIMATE REPORT
NATIONAL WEATHER SERVICE SAN JOAQUIN VALLEY, CA
1107 PM PDT MON MAY 1 2017

...................................

...THE MADERA CA AIRPORT CLIMATE SUMMARY FOR THE MONTH OF APRIL 2017...

CLIMATE NORMAL PERIOD 1981 TO 2010
CLIMATE RECORD PERIOD 1998 TO 2017

WEATHER         OBSERVED          NORMAL  DEPART  LAST YEAR`S
                 VALUE   DATE(S)  VALUE   FROM    VALUE  DATE(S)
                                          NORMAL
................................................................
TEMPERATURE (F)
RECORD
 HIGH              98   04/21/2009
                        04/27/2004
                        07/24/2006
 LOW               31   04/04/1999
HIGHEST            87   04/30        MM      MM       89  04/19
                                                          04/18
LOWEST             35   04/09        MM      MM       42  04/26
                                                          04/15
AVG. MAXIMUM     74.4              74.2     0.2     77.6
AVG. MINIMUM     47.4              45.0     2.4     49.2
MEAN             60.9              59.6     1.3     63.4
DAYS MAX >= 90      0               1.4    -1.4        0
DAYS MIN <= 32      0               0.0     0.0        0

PRECIPITATION (INCHES)
RECORD
 MAXIMUM         2.70   2010
TOTALS           0.47              0.95   -0.48     1.59
DAYS >= .01         5                MM      MM        5
DAYS >= .10         2                MM      MM        3
DAYS >= .50         0                MM      MM        1
DAYS >= 1.00        0                MM      MM        1
GREATEST
 24 HR. TOTAL    0.19   04/06 TO 04/07

SNOWFALL (INCHES)
RECORDS
 TOTAL            0.0
TOTALS            0.0                MM

DEGREE_DAYS
HEATING TOTAL     122               186     -64       72
 SINCE 7/1       2043              2604    -561     2053
COOLING TOTAL       7                24     -17       32
 SINCE 1/1         13                25     -12       32
.................................................................

WIND (MPH)
AVERAGE WIND SPEED              8.2
HIGHEST WIND SPEED/DIRECTION    33/330    DATE  04/28
HIGHEST GUST SPEED/DIRECTION    41/330    DATE  04/28

AVERAGE RH (PERCENT)     62

WEATHER CONDITIONS. NUMBER OF DAYS WITH
THUNDERSTORM              0     RAIN                       1
HAIL                      0     FOG                        8
FOG W/VIS <= 1/4 MILE     1     HAZE                       1

-  INDICATES NEGATIVE NUMBERS.
R  INDICATES RECORD WAS SET OR TIED.
MM INDICATES DATA IS MISSING.
T  INDICATES TRACE AMOUNT.

$$
