000
CXUS54 KMAF 011413
CLMMAF


CLIMATE REPORT
NATIONAL WEATHER SERVICE MIDLAND TX
913 AM CDT FRI JUL 1 2016

...................................

...THE MIDLAND CLIMATE SUMMARY FOR THE MONTH OF JUNE 2016...

CLIMATE NORMAL PERIOD 1981 TO 2010
CLIMATE RECORD PERIOD 1930 TO 2016

WEATHER         OBSERVED          NORMAL  DEPART  LAST YEAR`S
                 VALUE   DATE(S)  VALUE   FROM    VALUE  DATE(S)
                                          NORMAL
................................................................
TEMPERATURE (F)
RECORD
 HIGH             116   06/27/1994
 LOW               47   06/01/1983
                        06/03/1947
HIGHEST           103   06/18        93      10      100  06/11
LOWEST             61   06/01        66      -5       62  06/01
AVG. MAXIMUM     93.4              93.4     0.0     91.7
AVG. MINIMUM     68.7              67.3     1.4     67.8
MEAN             81.0              80.3     0.7     79.8
DAYS MAX >= 90     25              21.0     4.0       26
DAYS MAX <= 32      0               0.0     0.0        0
DAYS MIN <= 32      0               0.0     0.0        0
DAYS MIN <= 0       0               0.0     0.0        0

PRECIPITATION (INCHES)
RECORD
 MAXIMUM         5.10   1940
 MINIMUM         0.00   2011
TOTALS           3.16              1.80    1.36     3.29
DAILY AVG.       0.11              0.06    0.05     0.11
DAYS >= .01         7               4.8     2.2        4
DAYS >= .10         5               3.0     2.0        3
DAYS >= .50         1               1.4    -0.4        3
DAYS >= 1.00        1               0.5     0.5        1
GREATEST
 24 HR. TOTAL    2.47   06/12 TO 06/12              1.94

DEGREE_DAYS
COOLING TOTAL     486               461      25      449
 SINCE 1/1        966               850     116      804
.................................................................

WIND (MPH)
AVERAGE WIND SPEED              10.9
HIGHEST WIND SPEED/DIRECTION    38/050    DATE  06/19
HIGHEST GUST SPEED/DIRECTION    46/300    DATE  06/15

SKY COVER
POSSIBLE SUNSHINE (PERCENT)   MM
AVERAGE SKY COVER           0.10
NUMBER OF DAYS FAIR           27
NUMBER OF DAYS PC              3
NUMBER OF DAYS CLOUDY          0

AVERAGE RH (PERCENT)     54

WEATHER CONDITIONS. NUMBER OF DAYS WITH
THUNDERSTORM              0     MIXED PRECIP               0
HEAVY RAIN                3     RAIN                       4
LIGHT RAIN                8     FREEZING RAIN              0
LT FREEZING RAIN          0     HAIL                       0
HEAVY SNOW                0     SNOW                       0
LIGHT SNOW                0     SLEET                      0
FOG                       5     FOG W/VIS <= 1/4 MILE      0
HAZE                      4

-  INDICATES NEGATIVE NUMBERS.
R  INDICATES RECORD WAS SET OR TIED.
MM INDICATES DATA IS MISSING.
T  INDICATES TRACE AMOUNT.

$$
