000
CXUS53 KGLD 021702
CLMMCK

CLIMATE REPORT
NATIONAL WEATHER SERVICE GOODLAND
957 AM MST TUE JAN 2 2018

...................................

...THE MCCOOK CLIMATE SUMMARY FOR THE MONTH OF DECEMBER 2017...

CLIMATE NORMAL PERIOD 1981 TO 2010
CLIMATE RECORD PERIOD 1896 TO 2017

WEATHER         OBSERVED          NORMAL  DEPART  LAST YEAR`S
                 VALUE   DATE(S)  VALUE   FROM    VALUE  DATE(S)
                                          NORMAL
................................................................
TEMPERATURE (F)
RECORD
 HIGH              81   12/23/1964
 LOW              -27   12/23/1989
                        12/22/1989
HIGHEST            65   12/10        64       1       62  12/30
LOWEST             -2   12/26        -2       0      -16  12/18
AVG. MAXIMUM     41.7              41.0     0.7     40.7
AVG. MINIMUM     15.3              15.0     0.3     12.8
MEAN             28.5              28.0     0.5     26.8
DAYS MAX >= 90      0               0.0     0.0        0
DAYS MAX <= 32      9               7.5     1.5        9
DAYS MIN <= 32     31              30.7     0.3       31
DAYS MIN <= 0       3               2.5     0.5        6

PRECIPITATION (INCHES)
RECORD
 MAXIMUM         4.08   2006
 MINIMUM         0.00   2002
TOTALS           0.10              0.64   -0.54     0.43
DAILY AVG.       0.00              0.02   -0.02     0.01
DAYS >= .01         2               3.5    -1.5        4
DAYS >= .10         0               1.4    -1.4        2
DAYS >= .50         0               0.3    -0.3        0
DAYS >= 1.00        0               0.1    -0.1        0
GREATEST
 24 HR. TOTAL    0.08   12/26 TO 12/26              0.18

.................................................................



-  INDICATES NEGATIVE NUMBERS.
R  INDICATES RECORD WAS SET OR TIED.
MM INDICATES DATA IS MISSING.
T  INDICATES TRACE AMOUNT.

$$
