000
CXUS53 KGLD 021353 RRA
CLMMCK

CLIMATE REPORT
NATIONAL WEATHER SERVICE GOODLAND
746 AM MDT MON MAY 2 2016

...................................

...THE MCCOOK CLIMATE SUMMARY FOR THE MONTH OF APRIL 2016...

CLIMATE NORMAL PERIOD 1981 TO 2010
CLIMATE RECORD PERIOD 1896 TO 2016

WEATHER         OBSERVED          NORMAL  DEPART  LAST YEAR`S
                 VALUE   DATE(S)  VALUE   FROM    VALUE  DATE(S)
                                          NORMAL
................................................................
TEMPERATURE (F)
RECORD
 HIGH              98   04/23/1939
                        04/28/1910
 LOW                0   04/02/1936
HIGHEST            80   04/23        87      -7       87  04/01
LOWEST             27   04/02        21       6       27  04/10
AVG. MAXIMUM     64.9              64.5     0.4     68.2
AVG. MINIMUM     37.8              34.4     3.4     40.0
MEAN             51.3              49.5     1.8     54.1
DAYS MAX >= 90      0               0.5    -0.5        0
DAYS MAX <= 32      0               0.3    -0.3        0
DAYS MIN <= 32      5              11.6    -6.6        6
DAYS MIN <= 0       0               0.0     0.0        0

PRECIPITATION (INCHES)
RECORD
 MAXIMUM         7.84   2007
 MINIMUM         0.13   1989
TOTALS           6.10              2.31    3.79     1.95
DAILY AVG.       0.20              0.08    0.12     0.07
DAYS >= .01         6               7.4    -1.4       11
DAYS >= .10         4               4.6    -0.6        6
DAYS >= .50         2               1.4     0.6        0
DAYS >= 1.00        1               0.6     0.4        0
GREATEST
 24 HR. TOTAL    4.94   04/15 TO 04/16              0.41


.................................................................



-  INDICATES NEGATIVE NUMBERS.
R  INDICATES RECORD WAS SET OR TIED.
MM INDICATES DATA IS MISSING.
T  INDICATES TRACE AMOUNT.

$$
