000
CXUS42 KFFC 011918
CLMMCN


CLIMATE REPORT
NATIONAL WEATHER SERVICE PEACHTREE CITY GA
316 PM EDT TUE AUG 1 2017

...................................

...THE MACON CLIMATE SUMMARY FOR THE MONTH OF JULY 2017...

CLIMATE NORMAL PERIOD 1981 TO 2010
CLIMATE RECORD PERIOD 1899 TO 2017

WEATHER         OBSERVED          NORMAL  DEPART  LAST YEAR`S
                 VALUE   DATE(S)  VALUE   FROM    VALUE  DATE(S)
                                          NORMAL
................................................................
TEMPERATURE (F)
RECORD
 HIGH             108   07/13/1980
 LOW               54   07/15/1967
HIGHEST            98   07/21        MM      MM      100  07/08
                        07/20                             07/03
                                                          07/02
LOWEST             62   07/31        MM      MM       69  07/13
                                                          07/12
AVG. MAXIMUM     92.9              92.6     0.3     97.1
AVG. MINIMUM     71.6              71.0     0.6     73.1
MEAN             82.2              81.8     0.4     85.1
DAYS MAX >= 90     27              23.0     4.0       30
DAYS MAX <= 32      0               0.0     0.0        0
DAYS MIN <= 32      0               0.0     0.0        0
DAYS MIN <= 0       0               0.0     0.0        0

PRECIPITATION (INCHES)
RECORD
 MAXIMUM        18.16   1994
 MINIMUM         0.60   2004
TOTALS           3.64              4.95   -1.31
DAILY AVG.       0.12              0.16   -0.04     0.08
DAYS >= .01        13              11.4     1.6        9
DAYS >= .10         5               7.6    -2.6        7
DAYS >= .50         1               2.8    -1.8        1
DAYS >= 1.00        1               1.3    -0.3        0
GREATEST
 24 HR. TOTAL    2.44   07/01 TO 07/01           07/30 TO 07/31
                                                          07/31 TO 07/31
                                                          07/31 TO 07/31

DEGREE_DAYS
HEATING TOTAL       0                 0       0        0
 SINCE 7/1          0                 0       0        0
COOLING TOTAL     540               521      19      611
 SINCE 1/1       1379              1253     126     1458
..................................................

WIND (MPH)
AVERAGE WIND SPEED              4.4
HIGHEST WIND SPEED/DIRECTION    31/240    DATE  07/07
HIGHEST GUST SPEED/DIRECTION    37/240    DATE  07/07

SKY COVER
POSSIBLE SUNSHINE (PERCENT)   MM
AVERAGE SKY COVER           0.20
NUMBER OF DAYS FAIR           22
NUMBER OF DAYS PC              9
NUMBER OF DAYS CLOUDY          0

AVERAGE RH (PERCENT)     71

WEATHER CONDITIONS. NUMBER OF DAYS WITH
THUNDERSTORM              0     MIXED PRECIP               0
HEAVY RAIN                4     RAIN                       2
LIGHT RAIN               12     FREEZING RAIN              0
LT FREEZING RAIN          0     HAIL                       0
HEAVY SNOW                0     SNOW                       0
LIGHT SNOW                0     SLEET                      0
FOG                      19     FOG W/VIS <= 1/4 MILE      2
HAZE                      3

-  INDICATES NEGATIVE NUMBERS.
R  INDICATES RECORD WAS SET OR TIED.
MM INDICATES DATA IS MISSING.
T  INDICATES TRACE AMOUNT.

$$
