000
CXUS42 KFFC 011812
CLMMCN


CLIMATE REPORT
NATIONAL WEATHER SERVICE PEACHTREE CITY GA
111 PM EST FRI DEC 1 2017

...................................

...THE MACON CLIMATE SUMMARY FOR THE MONTH OF NOVEMBER 2017...

CLIMATE NORMAL PERIOD 1981 TO 2010
CLIMATE RECORD PERIOD 1899 TO 2017

WEATHER         OBSERVED          NORMAL  DEPART  LAST YEAR`S
                 VALUE   DATE(S)  VALUE   FROM    VALUE  DATE(S)
                                          NORMAL
................................................................
TEMPERATURE (F)
RECORD
 HIGH              88   11/02/1961
                        11/01/1961
 LOW               10   11/25/1950
HIGHEST            84   11/07        85      -1       86  11/03
                        11/06
                        11/04
LOWEST             28   11/20        22       6       29  11/27
                                                          11/22
AVG. MAXIMUM     70.7              68.8     1.9     74.2
AVG. MINIMUM     43.2              43.0     0.2     42.6
MEAN             56.9              55.9     1.0     58.4
DAYS MAX >= 90      0               0.0     0.0        0
DAYS MAX <= 32      0               0.0     0.0        0
DAYS MIN <= 32      3               4.7    -1.7        4
DAYS MIN <= 0       0               0.0     0.0        0

PRECIPITATION (INCHES)
RECORD
 MAXIMUM           MM   MM
 MINIMUM           MM   MM
TOTALS           1.09              3.32   -2.23
DAILY AVG.       0.04              0.11   -0.07     0.04
DAYS >= .01         4               7.9    -3.9        2
DAYS >= .10         2               4.6    -2.6        2
DAYS >= .50         1               2.2    -1.2        1
DAYS >= 1.00        0               1.2    -1.2        0
GREATEST
 24 HR. TOTAL    0.95   11/09 TO 11/09           11/30 TO 11/30
                                                          11/30 TO 11/30
                                                          11/30 TO 11/30

SNOWFALL (INCHES)
RECORDS
 TOTAL             MM   MM
 24 HR TOTAL       MM
 SNOW DEPTH        MM   MM
TOTALS            0.0               0.0     0.0      0.0
SINCE 7/1         0.0               0.0     0.0      0.0
SNOWDEPTH AVG.      0                MM      MM        0
DAYS >= TRACE       0               0.0     0.0        0
DAYS >= 1.0         0               0.0     0.0        0
GREATEST
 24 HR TOTAL      0.0   11/30 TO 11/30           11/30 TO 11/30
                                                          11/30 TO 11/30
                                                          11/30 TO 11/30

DEGREE_DAYS
HEATING TOTAL     263               292     -29      217
 SINCE 7/1        358               395     -37      242
COOLING TOTAL      28                19       9       27
 SINCE 1/1       2370              2163     207     2620
.................................................

WIND (MPH)
AVERAGE WIND SPEED              4.3
HIGHEST WIND SPEED/DIRECTION    26/320    DATE  11/19
HIGHEST GUST SPEED/DIRECTION    35/330    DATE  11/19

SKY COVER
POSSIBLE SUNSHINE (PERCENT)   MM
AVERAGE SKY COVER           0.30
NUMBER OF DAYS FAIR           20
NUMBER OF DAYS PC              7
NUMBER OF DAYS CLOUDY          3

AVERAGE RH (PERCENT)     72

WEATHER CONDITIONS. NUMBER OF DAYS WITH
THUNDERSTORM              0     MIXED PRECIP               0
HEAVY RAIN                1     RAIN                       2
LIGHT RAIN                5     FREEZING RAIN              0
LT FREEZING RAIN          0     HAIL                       0
HEAVY SNOW                0     SNOW                       0
LIGHT SNOW                0     SLEET                      0
FOG                      25     FOG W/VIS <= 1/4 MILE      7
HAZE                      2

-  INDICATES NEGATIVE NUMBERS.
R  INDICATES RECORD WAS SET OR TIED.
MM INDICATES DATA IS MISSING.
T  INDICATES TRACE AMOUNT.

$$
