000
CXUS51 KCLE 030041
CLMMFD


CLIMATE REPORT
NATIONAL WEATHER SERVICE CLEVELAND OH
736 PM EST MON MAR 2 2015

...................................

...THE MANSFIELD OH CLIMATE SUMMARY FOR THE MONTH OF FEBRUARY 2015...

CLIMATE NORMAL PERIOD 1981 TO 2010
CLIMATE RECORD PERIOD 1916 TO 2015

WEATHER         OBSERVED          NORMAL  DEPART  LAST YEAR`S
                 VALUE   DATE(S)  VALUE   FROM    VALUE
                                          NORMAL
.............................................................
TEMPERATURE (F)
RECORD
 HIGH              71   02/26/2000
 LOW              -11   02/15/2015
                        02/10/1982
                        02/17/1979
HIGHEST            48   02/08
LOWEST            -11R  02/15
AVG. MAXIMUM     24.1              36.3   -12.2     29.5
AVG. MINIMUM      5.3              20.5   -15.2     12.7
MEAN             14.7              28.4   -13.7     21.1
DAYS MAX >= 90      0               0.0     0.0        0
DAYS MAX <= 32     22              10.5    11.5       18
DAYS MIN <= 32     28              24.2     3.8       26
DAYS MIN <= 0      13               1.3    11.7        4

PRECIPITATION (INCHES)
RECORD
 MAXIMUM         6.05   2008
 MINIMUM         0.29   1978
TOTALS           1.70              2.39   -0.69     2.31
DAYS >= .01        14              12.9     1.1       15
DAYS >= .10         5               5.9    -0.9        8
DAYS >= .50         1               1.3    -0.3        0
DAYS >= 1.00        0               0.2    -0.2        0
GREATEST
 24 HR. TOTAL    0.56   02/01 TO 02/02              0.68

SNOWFALL (INCHES)
RECORDS
 TOTAL           49.2   2010
TOTALS           21.4              11.4    10.0     16.3
SINCE 7/1        52.5              37.9    14.6     52.8
DAYS >= 1.0         7               3.6     3.4        6
GREATEST
 24 HR TOTAL      4.5   02/04 TO 02/04

DEGREE_DAYS
HEATING TOTAL    1401              1025     376     1222
 SINCE 7/1       5072              4625     447     5044
COOLING TOTAL       0                 0       0        0
 SINCE 1/1          0                 0       0        0
..............................................................

WIND (MPH)
AVERAGE WIND SPEED              10.2
HIGHEST WIND SPEED/DIRECTION    35/310    DATE  02/14
HIGHEST GUST SPEED/DIRECTION    45/310    DATE  02/14

SKY COVER
AVERAGE SKY COVER           0.60

AVERAGE RH (PERCENT)     74

WEATHER CONDITIONS. NUMBER OF DAYS WITH
THUNDERSTORM              0     MIXED PRECIP               0
HEAVY RAIN                0     RAIN                       1
LIGHT RAIN                2     FREEZING RAIN              0
LT FREEZING RAIN          3     HAIL                       0
HEAVY SNOW                1     SNOW                       6
LIGHT SNOW               21     SLEET                      0
FOG                      20     FOG W/VIS <= 1/4 MILE      6
HAZE                     15

-  INDICATES NEGATIVE NUMBERS.
R  INDICATES RECORD WAS SET OR TIED.
MM INDICATES DATA IS MISSING.
T  INDICATES TRACE AMOUNT.

$$
