000
CXUS44 KBRO 011413
CLMMFE


CLIMATE REPORT
NATIONAL WEATHER SERVICE BROWNSVILLE TX
908 AM CDT SUN MAY 1 2016

...................................

...THE MCALLEN CLIMATE SUMMARY FOR THE MONTH OF APRIL 2016...

CLIMATE NORMAL PERIOD 1981 TO 2010
CLIMATE RECORD PERIOD 1961 TO 2016

WEATHER         OBSERVED          NORMAL  DEPART  LAST YEAR`S
                 VALUE   DATE(S)  VALUE   FROM    VALUE  DATE(S)
                                          NORMAL
................................................................
TEMPERATURE (F)
HIGHEST           101   04/30        97       4       94  04/27
LOWEST             51   04/03        50       1       56  04/30
AVG. MAXIMUM     90.5              87.1     3.4
AVG. MINIMUM     69.6              66.0     3.6
MEAN             80.1              76.5     3.6     79.1
DAYS MAX >= 90     18              11.0     7.0
DAYS MAX <= 32      0               0.0     0.0
DAYS MIN <= 32      0               0.0     0.0
DAYS MIN <= 0       0               0.0     0.0

PRECIPITATION (INCHES)
TOTALS           0.59              1.34   -0.75     4.59
DAILY AVG.       0.02              0.04   -0.02     0.15
DAYS >= .01         5               4.2     0.8        9
DAYS >= .10         1               2.0    -1.0        6
DAYS >= .50         1               0.8     0.2        4
DAYS >= 1.00        0               0.3    -0.3        1
GREATEST
 24 HR. TOTAL    0.56   04/23 TO 04/24

DEGREE_DAYS
HEATING TOTAL       1                 8      -7        0
 SINCE 7/1        318               579    -261      756
COOLING TOTAL     461               354     107      430
 SINCE 1/1       1027               731     296      681
..................................................

WIND (MPH)
AVERAGE WIND SPEED              10.6
HIGHEST WIND SPEED/DIRECTION    31/070    DATE  04/18
HIGHEST GUST SPEED/DIRECTION    41/070    DATE  04/18

SKY COVER
POSSIBLE SUNSHINE (PERCENT)   MM
AVERAGE SKY COVER           0.50
NUMBER OF DAYS FAIR            7
NUMBER OF DAYS PC             18
NUMBER OF DAYS CLOUDY          5

AVERAGE RH (PERCENT)     65

WEATHER CONDITIONS. NUMBER OF DAYS WITH
THUNDERSTORM              0     MIXED PRECIP               0
HEAVY RAIN                1     RAIN                       2
LIGHT RAIN               10     FREEZING RAIN              0
LT FREEZING RAIN          0     HAIL                       0
HEAVY SNOW                0     SNOW                       0
LIGHT SNOW                0     SLEET                      0
FOG                      18     FOG W/VIS <= 1/4 MILE      2
HAZE                     19

-  INDICATES NEGATIVE NUMBERS.
R  INDICATES RECORD WAS SET OR TIED.
MM INDICATES DATA IS MISSING.
T  INDICATES TRACE AMOUNT.

$$
