000
CXUS56 KMFR 011859
CLMMFR

CLIMATE REPORT
NATIONAL WEATHER SERVICE MEDFORD, OR
1059 AM PST FRI DEC 1 2017

...................................

...THE MEDFORD OR CLIMATE SUMMARY FOR THE MONTH OF NOVEMBER 2017...

CLIMATE NORMAL PERIOD 1981 TO 2010
CLIMATE RECORD PERIOD 1911 TO 2017

WEATHER         OBSERVED          NORMAL  DEPART  LAST YEAR`S
                 VALUE   DATE(S)  VALUE   FROM    VALUE  DATE(S)
                                          NORMAL
................................................................
TEMPERATURE (F)
RECORD
 HIGH              80   11/03/1929
 LOW               10   11/13/1978
HIGHEST            72   11/22                         69  11/08
                                                          11/04
LOWEST             26   11/18                         35  11/18
AVG. MAXIMUM     53.6              53.0     0.6     58.8
AVG. MINIMUM     38.4              36.4     2.0     41.0
MEAN             46.0              44.7     1.3     49.9
DAYS MAX >= 90      0               0.0     0.0        0
DAYS MAX <= 32      0               0.0     0.0        0
DAYS MIN <= 32      5               7.6    -2.6        0
DAYS MIN <= 0       0               0.0     0.0        0

PRECIPITATION (INCHES)
RECORD
 MAXIMUM         8.62   1942
TOTALS           2.87              3.02   -0.15     1.64
DAILY AVG.       0.10              0.10    0.00     0.05
DAYS >= .01        17              14.0     3.0       14
DAYS >= .10        12               7.7     4.3        8
DAYS >= .50         0               1.5    -1.5        0
DAYS >= 1.00        0               0.4    -0.4        0
GREATEST
 24 HR. TOTAL    0.53   11/19 TO 11/20

SNOWFALL (INCHES)
RECORDS
 TOTAL           11.4   1955
TOTALS            0.0               0.2    -0.2      0.0
SINCE 7/1         0.0               0.2    -0.2      0.0

DEGREE_DAYS
HEATING TOTAL     564               609     -45      445
 SINCE 7/1        935               969     -34      773
COOLING TOTAL       0                 0       0        0
 SINCE 1/1       1281               829     452     1058

FREEZE DATES
RECORD
 EARLIEST     09/13/1921
 LATEST       06/12/1952
EARLIEST                        10/18
LATEST                          04/29
.................................................................

WIND (MPH)
AVERAGE WIND SPEED              3.0
HIGHEST WIND SPEED/DIRECTION    31/150    DATE  11/08
HIGHEST GUST SPEED/DIRECTION    38/150    DATE  11/12

SKY COVER
POSSIBLE SUNSHINE (PERCENT)   MM
AVERAGE SKY COVER           0.70
NUMBER OF DAYS FAIR            4
NUMBER OF DAYS PC             10
NUMBER OF DAYS CLOUDY         16

AVERAGE RH (PERCENT)     83

WEATHER CONDITIONS. NUMBER OF DAYS WITH
THUNDERSTORM              0     MIXED PRECIP               0
HEAVY RAIN                0     RAIN                       4
LIGHT RAIN               19     FREEZING RAIN              0
LT FREEZING RAIN          0     HAIL                       0
HEAVY SNOW                0     SNOW                       0
LIGHT SNOW                0     SLEET                      0
FOG                      26     FOG W/VIS <= 1/4 MILE      5
HAZE                      1

-  INDICATES NEGATIVE NUMBERS.
R  INDICATES RECORD WAS SET OR TIED.
MM INDICATES DATA IS MISSING.
T  INDICATES TRACE AMOUNT.

&&

...MEDFORD OREGON WEATHER REVIEW: NOVEMBER 2017...

NOVEMBER 2017 WAS WARMER THAN NORMAL, WITH PRECIPITATION JUST UNDER
THE AVERAGE FOR THE MONTH. WHILE THE FIRST DAY OF THE MONTH WAS WARM
AND DRY, NUMEROUS SYSTEMS BEGAN IMPACTING THE REGION BEGINNING ON
THE 2ND AND CONTINUING THROUGH THE REST OF THE MONTH. THESE FRONTS
PRODUCED SEVERAL PERIODS OF RAIN, AND TEMPERATURES TENDED TO
FLUCTUATE, ALTERNATING BETWEEN A WEEK OF COOLER THAN NORMAL VALUES,
AND ROUGHLY A WEEK OF WARMER THAN NORMAL VALUES. WHILE THE COOL
PERIODS DID NOT PRODUCE ANY DAILY RECORDS FOR LOWS, THE WARMEST
PERIOD LATER IN THE MONTH PRODUCED THREE DAILY HIGH RECORDS. THE
FIRST OF THESE WAS ON THE 21ST, WHEN MEDFORD REACHED 70 DEGREES,
BREAKING HE OLD RECORD OF 67 SET IN 1974. THE NEXT DAY ON THE 22ND,
THE HIGH REACHED 72 DEGREES, BREAKING THE OLD RECORD OF 68 SET IN
1926. A FEW DAYS LATER ON THE 26TH, HIGHS REACHED 64 DEGREES,
BREAKING THE OLD RECORD OF 63 SET IN 1938.

WITH SO MANY SYSTEMS PASSING OVER THE VALLEY, MEASURABLE RAINFALL
OCCURRED ON 17 DAYS DURING THE MONTH. WHEN CONSIDERING DAYS THAT
ALSO RECORDED JUST A TRACE OF PRECIPITATION, RAIN FELL ON AT TOTAL
OF 22 DAYS, LEAVING ONLY 8 COMPLETELY DRY DAYS DURING THE MONTH.
DESPITE THE NUMEROUS WET DAYS, MEDFORD PRECIPITATION STILL ENDED
SLIGHTLY BELOW NORMAL FOR NOVEMBER.

THE AVERAGE TEMPERATURE FOR THE MONTH WAS 46.0 DEGREES, WHICH IS 1.3
DEGREES ABOVE NORMAL. THE AVERAGE MAXIMUM TEMPERATURE WAS 53.6
DEGREES, WHICH IS 0.6 DEGREES ABOVE NORMAL. THE AVERAGE MINIMUM
TEMPERATURE WAS 38.4 DEGREES WHICH IS 2.0 DEGREES ABOVE NORMAL. THE
HIGHEST TEMPERATURE FOR THE MONTH WAS 72 DEGREES ON THE 22ND. THE
LOWEST TEMPERATURE FOR THE MONTH WAS 26 DEGREES WHICH OCCURRED ON
THE 18TH.

THERE WERE 4 CLEAR DAYS, 10 PARTLY CLOUDY DAYS, AND 16 CLOUDY DAYS.

TOTAL PRECIPITATION FOR THE MONTH WAS 2.87 INCHES, WHICH IS 0.15
INCHES BELOW NORMAL. TOTAL PRECIPITATION FOR THE WATER YEAR
(BEGINNING OCTOBER 1ST) IS 3.76 INCHES WHICH IS 0.39 INCHES BELOW
NORMAL. CALENDAR YEAR PRECIPITATION IS 17.28 INCHES WHICH IS 2.42
INCHES ABOVE NORMAL.

THE AVERAGE WIND SPEED FOR THE MONTH WAS 3.0 MPH. THE FASTEST
RECORDED TWO-MINUTE WIND WAS 31 MPH FROM THE SOUTHEAST ON THE 8TH.
THE PEAK WIND WAS 38 MPH FROM THE SOUTHEAST WHICH OCCURRED ON THE
12TH.

THE HIGHEST PRESSURE FOR THE MONTH WAS 30.47 INCHES ON THE 29TH. THE
LOWEST PRESSURE FOR THE MONTH WAS 29.59 INCHES ON THE 15TH.

$$

BPN
