000
CXUS54 KBMX 011904
CLMMGM


CLIMATE REPORT
NATIONAL WEATHER SERVICE BIRMINGHAM, AL
104 PM CST THU JAN 1 2015

...................................

...THE MONTGOMERY CLIMATE SUMMARY FOR THE YEAR OF 2014...

CLIMATE NORMAL PERIOD 1981 TO 2010
CLIMATE RECORD PERIOD 1872 TO 2014

WEATHER         OBSERVED          NORMAL  DEPART
                 VALUE   DATE(S)  VALUE   FROM
                                          NORMAL
................................................
TEMPERATURE (F)
RECORD
 HIGH             107   07/07/1881
 LOW               -5   02/13/1899
HIGHEST           100   08/23
LOWEST             11   01/30
AVG. MAXIMUM     77.0              76.5     0.5
AVG. MINIMUM     53.0              53.7    -0.7
MEAN             65.0              65.1    -0.1
DAYS MAX >= 90    105              76.0    29.0
DAYS MAX <= 32      2               0.4     1.6
DAYS MAX >= 95     31
DAYS MAX >= 100     1
DAYS MIN <= 32     50              36.7    13.3
DAYS MIN <= 0       0               0.0     0.0
DAYS MIN <= 20     11

PRECIPITATION (INCHES)
TOTALS          48.60
DAILY AVG.       0.13              0.15   -0.02
DAYS >= .01       107             104.2     2.8
DAYS >= .10        74              71.9     2.1
DAYS >= .50        34              35.7    -1.7
DAYS >= 1.00       16              17.2    -1.2
GREATEST
 24 HR. TOTAL    3.25   MM

SNOWFALL (INCHES)
TOTALS            0.5R              0.4     0.1
 LIQUID EQUIV    0.05                MM      MM
SINCE 7/1         0.0               0.1    -0.1
 LIQUID 7/1      0.00              0.00    0.00
SNOWDEPTH AVG.      0                MM      MM
DAYS >= TRACE       3               0.4     2.6
DAYS >= 1.0         0               0.2    -0.2
GREATEST
 SNOW DEPTH         0   MM
 24 HR TOTAL      0.5   MM

DEGREE_DAYS
HEATING TOTAL    2366              2237     129
 SINCE 7/1        848               888     -40
.................................................

WIND (MPH)
AVERAGE WIND SPEED              5.1
RESULTANT WIND SPEED/DIRECTION   1/318
HIGHEST WIND SPEED/DIRECTION    36/140    DATE  04/29
HIGHEST GUST SPEED/DIRECTION    61/080    DATE  11/06

AVERAGE RH (PERCENT)     67

WEATHER CONDITIONS. NUMBER OF DAYS WITH
THUNDERSTORM              0     MIXED PRECIP               0
HEAVY RAIN               51     RAIN                      61
LIGHT RAIN               99     FREEZING RAIN              0
LT FREEZING RAIN          0     HAIL                       0
HEAVY SNOW                0     SNOW                       0
LIGHT SNOW                4     SLEET                      0
FOG                     201     FOG W/VIS <= 1/4 MILE     28
HAZE                     56

-  INDICATES NEGATIVE NUMBERS.
R  INDICATES RECORD WAS SET OR TIED.
MM INDICATES DATA IS MISSING.
T  INDICATES TRACE AMOUNT.

$$
