211
CXUS54 KBMX 011436
CLMMGM


CLIMATE REPORT
NATIONAL WEATHER SERVICE BIRMINGHAM, AL
836 AM CST MON FEB 1 2016

...................................

...THE MONTGOMERY CLIMATE SUMMARY FOR THE MONTH OF JANUARY 2016...

CLIMATE NORMAL PERIOD 1981 TO 2010
CLIMATE RECORD PERIOD 1994 TO 2016

WEATHER         OBSERVED          NORMAL  DEPART  LAST YEAR`S
                 VALUE   DATE(S)  VALUE   FROM    VALUE  DATE(S)
                                          NORMAL
................................................................
TEMPERATURE (F)
RECORD
 HIGH              83   01/11/1949
 LOW                0   01/21/1985
HIGHEST            75   01/31        MM      MM       73  01/03
LOWEST             24   01/19        MM      MM       14  01/08
AVG. MAXIMUM     57.1              57.4    -0.3     58.5
AVG. MINIMUM     35.6              35.7    -0.1     34.8
MEAN             46.4                               46.7
DAYS MAX >= 90      0               0.0     0.0        0
DAYS MAX <= 32      0               0.2    -0.2        0
DAYS MIN <= 32     13              12.5     0.5       15
DAYS MIN <= 0       0               0.0     0.0        0

PRECIPITATION (INCHES)
RECORD
 MAXIMUM        17.78   1892
 MINIMUM         0.49   1927
TOTALS           5.25              4.65    0.60     2.82
DAILY AVG.       0.17              0.15    0.02     0.09
DAYS >= .01         7              10.1    -3.1        8
DAYS >= .10         7               7.1    -0.1        4
DAYS >= .50         4               3.3     0.7        2
DAYS >= 1.00        3               1.4     1.6        2

DEGREE_DAYS
HEATING TOTAL     569               574      -5      560
 SINCE 7/1        975              1462    -487     1408
COOLING TOTAL       0                 2      -2        0
 SINCE 1/1          0                 0       0        0
.................................................................

WIND (MPH)
AVERAGE WIND SPEED              7.1
HIGHEST WIND SPEED/DIRECTION    26/280    DATE  01/22
HIGHEST GUST SPEED/DIRECTION    34/290    DATE  01/22

AVERAGE RH (PERCENT)     66

WEATHER CONDITIONS. NUMBER OF DAYS WITH
THUNDERSTORM              0     MIXED PRECIP               0
HEAVY RAIN                6     RAIN                       7
LIGHT RAIN               10     FREEZING RAIN              0
LT FREEZING RAIN          0     HAIL                       0
HEAVY SNOW                0     SNOW                       0
LIGHT SNOW                1     SLEET                      0
FOG                      10     FOG W/VIS <= 1/4 MILE      3
HAZE                      1

-  INDICATES NEGATIVE NUMBERS.
R  INDICATES RECORD WAS SET OR TIED.
MM INDICATES DATA IS MISSING.
T  INDICATES TRACE AMOUNT.

$$
