000
CXUS52 KMFL 011504 CCA
CLMMIA

CLIMATE REPORT
NATIONAL WEATHER SERVICE MIAMI, FL
1030 AM EDT SAT NOV 1 2014

...................................

...THE MIAMI CLIMATE SUMMARY FOR THE MONTH OF OCTOBER 2014...

CLIMATE NORMAL PERIOD 1981 TO 2010
CLIMATE RECORD PERIOD 1839 TO 2014

WEATHER         OBSERVED          NORMAL  DEPART  LAST YEAR`S
                 VALUE   DATE(S)  VALUE   FROM    VALUE
                                          NORMAL
.............................................................
TEMPERATURE (F)
RECORD
 HIGH              95   10/01/1980
 LOW               45   10/29/1938
HIGHEST            94   10/03                         91
LOWEST             67   10/31                         70
                        10/27
                        10/18
AVG. MAXIMUM     86.5              86.2     0.3     86.8
AVG. MINIMUM     73.1              73.5    -0.4     74.4
MEAN             79.8              79.9    -0.1     80.6
DAYS MAX >= 90      4                                  3
DAYS MAX <= 32      0                                  0
DAYS MIN <= 32      0                                  0
DAYS MIN <= 0       0                                  0

PRECIPITATION (INCHES)
RECORD
 MAXIMUM        27.86   1908
 MINIMUM         0.72   2002
TOTALS           3.24              6.33   -3.09     6.87
DAILY AVG.       0.10              0.20   -0.10
DAYS >= .01        11                                  8
DAYS >= .10         5                                  5
DAYS >= .50         3                                  2
DAYS >= 1.00        1                                  1
GREATEST
 24 HR. TOTAL    1.39   10/15 TO 10/15              5.64

DEGREE_DAYS
HEATING TOTAL       0                 0       0        0
 SINCE 7/1          0                 0       0        0
COOLING TOTAL     467               460       7      492
 SINCE 1/1       4296              4072     224     4170
..............................................................

WIND (MPH)
AVERAGE WIND SPEED              6.6
HIGHEST WIND SPEED/DIRECTION    24/240    DATE  10/15
HIGHEST GUST SPEED/DIRECTION    31/250    DATE  10/15

SKY COVER
POSSIBLE SUNSHINE (PERCENT)   65
AVERAGE SKY COVER           0.50
NUMBER OF DAYS FAIR           11
NUMBER OF DAYS PC             13
NUMBER OF DAYS CLOUDY          7

AVERAGE RH (PERCENT)     70

WEATHER CONDITIONS. NUMBER OF DAYS WITH
THUNDERSTORM              4     MIXED PRECIP               0
HEAVY RAIN                4     RAIN                       2
LIGHT RAIN               16     FREEZING RAIN              0
LT FREEZING RAIN          0     HAIL                       0
HEAVY SNOW                0     SNOW                       0
LIGHT SNOW                0     SLEET                      0
FOG                       9     FOG W/VIS <= 1/4 MILE      0
HAZE                      1

-  INDICATES NEGATIVE NUMBERS.
R  INDICATES RECORD WAS SET OR TIED.
MM INDICATES DATA IS MISSING.
T  INDICATES TRACE AMOUNT.


...............................................................


..............DATA FOR MIAMI BEACH...OCTOBER 2014..............

...TEMPERATURE DATA...

AVERAGE FOR THE MONTH .... 78.4 OR 0.8 DEGREES BELOW NORMAL.
AVERAGE MAXIMUM .......... 84.0 OR 0.3 DEGREES ABOVE NORMAL.
AVERAGE MINIMUM .......... 72.8 OR 1.9 DEGREES BELOW NORMAL.            .

HIGHEST TEMPERATURE FOR THE MONTH: 91 DEGREES ON THE 2ND.
LOWEST  TEMPERATURE FOR THE MONTH: 66 DEGREES ON THE 19TH.


...PRECIPITATION...

TOTAL FOR THE MONTH  5.49 INCHES OR 1.02 INCHES ABOVE NORMAL.
TOTAL FOR THE YEAR  51.49 INCHES OR 4.55 INCHES ABOVE NORMAL.
GREATEST 24-HOUR PERIOD RAINFALL 1.30 INCHES ON THE 24TH.

NUMBER OF DAYS HAVING 0.01 INCHES OR MORE ... 13.
NUMBER OF DAYS HAVING 0.10 INCHES OR MORE ... 12.
NUMBER OF DAYS HAVING 0.50 INCHES OR MORE ...  4.
NUMBER OF DAYS HAVING 1.00 INCHES OR MORE ...  1.


...............................................................


...DATA FOR THE NATIONAL WEATHER SERVICE OFFICE (WEST MIAMI)...
                       ...OCTOBER 2014...

...TEMPERATURE DATA...

AVERAGE FOR THE MONTH .... 78.7 DEGREES.
AVERAGE MAXIMUM .......... 86.0 DEGREES.
AVERAGE MINIMUM .......... 71.5 DEGREES.

HIGHEST TEMPERATURE FOR THE MONTH: 93 DEGREES ON THE  2ND.
LOWEST  TEMPERATURE FOR THE MONTH: 64 DEGREES ON THE 18TH, 20TH.


...PRECIPITATION...

TOTAL FOR THE MONTH.................  3.54 INCHES.
TOTAL FOR THE YEAR.................. 66.40 INCHES.
GREATEST 24-HOUR PERIOD RAINFALL 0.92 INCHES ON THE 23RD.

NUMBER OF DAYS HAVING 0.01 INCHES OR MORE ... 13.
NUMBER OF DAYS HAVING 0.10 INCHES OR MORE ...  8.
NUMBER OF DAYS HAVING 0.50 INCHES OR MORE ...  4.
NUMBER OF DAYS HAVING 1.00 INCHES OR MORE ...  0.

$$

CORRECTED RECORD HIGH TEMPERATURE FOR MONTH OF OCTOBER.

ROSS
