000
CXUS52 KMFL 011353
CLMMIA

CLIMATE REPORT
NATIONAL WEATHER SERVICE MIAMI, FL
951 AM EDT SAT AUG 1 2015

...................................

...THE MIAMI CLIMATE SUMMARY FOR THE MONTH OF JULY 2015...

CLIMATE NORMAL PERIOD 1981 TO 2010
CLIMATE RECORD PERIOD 1895 TO 2015

WEATHER         OBSERVED          NORMAL  DEPART  LAST YEAR`S
                 VALUE   DATE(S)  VALUE   FROM    VALUE
                                          NORMAL
.............................................................
TEMPERATURE (F)
RECORD
 HIGH             100   07/21/1942
 LOW               66   07/13/1936
                        07/04/1929
HIGHEST            96   07/29                         95
LOWEST             73   07/25                         71
AVG. MAXIMUM     91.5              90.9     0.6     90.6
AVG. MINIMUM     77.7              77.3     0.4     77.1
MEAN             84.6              84.1     0.5     83.9
DAYS MAX >= 90     28                                 22
DAYS MAX <= 32      0                                  0
DAYS MIN <= 32      0                                  0
DAYS MIN <= 0       0                                  0

PRECIPITATION (INCHES)
RECORD
 MAXIMUM        15.33   1941
 MINIMUM         0.48   1932
TOTALS           5.91              6.50   -0.59    10.29
DAILY AVG.       0.19              0.21   -0.02
DAYS >= .01        16                                 26
DAYS >= .10        10                                 19
DAYS >= .50         3                                 10
DAYS >= 1.00        2                                  2
GREATEST
 24 HR. TOTAL    2.05   07/31 TO 07/31              1.94

DEGREE_DAYS
HEATING TOTAL       0                 0       0        0
 SINCE 7/1          0                 0       0        0
COOLING TOTAL     619               592      27      593
 SINCE 1/1       2861              2480     381     2669
..............................................................

WIND (MPH)
AVERAGE WIND SPEED              6.8
HIGHEST WIND SPEED/DIRECTION    31/080    DATE  07/31
HIGHEST GUST SPEED/DIRECTION    52/080    DATE  07/31

SKY COVER
POSSIBLE SUNSHINE (PERCENT)   64
AVERAGE SKY COVER           0.60
NUMBER OF DAYS FAIR            1
NUMBER OF DAYS PC             24
NUMBER OF DAYS CLOUDY          6

AVERAGE RH (PERCENT)     67

WEATHER CONDITIONS. NUMBER OF DAYS WITH
THUNDERSTORM             15     MIXED PRECIP               0
HEAVY RAIN                7     RAIN                       6
LIGHT RAIN               17     FREEZING RAIN              0
LT FREEZING RAIN          0     HAIL                       0
HEAVY SNOW                0     SNOW                       0
LIGHT SNOW                0     SLEET                      0
FOG                       4     FOG W/VIS <= 1/4 MILE      0
HAZE                      3

-  INDICATES NEGATIVE NUMBERS.
R  INDICATES RECORD WAS SET OR TIED.
MM INDICATES DATA IS MISSING.
T  INDICATES TRACE AMOUNT.

...............................................................

.........DATA FOR NWS MIAMI (WEST MIAMI).....JULY 2015.........

...TEMPERATURE DATA...

AVERAGE FOR THE MONTH .... 83.1 DEGREES.
AVERAGE MAXIMUM .......... 91.5 DEGREES.
AVERAGE MINIMUM .......... 74.7 DEGREES.

HIGHEST TEMPERATURE FOR THE MONTH: 94 DEGREES ON THE 25TH, 29TH, 30TH.
LOWEST  TEMPERATURE FOR THE MONTH: 71 DEGREES ON THE  26TH.


...PRECIPITATION...

TOTAL FOR THE MONTH................. 4.54  INCHES.
TOTAL FOR THE YEAR.................. 16.32 INCHES.
GREATEST 24-HOUR PERIOD RAINFALL 0.84 INCHES ON THE 16TH.

NUMBER OF DAYS HAVING 0.01 INCHES OR MORE ...16.
NUMBER OF DAYS HAVING 0.10 INCHES OR MORE ... 9.
NUMBER OF DAYS HAVING 0.50 INCHES OR MORE ... 4.
NUMBER OF DAYS HAVING 1.00 INCHES OR MORE ... 0.



.............................................................

...............DATA FOR MIAMI BEACH.....JULY 2015...............

...TEMPERATURE DATA...

AVERAGE FOR THE MONTH .... 83.3 OR 0.1 DEGREES ABOVE NORMAL.
AVERAGE MAXIMUM .......... 88.7 OR 0.6 DEGREES ABOVE NORMAL.
AVERAGE MINIMUM .......... 77.9 OR 0.4 DEGREES BELOW NORMAL.

HIGHEST TEMPERATURE FOR THE MONTH: 93 DEGREES ON THE 25TH, 26TH.
LOWEST TEMPERATURE FOR THE MONTH:  72 DEGREES ON THE 16TH, 26TH.


...PRECIPITATION...

TOTAL FOR THE MONTH 5.05 INCHES OR  0.70 INCHES BELOW NORMAL.
TOTAL FOR THE YEAR 16.18 INCHES OR 12.04 INCHES BELOW NORMAL.
GREATEST 24-HOUR PERIOD RAINFALL 1.60 INCHES ON THE 26TH.

NUMBER OF DAYS HAVING 0.01 INCHES OR MORE ... 11.
NUMBER OF DAYS HAVING 0.10 INCHES OR MORE ...  9.
NUMBER OF DAYS HAVING 0.50 INCHES OR MORE ...  3.
NUMBER OF DAYS HAVING 1.00 INCHES OR MORE ...  2.


...............................................................

$$
