000
CXUS53 KIND 011510
CLMMIE


CLIMATE REPORT
NATIONAL WEATHER SERVICE INDIANAPOLIS IN
1110 AM EDT WED NOV 1 2017

...................................

...THE MUNCIE IN CLIMATE SUMMARY FOR THE MONTH OF OCTOBER 2017...

CLIMATE NORMAL PERIOD 1981 TO 2010
CLIMATE RECORD PERIOD 9999 TO 9999

WEATHER         OBSERVED          NORMAL  DEPART  LAST YEAR`S
                 VALUE   DATE(S)  VALUE   FROM    VALUE  DATE(S)
                                          NORMAL
................................................................
TEMPERATURE (F)
HIGHEST            86   10/03                         85  10/07
                                                          10/06
LOWEST             31   10/26                         37  10/25
AVG. MAXIMUM     68.3              64.4     3.9     70.5
AVG. MINIMUM     49.6              43.2     6.4     50.6
MEAN             59.0              53.8     5.2     60.5
DAYS MAX >= 90      0               0.0     0.0        0
DAYS MAX <= 32      0               0.0     0.0        0
DAYS MIN <= 32      1               3.4    -2.4        0
DAYS MIN <= 0       0               0.0     0.0        0

PRECIPITATION (INCHES)
TOTALS           4.07              2.92    1.15     2.34
DAILY AVG.       0.13              0.09    0.04     0.08
DAYS >= .01        15               9.4     5.6        9
DAYS >= .10         9               5.5     3.5        3
DAYS >= .50         1               2.2    -1.2        1
DAYS >= 1.00        1               0.6     0.4        1
GREATEST
 24 HR. TOTAL    1.87   10/05 TO 10/05

DEGREE_DAYS
HEATING TOTAL     237               363    -126      187
 SINCE 7/1        295               464    -169      200
COOLING TOTAL      57                16      41       56
 SINCE 1/1       1090               955     135     1344
.................................................................

WIND (MPH)
AVERAGE WIND SPEED              7.1
HIGHEST WIND SPEED/DIRECTION    25/280    DATE  10/15
HIGHEST GUST SPEED/DIRECTION    38/270    DATE  10/15

SKY COVER
POSSIBLE SUNSHINE (PERCENT)   MM
AVERAGE SKY COVER           0.50
NUMBER OF DAYS FAIR           12
NUMBER OF DAYS PC              9
NUMBER OF DAYS CLOUDY         10

AVERAGE RH (PERCENT)     68

WEATHER CONDITIONS. NUMBER OF DAYS WITH
THUNDERSTORM              1     MIXED PRECIP               0
HEAVY RAIN                2     RAIN                       4
LIGHT RAIN               16     FREEZING RAIN              0
LT FREEZING RAIN          0     HAIL                       0
HEAVY SNOW                0     SNOW                       0
LIGHT SNOW                0     SLEET                      0
FOG                      14     FOG W/VIS <= 1/4 MILE      2
HAZE                      3

-  INDICATES NEGATIVE NUMBERS.
R  INDICATES RECORD WAS SET OR TIED.
MM INDICATES DATA IS MISSING.
T  INDICATES TRACE AMOUNT.

$$
