000
CXUS53 KMKX 011428 CCA
CLMMKE

CLIMATE REPORT
NATIONAL WEATHER SERVICE IN MILWAUKEE
814 AM CDT THU JUN 1 2017

...................................

...THE MILWAUKEE WI CLIMATE SUMMARY FOR THE MONTH OF MAY 2017...

CLIMATE NORMAL PERIOD 1981 TO 2010
CLIMATE RECORD PERIOD 1871 TO 2017

WEATHER         OBSERVED          NORMAL  DEPART  LAST YEAR`S
                 VALUE   DATE(S)  VALUE   FROM    VALUE  DATE(S)
                                          NORMAL
................................................................
TEMPERATURE (F)
RECORD
 HIGH              94   05/27/1911
 LOW               21   05/10/1966
HIGHEST            87   05/16        84       3       85  05/26
                                                          05/24
                                                          05/06
LOWEST             33   05/03        34      -1       36  05/15
AVG. MAXIMUM     63.5              64.9    -1.4     67.2
AVG. MINIMUM     46.7              46.5     0.2     48.1
MEAN             55.1              55.7    -0.6     57.7
DAYS MAX >= 90      0               0.2    -0.2        0
DAYS MAX <= 32      0               0.0     0.0        0
DAYS MIN <= 32      0               0.3    -0.3        0
DAYS MIN <= 0       0               0.0     0.0        0

PRECIPITATION (INCHES)
RECORD
 MAXIMUM         9.56   1933
 MINIMUM         0.41   1885
TOTALS           2.83              3.40   -0.57     2.37
DAILY AVG.       0.09              0.11   -0.02     0.08
DAYS >= .01        12              11.4     0.6       13
DAYS >= .10         8               7.0     1.0        7
DAYS >= .50         1               2.3    -1.3        1
DAYS >= 1.00        0               0.8    -0.8        1
GREATEST
 24 HR. TOTAL    0.54   05/28 TO 05/28              1.34

SNOWFALL (INCHES)
RECORDS
 TOTAL            3.2   1990
TOTALS            0.0               0.1    -0.1        T
SINCE 7/1        37.6              46.9    -9.3     39.1
SNOWDEPTH AVG.      0                MM      MM        0
DAYS >= 1.0         0               0.0     0.0        0
GREATEST
 SNOW DEPTH         0   MM                             0  MM
 24 HR TOTAL      0.0   05/31 TO 05/31                 T

DEGREE_DAYS
HEATING TOTAL     316               313       3      264
 SINCE 7/1       5620              6810   -1190     5880
COOLING TOTAL      18                25      -7       45
 SINCE 1/1         21                30      -9       45
.................................................................

WIND (MPH)
AVERAGE WIND SPEED              10.0
HIGHEST WIND SPEED/DIRECTION    36/260    DATE  05/15
HIGHEST GUST SPEED/DIRECTION    54/260    DATE  05/17

SKY COVER
POSSIBLE SUNSHINE (PERCENT)   MM
AVERAGE SKY COVER           0.60
NUMBER OF DAYS FAIR            3
NUMBER OF DAYS PC             19
NUMBER OF DAYS CLOUDY          9

AVERAGE RH (PERCENT)     68

WEATHER CONDITIONS. NUMBER OF DAYS WITH
THUNDERSTORM              8     MIXED PRECIP               0
HEAVY RAIN                5     RAIN                       6
LIGHT RAIN               20     FREEZING RAIN              0
LT FREEZING RAIN          0     HAIL                       1
HEAVY SNOW                0     SNOW                       0
LIGHT SNOW                0     SLEET                      0
FOG                      14     FOG W/VIS <= 1/4 MILE      5
HAZE                      2

-  INDICATES NEGATIVE NUMBERS.
R  INDICATES RECORD WAS SET OR TIED.
MM INDICATES DATA IS MISSING.
T  INDICATES TRACE AMOUNT.

$$
