000
CXUS52 KMLB 011626 AAA
CLMMLB

CLIMATE REPORT
NATIONAL WEATHER SERVICE MELBOURNE FL
1230 PM EDT MON JUN 1 2015

...................................

...THE MELBOURNE CLIMATE SUMMARY FOR THE MONTH OF MAY 2015...

CLIMATE NORMAL PERIOD 1981 TO 2010
CLIMATE RECORD PERIOD 1939 TO 2015

WEATHER         OBSERVED          NORMAL  DEPART  LAST YEAR`S
                 VALUE   DATE(S)  VALUE   FROM    VALUE  DATE(S)
                                          NORMAL
................................................................
TEMPERATURE (F)
MONTHLY RECORD
 WARMEST         79.0   1995
 COOLEST         72.9   1941
DAILY RECORD
 HIGH              99   05/31/2004
 LOW               47   05/08/1992
MAY 2015
HIGHEST            94   05/21                         91
LOWEST             60   05/01                         59
AVG. MAXIMUM     85.3              85.6    -0.3     84.7
AVG. MINIMUM     70.2              67.0     3.2     69.3
MEAN             77.7              76.3     1.4     77.0
DAYS MAX >= 90      3               5.7    -2.7        3
DAYS MAX <= 32      0               0.0     0.0        0
DAYS MIN <= 32      0               0.0     0.0        0
DAYS MIN <= 0       0               0.0     0.0        0

PRECIPITATION (INCHES)
MONTHLY RECORD
 MAXIMUM        13.83   1976
 MINIMUM         0.17   1965
DAILY RECORD
 MAXIMUM         5.00   05/23/1984
MAY 2015
TOTALS           2.57              3.29   -0.72     3.57
DAYS >= .01         7               7.4    -0.4        9
DAYS >= .10         4               4.7    -0.7        5
DAYS >= .50         2               2.2    -0.2        4
DAYS >= 1.00        1               0.8     0.2        1
GREATEST
 24 HR. TOTAL    1.17   05/31 TO 05/31

SNOWFALL (INCHES)
TOTALS            0.0               0.0     0.0      0.0
SINCE 7/1         0.0               0.0     0.0      0.0
DAYS >= TRACE       0                                  0

DEGREE_DAYS
HEATING TOTAL       0                 1      -1        0
 SINCE 7/1        424               577    -153      358
COOLING TOTAL     403               351      52      382
 SINCE 1/1       1112               726     386      893
.................................................................

WIND (MPH)
AVERAGE WIND SPEED              10.1
HIGHEST WIND SPEED/DIRECTION    24/140    DATE  05/10
HIGHEST GUST SPEED/DIRECTION    30/160    DATE  05/10

SKY COVER
POSSIBLE SUNSHINE (PERCENT)   MM
AVERAGE SKY COVER           0.30
NUMBER OF DAYS FAIR           18
NUMBER OF DAYS PC             13
NUMBER OF DAYS CLOUDY          0

AVERAGE RH (PERCENT)     70

WEATHER CONDITIONS. NUMBER OF DAYS WITH
THUNDERSTORM              8     MIXED PRECIP               0
HEAVY RAIN                4     RAIN                       5
LIGHT RAIN                9     LT FREEZING RAIN           0
HAIL                      0     LIGHT SNOW                 0
SLEET                     0     FOG                        6
FOG W/VIS <= 1/4 MILE     0     HAZE                       2

-  INDICATES NEGATIVE NUMBERS.
R  INDICATES RECORD WAS SET OR TIED.
MM INDICATES DATA IS MISSING.
T  INDICATES TRACE AMOUNT.

=================================================================

...THE MELBOURNE CLIMATE SUMMARY FOR THE SPRING SEASON, FROM
3/1/2015 TO 5/31/2015...

CLIMATE NORMAL PERIOD 1981 TO 2010
CLIMATE RECORD PERIOD 1939 TO 2015

WEATHER         OBSERVED          NORMAL  DEPART  LAST YEAR`S
                 VALUE   DATE(S)  VALUE   FROM    VALUE  DATE(S)
                                          NORMAL
................................................................
TEMPERATURE (F)
SPRING RECORDS
 WARMEST         75.6   2015
 COOLEST         67.8   1968
DAILY RECORDS
 HIGH              99   05/31/2004
 LOW               25   03/03/1980
SPRING 2015
HIGHEST            94   05/21                         91
LOWEST             47   03/30                         45
                        03/29
AVG. MAXIMUM     83.7              81.1     2.6     80.9
AVG. MINIMUM     67.5              60.7     6.8     63.2
MEAN             75.6              70.9     4.7     72.1
DAYS MAX >= 90      7               6.5     0.5        4
DAYS MAX <= 32      0               0.0     0.0        0
DAYS MIN <= 32      0               0.0     0.0        0
DAYS MIN <= 0       0               0.0                0

PRECIPITATION (INCHES)
SPRING RECORDS
 MAXIMUM        17.27   1982
 MINIMUM         1.65   1986
SPRING 2015
TOTALS           6.74              8.70   -1.96     9.16
DAYS >= .01        21              20.5     0.5       28
DAYS >= .10        15              12.7     2.3       15
DAYS >= .50         5               6.0    -1.0       10
DAYS >= 1.00        2               2.3    -0.3        2
GREATEST
 24 HR. TOTAL    1.18   04/16 TO 04/17              1.75

SNOWFALL (INCHES)
TOTALS            0.0               0.0     0.0      0.0
SINCE 7/1         0.0                                0.0
SNOWDEPTH AVG.      0
DAYS >= TRACE       0                                  0

DEGREE_DAYS
HEATING TOTAL      14                88     -74       52
COOLING TOTAL    1014               628     386      725
.................................................................

WIND (MPH)
AVERAGE WIND SPEED              9.1
HIGHEST WIND SPEED/DIRECTION    30/190    DATE  03/26
HIGHEST GUST SPEED/DIRECTION    41/180    DATE  03/26

SKY COVER
POSSIBLE SUNSHINE (PERCENT)   MM
AVERAGE SKY COVER           0.30
NUMBER OF DAYS FAIR           57
NUMBER OF DAYS PC             33
NUMBER OF DAYS CLOUDY          2

AVERAGE RH (PERCENT)     73

WEATHER CONDITIONS. NUMBER OF DAYS WITH
THUNDERSTORM             17     MIXED PRECIP               0
HEAVY RAIN                9     RAIN                      15
LIGHT RAIN               30     LT FREEZING RAIN           0
HAIL                      0     SLEET                      0
FOG                      41     FOG W/VIS <= 1/4 MILE      7
HAZE                     10

-  INDICATES NEGATIVE NUMBERS.
R  INDICATES RECORD WAS SET OR TIED.
MM INDICATES DATA IS MISSING.
T  INDICATES TRACE AMOUNT.

$$

ULRICH
