000
CXUS54 KHUN 022008
CLMMSL


CLIMATE REPORT
NATIONAL WEATHER SERVICE HUNTSVILLE AL
207 PM CST MON MAR 2 2015

...................................

...THE MUSCLE SHOALS CLIMATE SUMMARY FOR THE MONTH OF FEBRUARY 2015...

CLIMATE NORMAL PERIOD 1981 TO 2010
CLIMATE RECORD PERIOD 1893 TO 2015

WEATHER         OBSERVED          NORMAL  DEPART  LAST YEAR`S
                 VALUE   DATE(S)  VALUE   FROM    VALUE
                                          NORMAL
.............................................................
TEMPERATURE (F)
RECORD
 HIGH              83   02/23/2012
                        02/13/1962
                        02/05/2000
 LOW              -13   02/14/1905
HIGHEST            67   02/07        MM      MM       77
LOWEST             11   02/19        MM      MM       18
AVG. MAXIMUM     46.1              55.4    -9.3     53.8
AVG. MINIMUM     26.5              35.0    -8.5     32.9
MEAN             36.3              45.2    -8.9     43.3
DAYS MAX >= 90      0               0.0     0.0        0
DAYS MAX <= 32      2               0.5     1.5        1
DAYS MIN <= 32     23              11.5    11.5       16
DAYS MIN <= 0       0               0.0     0.0        0

PRECIPITATION (INCHES)
RECORD
 MAXIMUM        13.64   1948
 MINIMUM         0.51   1978
TOTALS           3.11              4.66   -1.55     3.99
DAILY AVG.       0.11              0.17   -0.06
DAYS >= .01         7              10.6    -3.6       11
DAYS >= .10         6               7.0    -1.0        8
DAYS >= .50         2               2.9    -0.9        2
DAYS >= 1.00        1               1.1    -0.1        2
GREATEST
 24 HR. TOTAL    1.17   02/21 TO 02/21              1.59

SNOWFALL (INCHES)
RECORDS
 TOTAL           12.0   1910
 24 HR TOTAL       MM
TOTALS            3.5               1.0     2.5      1.4
SINCE 7/1         3.5               1.8     1.7      1.4
DAYS >= TRACE       7               0.6     6.4
DAYS >= 1.0         1               0.4     0.6
GREATEST
 24 HR TOTAL      3.5   02/25 TO 02/25               0.9

DEGREE_DAYS
HEATING TOTAL     796               555     241      598
 SINCE 7/1       2771              2535     236     2771
COOLING TOTAL       0                 1      -1        0
 SINCE 1/1          0                 1      -1        0

FREEZE DATES
RECORD
 EARLIEST     10/03/1908
 LATEST       04/27/1919
EARLIEST      02/02             11/07
LATEST                          03/28
..............................................................

WIND (MPH)
AVERAGE WIND SPEED              7.1
HIGHEST WIND SPEED/DIRECTION    30/300    DATE  02/01
HIGHEST GUST SPEED/DIRECTION    39/290    DATE  02/18

AVERAGE RH (PERCENT)     60


-  INDICATES NEGATIVE NUMBERS.
R  INDICATES RECORD WAS SET OR TIED.
MM INDICATES DATA IS MISSING.
T  INDICATES TRACE AMOUNT.

$$
