000
CXUS54 KHUN 041934
CLMMSL


CLIMATE REPORT
NATIONAL WEATHER SERVICE HUNTSVILLE AL
233 PM CDT WED MAY 4 2016

...................................

...THE MUSCLE SHOALS CLIMATE SUMMARY FOR THE MONTH OF APRIL 2016...

CLIMATE NORMAL PERIOD 1981 TO 2010
CLIMATE RECORD PERIOD 1893 TO 2016

WEATHER         OBSERVED          NORMAL  DEPART  LAST YEAR`S
                 VALUE   DATE(S)  VALUE   FROM    VALUE
                                          NORMAL
.............................................................
TEMPERATURE (F)
RECORD
 HIGH              96   04/25/1925
                        04/24/1925
 LOW               24   04/13/1940
                        04/02/1924
                        04/06/1898
HIGHEST            87   04/28        MM      MM       84
LOWEST             40   04/09        MM      MM       37
AVG. MAXIMUM     75.2              73.3     1.9     73.6
AVG. MINIMUM     51.9              49.5     2.4     53.2
MEAN             63.5              61.4     2.1     63.4
DAYS MAX >= 90      0               0.3    -0.3        0
DAYS MAX <= 32      0               0.0     0.0        0
DAYS MIN <= 32      0               0.5    -0.5        0
DAYS MIN <= 0       0               0.0     0.0        0

PRECIPITATION (INCHES)
RECORD
 MAXIMUM        12.81   1983
 MINIMUM         0.36   1986
TOTALS           3.67              4.35   -0.68     5.02
DAILY AVG.       0.12              0.14   -0.02
DAYS >= .01        10               9.5     0.5       16
DAYS >= .10         6               6.8    -0.8       12
DAYS >= .50         3               3.1    -0.1        4
DAYS >= 1.00        1               1.3    -0.3        0
GREATEST
 24 HR. TOTAL    1.85   03/31 TO 04/01              0.89

SNOWFALL (INCHES)
RECORDS
 TOTAL            0.5   1987
 24 HR TOTAL      0.5   04/02/1987 TO 04/02/1987
TOTALS            0.0                 T     0.0      0.0
SINCE 7/1           T               2.2    -2.2      4.2
DAYS >= TRACE       0               0.1    -0.1
DAYS >= 1.0         0               0.0     0.0
GREATEST
 24 HR TOTAL      0.0   04/30 TO 04/30               0.0

DEGREE_DAYS
HEATING TOTAL      97               160     -63       95
 SINCE 7/1       2334              3073    -739     3214
COOLING TOTAL      60                52       8       54
 SINCE 1/1         84                65      19       56

FREEZE DATES
RECORD
 EARLIEST     10/03/1908
 LATEST       04/27/1919
EARLIEST                        11/07
LATEST                          03/28
..............................................................

WIND (MPH)
AVERAGE WIND SPEED              MM
HIGHEST WIND SPEED/DIRECTION    30/290    DATE  04/06
HIGHEST GUST SPEED/DIRECTION    39/280    DATE  04/06

AVERAGE RH (PERCENT)     60


-  INDICATES NEGATIVE NUMBERS.
R  INDICATES RECORD WAS SET OR TIED.
MM INDICATES DATA IS MISSING.
T  INDICATES TRACE AMOUNT.

$$
