381
CXUS55 KMSO 010921
CLMMSO


CLIMATE REPORT
NATIONAL WEATHER SERVICE MISSOULA, MT
221 AM MST THU DEC 1 2016

...................................

...THE MISSOULA MT CLIMATE SUMMARY FOR THE MONTH OF NOVEMBER 2016...

CLIMATE NORMAL PERIOD 1981 TO 2010
CLIMATE RECORD PERIOD 1893 TO 2016

WEATHER         OBSERVED          NORMAL  DEPART  LAST YEAR`S
                 VALUE   DATE(S)  VALUE   FROM    VALUE
                                          NORMAL
.............................................................
TEMPERATURE (F)
RECORD
 HIGH              73   11/12/1999
 LOW              -23   11/16/1955
HIGHEST            59   11/14        MM      MM       58
LOWEST             19   11/27        MM      MM       -5
                        11/18
AVG. MAXIMUM     47.6              41.5     6.1     37.4
AVG. MINIMUM     28.0              24.9     3.1     21.1
MEAN             37.8              33.2     4.6     29.2
DAYS MAX >= 90      0               0.0     0.0        0
DAYS MAX <= 32      1               4.8    -3.8        8
DAYS MIN <= 32     26              24.1     1.9       26
DAYS MIN <= 0       0               0.4    -0.4        5

PRECIPITATION (INCHES)
RECORD
 MAXIMUM         5.48   1927
 MINIMUM            T   1904
TOTALS           0.34              1.01   -0.67     1.13
DAILY AVG.       0.01              0.03   -0.02     0.04
DAYS >= .01         6              11.1    -5.1       10
DAYS >= .10         1               3.1    -2.1        4
DAYS >= .50         0               0.2    -0.2        0
DAYS >= 1.00        0               0.0     0.0        0
GREATEST
 24 HR. TOTAL    0.21   11/14 TO 11/15              0.61

SNOWFALL (INCHES)
TOTALS            1.2               5.4    -4.2      2.8
SINCE 7/1         1.3               6.0    -4.7      2.8
DAYS >= TRACE       6               5.4     0.6       10
DAYS >= 1.0         1               1.9    -0.9        1
GREATEST
 SNOW DEPTH         T   11/28                          2
 24 HR TOTAL      1.0   11/28 TO 11/28               2.2

DEGREE_DAYS
HEATING TOTAL     807               954    -147
 SINCE 7/1       1754              1896    -142
COOLING TOTAL       0                 0       0
 SINCE 1/1        287               332     -45
..............................................................

WIND (MPH)
AVERAGE WIND SPEED              2.6
HIGHEST WIND SPEED/DIRECTION    23/260    DATE  11/14
HIGHEST GUST SPEED/DIRECTION    29/240    DATE  11/14

SKY COVER
POSSIBLE SUNSHINE (PERCENT)   MM
AVERAGE SKY COVER           0.50
NUMBER OF DAYS FAIR           11
NUMBER OF DAYS PC             12
NUMBER OF DAYS CLOUDY          7

AVERAGE RH (PERCENT)     77

WEATHER CONDITIONS. NUMBER OF DAYS WITH
THUNDERSTORM              0     MIXED PRECIP               0
HEAVY RAIN                0     RAIN                       1
LIGHT RAIN                9     FREEZING RAIN              0
LT FREEZING RAIN          0     HAIL                       0
HEAVY SNOW                0     SNOW                       0
LIGHT SNOW                6     SLEET                      0
FOG                      19     FOG W/VIS <= 1/4 MILE      7
HAZE                      0

-  INDICATES NEGATIVE NUMBERS.
R  INDICATES RECORD WAS SET OR TIED.
MM INDICATES DATA IS MISSING.
T  INDICATES TRACE AMOUNT.

$$
