000
CXUS52 KKEY 011837 RRA
CLMMTH

CLIMATE REPORT
NATIONAL WEATHER SERVICE KEY WEST, FL
1152 AM EST THU DEC 1 2016

...................................

...THE MARATHON CLIMATE SUMMARY FOR THE MONTH OF NOVEMBER 2016...

CLIMATE NORMAL PERIOD 1981 TO 2010

WEATHER         OBSERVED          NORMAL  DEPART  LAST YEAR`S
                 VALUE   DATE(S)  VALUE   FROM    VALUE  DATE(S)
                                          NORMAL
................................................................
TEMPERATURE (F)
HIGHEST            87   11/02                         89  11/13
                                                          11/10
                                                          11/09
LOWEST             65   11/21                         69  11/24
                                                          11/23
AVG. MAXIMUM     82.9              80.5     2.4     85.0
AVG. MINIMUM     73.1              71.1     2.0     75.2
MEAN             78.0              75.8     2.2     80.1
DAYS MAX >= 90      0               0.1    -0.1        0
DAYS MAX <= 32      0               0.0     0.0        0
DAYS MIN <= 32      0               0.0     0.0        0
DAYS MIN <= 0       0               0.0     0.0        0

PRECIPITATION (INCHES)
TOTALS           0.59              2.82   -2.23     3.88
DAILY AVG.       0.02              0.09   -0.07     0.13
DAYS >= .01         7                                 11
DAYS >= .10         3                                  5
DAYS >= .50         0                                  2
DAYS >= 1.00        0                                  2

SNOWFALL (INCHES)
TOTALS            0.0                                0.0
SINCE 7/1         0.0                                0.0
SNOWDEPTH AVG.      0                                  0
DAYS >= 1.0         0                                  0
GREATEST
 SNOW DEPTH         0                                  0
 24 HR TOTAL      0.0   11/30 TO 11/30

DEGREE_DAYS
HEATING TOTAL       0                 1      -1        0
 SINCE 7/1          0                 1      -1        0
COOLING TOTAL     394               325      69      464
 SINCE 1/1       4965              4764     201     5426
.................................................................

WIND (MPH)
AVERAGE WIND SPEED              9.5
HIGHEST WIND SPEED/DIRECTION    24/050    DATE  11/06
HIGHEST GUST SPEED/DIRECTION    31/050    DATE  11/06

SKY COVER
POSSIBLE SUNSHINE (PERCENT)   MM
AVERAGE SKY COVER           0.20
NUMBER OF DAYS FAIR           26
NUMBER OF DAYS PC              4
NUMBER OF DAYS CLOUDY          0

AVERAGE RH (PERCENT)     67

WEATHER CONDITIONS. NUMBER OF DAYS WITH
THUNDERSTORM              0     MIXED PRECIP               0
HEAVY RAIN                1     RAIN                       3
LIGHT RAIN               10     FREEZING RAIN              0
LT FREEZING RAIN          0     HAIL                       0
HEAVY SNOW                0     SNOW                       0
LIGHT SNOW                0     SLEET                      0
FOG                       3     FOG W/VIS <= 1/4 MILE      0
HAZE                      2

-  INDICATES NEGATIVE NUMBERS.
R  INDICATES RECORD WAS SET OR TIED.
MM INDICATES DATA IS MISSING.
T  INDICATES TRACE AMOUNT.

$$

FLING
