000
CXUS53 KLIX 011327
CLMNEW


CLIMATE REPORT
NATIONAL WEATHER SERVICE NEW ORLEANS
722 AM CST THU DEC 1 2016

...................................

...THE NEW ORLEANS CLIMATE SUMMARY FOR THE MONTH OF NOVEMBER 2016...

CLIMATE NORMAL PERIOD 1981 TO 2010
CLIMATE RECORD PERIOD 1946 TO 2016

WEATHER         OBSERVED          NORMAL  DEPART  LAST YEAR`S
                 VALUE   DATE(S)  VALUE   FROM    VALUE  DATE(S)
                                          NORMAL
................................................................
TEMPERATURE (F)
RECORD
 HIGH              98   11/09/2010
 LOW               24   11/25/1970
HIGHEST            88   11/04                         86  11/06
                        11/02
LOWEST             38   11/21                         42  11/24
                                                          11/23
AVG. MAXIMUM     75.4              71.8     3.6     74.0
AVG. MINIMUM     57.2              53.5     3.7     60.0
MEAN             66.3              62.7     3.6     67.0
DAYS MAX >= 90      0               0.0     0.0        0
DAYS MAX <= 32      0               0.0     0.0        0
DAYS MIN <= 32      0               0.2    -0.2        0
DAYS MIN <= 0       0               0.0     0.0        0

PRECIPITATION (INCHES)
RECORD
 MAXIMUM
 MINIMUM
TOTALS           2.77              4.49   -1.72     6.25
DAILY AVG.       0.09              0.15   -0.06     0.21
DAYS >= .01         6               7.9    -1.9        8
DAYS >= .10         2               5.1    -3.1        6
DAYS >= .50         2               2.9    -0.9        3
DAYS >= 1.00        1               1.4    -0.4        3
GREATEST
 24 HR. TOTAL    2.04   11/07 TO 11/08

SNOWFALL (INCHES)
RECORDS
 TOTAL
 24 HR TOTAL
 SNOW DEPTH
TOTALS            0.0               0.0     0.0      0.0
SINCE 7/1         0.0               0.0     0.0      0.0
SNOWDEPTH AVG.      0                                  0
DAYS >= TRACE       0               0.0     0.0        0
DAYS >= 1.0         0               0.0     0.0        0
GREATEST
 SNOW DEPTH         0                                  0
 24 HR TOTAL      0.0

DEGREE_DAYS
HEATING TOTAL      71               139     -68       56
 SINCE 7/1         71               164     -93       58
COOLING TOTAL     118                69      49      124
 SINCE 1/1       3835              2978     857     3492
.................................................

WIND (MPH)
AVERAGE WIND SPEED              7.0
HIGHEST WIND SPEED/DIRECTION    30/180    DATE  11/28
HIGHEST GUST SPEED/DIRECTION    42/190    DATE  11/28

SKY COVER
POSSIBLE SUNSHINE (PERCENT)
AVERAGE SKY COVER           0.50
NUMBER OF DAYS FAIR            9
NUMBER OF DAYS PC             16
NUMBER OF DAYS CLOUDY          5

AVERAGE RH (PERCENT)     71

WEATHER CONDITIONS. NUMBER OF DAYS WITH
THUNDERSTORM              0     MIXED PRECIP               0
HEAVY RAIN                2     RAIN                       2
LIGHT RAIN                8     FREEZING RAIN              0
LT FREEZING RAIN          0     HAIL                       0
HEAVY SNOW                0     SNOW                       0
LIGHT SNOW                0     SLEET                      0
FOG                      18     FOG W/VIS <= 1/4 MILE      2
HAZE                      9

-  INDICATES NEGATIVE NUMBERS.
R  INDICATES RECORD WAS SET OR TIED.
MM INDICATES DATA IS MISSING.
T  INDICATES TRACE AMOUNT.

$$
