000
CXUS53 KLIX 050553
CLMNEW

CLIMATE REPORT
NATIONAL WEATHER SERVICE NEW ORLEANS
754 PM CST WED JAN 4 2017

...................................

...THE NEW ORLEANS CLIMATE SUMMARY FOR THE MONTH OF DECEMBER 2016...

CLIMATE NORMAL PERIOD 1981 TO 2010
CLIMATE RECORD PERIOD 1946 TO 2017

WEATHER         OBSERVED          NORMAL  DEPART  LAST YEAR`S
                 VALUE   DATE(S)  VALUE   FROM    VALUE  DATE(S)
                                          NORMAL
................................................................
TEMPERATURE (F)
RECORD
 HIGH              84   12/05/1995
                        12/03/1978
                        12/16/1971
 LOW               11   12/23/1989
HIGHEST            82   12/12                         83  12/26
LOWEST             36   12/19                         41  12/20
AVG. MAXIMUM     67.1              64.4     2.7     72.1
AVG. MINIMUM     51.9              46.9     5.0     57.1
MEAN             59.5              55.6     3.9     64.6
DAYS MAX >= 90      0               0.0     0.0        0
DAYS MAX <= 32      0               0.1    -0.1        0
DAYS MIN <= 32      0               1.7    -1.7        0
DAYS MIN <= 0       0               0.0     0.0        0

PRECIPITATION (INCHES)
RECORD
 MAXIMUM
 MINIMUM
TOTALS           7.86              5.24    2.62     6.46
DAILY AVG.       0.25              0.17    0.08     0.21
DAYS >= .01         9               9.2    -0.2       12
DAYS >= .10         6               6.0     0.0        9
DAYS >= .50         4               3.0     1.0        4
DAYS >= 1.00        3               1.4     1.6        3
GREATEST
 24 HR. TOTAL    2.57   12/31 TO 12/31           12/21 TO 12/22
                                                          12/31 TO 12/31
                                                          12/31 TO 12/31

SNOWFALL (INCHES)
RECORDS
 TOTAL
 24 HR TOTAL
 SNOW DEPTH
TOTALS            0.0                 T     0.0      0.0
SINCE 7/1         0.0                 T     0.0      0.0
SNOWDEPTH AVG.      0                                  0
DAYS >= TRACE       0               0.0     0.0        0
DAYS >= 1.0         0               0.0     0.0        0
GREATEST
 SNOW DEPTH         0                                  0
 24 HR TOTAL      0.0   12/31 TO 12/31           12/31 TO 12/31
                                                          12/31 TO 12/31
                                                          12/31 TO 12/31

DEGREE_DAYS
HEATING TOTAL     219               317     -98      116
 SINCE 7/1        290               481    -191      174
COOLING TOTAL      55                27      28      111
 SINCE 1/1       3890              3005     885     3603
..................................................

WIND (MPH)
AVERAGE WIND SPEED              8.3
HIGHEST WIND SPEED/DIRECTION    28/100    DATE  12/03
HIGHEST GUST SPEED/DIRECTION    38/110    DATE  12/03

SKY COVER
POSSIBLE SUNSHINE (PERCENT)
AVERAGE SKY COVER           0.70
NUMBER OF DAYS FAIR            4
NUMBER OF DAYS PC              9
NUMBER OF DAYS CLOUDY         18

AVERAGE RH (PERCENT)     80

WEATHER CONDITIONS. NUMBER OF DAYS WITH
THUNDERSTORM              0     MIXED PRECIP               0
HEAVY RAIN                5     RAIN                       4
LIGHT RAIN               12     FREEZING RAIN              0
LT FREEZING RAIN          0     HAIL                       0
HEAVY SNOW                0     SNOW                       0
LIGHT SNOW                0     SLEET                      0
FOG                      21     FOG W/VIS <= 1/4 MILE      8
HAZE                      1

-  INDICATES NEGATIVE NUMBERS.
R  INDICATES RECORD WAS SET OR TIED.
MM INDICATES DATA IS MISSING.
T  INDICATES TRACE AMOUNT.

$$
